{"id":28870,"date":"2002-08-07T15:13:46","date_gmt":"2002-08-07T14:13:46","guid":{"rendered":"http:\/\/www.libraria-occitana.org\/all-products\/une-politique-de-la-langue?lang=oc"},"modified":"2026-04-29T10:03:08","modified_gmt":"2026-04-29T08:03:08","slug":"une-politique-de-la-langue","status":"publish","type":"product","link":"https:\/\/www.libraria-occitana.org\/oc\/produch\/une-politique-de-la-langue\/","title":{"rendered":"Une politique de la langue"},"content":{"rendered":"<p>Comment na\u00eet une langue nationale ?<\/p>\n<p>La R\u00e9volution fran\u00e7aise a \u00e9t\u00e9 confront\u00e9e d&#8217;embl\u00e9e au probl\u00e8me linguistique, d\u00e8s lors que, fondant un ordre politique et social neuf, elle entendait rallier \u00e0 son projet des masses patoisantes. Entre les projets f\u00e9d\u00e9ralistes de 1790 et les mesures jacobines de destruction d\u00e9cid\u00e9es en 1793-1794, l&#8217;enqu\u00eate sur les patois de l&#8217;abb\u00e9 Gr\u00e9goire tient une place strat\u00e9gique. Sous les yeux des correspondants de Gr\u00e9goire, pouvoirs, savoirs et croyances bougent ensemble. Dangereux et fascinant, le monde du patois est pour eux le proche mais l&#8217;autre. Dans la g\u00e9ographie des Lumi\u00e8res, un monde impens\u00e9 surgit : la campagne. Qu&#8217;est ce peuple \u00e0 qui la R\u00e9volution assigne d\u00e9sormais la mission de faire l&#8217;histoire ? Cette campagne, \u00e0 la fois jardin des origines et noire r\u00e9serve de l&#8217;animalit\u00e9 ? Comment mobiliser un savoir local au service d&#8217;un dessein politique : le triomphe du fran\u00e7ais, qui doit \u00eatre celui de la Nation et de la Raison ?<\/p>\n<p>Paris dicte le geste qui retranche dans la marginalit\u00e9 et bient\u00f4t le folklore les cultures r\u00e9gionales.<\/p>\n","protected":false},"excerpt":{"rendered":"<p>Comment na\u00eet une langue nationale ? La R\u00e9volution fran\u00e7aise a \u00e9t\u00e9 confront\u00e9e d&#8217;embl\u00e9e au probl\u00e8me linguistique, d\u00e8s lors que, fondant un ordre politique et social neuf, elle entendait rallier \u00e0 son projet des masses patoisantes. Entre les projets f\u00e9d\u00e9ralistes de 1790 et les mesures jacobines de destruction d\u00e9cid\u00e9es en 1793-1794, l&#8217;enqu\u00eate sur les patois de [&hellip;]<\/p>\n","protected":false},"featured_media":28868,"template":"","meta":{"_acf_changed":false,"_genesis_hide_title":false,"_genesis_hide_breadcrumbs":false,"_genesis_hide_singular_image":false,"_genesis_hide_footer_widgets":false,"_genesis_custom_body_class":"","_genesis_custom_post_class":"","_genesis_layout":""},"product_brand":[],"product_cat":[7133,7203],"product_tag":[],"class_list":{"0":"post-28870","1":"product","2":"type-product","3":"status-publish","4":"has-post-thumbnail","6":"product_cat-libres-oc","7":"product_cat-politica-sociologia-actualitat-oc","8":"pa_auteur-certeau-michel-de-oc","9":"pa_auteur-julia-dominique-oc","10":"pa_auteur-revel-jacques-oc","11":"pa_editeur-folio-oc","12":"pa_langue-francais-oc","13":"entry","15":"first","16":"outofstock","17":"shipping-taxable","18":"purchasable","19":"product-type-simple"},"acf":[],"_links":{"self":[{"href":"https:\/\/www.libraria-occitana.org\/oc\/wp-json\/wp\/v2\/product\/28870","targetHints":{"allow":["GET"]}}],"collection":[{"href":"https:\/\/www.libraria-occitana.org\/oc\/wp-json\/wp\/v2\/product"}],"about":[{"href":"https:\/\/www.libraria-occitana.org\/oc\/wp-json\/wp\/v2\/types\/product"}],"wp:featuredmedia":[{"embeddable":true,"href":"https:\/\/www.libraria-occitana.org\/oc\/wp-json\/wp\/v2\/media\/28868"}],"wp:attachment":[{"href":"https:\/\/www.libraria-occitana.org\/oc\/wp-json\/wp\/v2\/media?parent=28870"}],"wp:term":[{"taxonomy":"product_brand","embeddable":true,"href":"https:\/\/www.libraria-occitana.org\/oc\/wp-json\/wp\/v2\/product_brand?post=28870"},{"taxonomy":"product_cat","embeddable":true,"href":"https:\/\/www.libraria-occitana.org\/oc\/wp-json\/wp\/v2\/product_cat?post=28870"},{"taxonomy":"product_tag","embeddable":true,"href":"https:\/\/www.libraria-occitana.org\/oc\/wp-json\/wp\/v2\/product_tag?post=28870"}],"curies":[{"name":"wp","href":"https:\/\/api.w.org\/{rel}","templated":true}]}}

<p>Comment naît une langue nationale ?</p>
<p>La Révolution française a été confrontée d&#8217;emblée au problème linguistique, dès lors que, fondant un ordre politique et social neuf, elle entendait rallier à son projet des masses patoisantes. Entre les projets fédéralistes de 1790 et les mesures jacobines de destruction décidées en 1793-1794, l&#8217;enquête sur les patois de l&#8217;abbé Grégoire tient une place stratégique. Sous les yeux des correspondants de Grégoire, pouvoirs, savoirs et croyances bougent ensemble. Dangereux et fascinant, le monde du patois est pour eux le proche mais l&#8217;autre. Dans la géographie des Lumières, un monde impensé surgit : la campagne. Qu&#8217;est ce peuple à qui la Révolution assigne désormais la mission de faire l&#8217;histoire ? Cette campagne, à la fois jardin des origines et noire réserve de l&#8217;animalité ? Comment mobiliser un savoir local au service d&#8217;un dessein politique : le triomphe du français, qui doit être celui de la Nation et de la Raison ?</p>
<p>Paris dicte le geste qui retranche dans la marginalité et bientôt le folklore les cultures régionales.</p>

<p>Comment naît une langue nationale ? La Révolution française a été confrontée d&#8217;emblée au problème linguistique, dès lors que, fondant un ordre politique et social neuf, elle entendait rallier à son projet des masses patoisantes. Entre les projets fédéralistes de 1790 et les mesures jacobines de destruction décidées en 1793-1794, l&#8217;enquête sur les patois de [&hellip;]</p>
