{"id":29857,"date":"2016-07-24T18:59:15","date_gmt":"2016-07-24T17:59:15","guid":{"rendered":"http:\/\/www.libraria-occitana.org\/all-products\/memorias-e-racontes-mon-espelida?lang=oc"},"modified":"2026-04-27T22:16:27","modified_gmt":"2026-04-27T20:16:27","slug":"memorias-e-racontes-mon-espelida","status":"publish","type":"product","link":"https:\/\/www.libraria-occitana.org\/oc\/produch\/memorias-e-racontes-mon-espelida\/","title":{"rendered":"Mem\u00f2rias e rac\u00f2ntes : Mon espelida"},"content":{"rendered":"<p><strong>[oc]<\/strong><br \/>\nSe coneiss\u00e8m Mistral sustot per son \u00f2bra poetica, son \u00f2bra en pr\u00f2sa es tanben plan digna d&#8217;inter\u00e8s, e mai que mai <em>Mon espelida &#8211; Mem\u00f2rias e Rac\u00f2ntes<\/em>, inter\u00e8s literari e inter\u00e8s &#8220;biografic&#8221;. \u00c7aquel\u00e0, los sovenirs que nos liura, los causigu\u00e8t pas deliberadament mas se daiss\u00e8t guidar, per necessitat interiora, per los que s&#8217;impaus\u00e8ron pr&#8217;amor qu&#8217;avi\u00e1n una significacion dins lo present, valent a dire los que fargu\u00e8ron l&#8217;\u00f2me e lo po\u00e8ta que vengu\u00e8t. L&#8217;autor nos relata d&#8217;eveniments de sa pich\u00f2ta enfan\u00e7a, pu\u00e8i de son mitan familial, sas aspiracions, sos sentiments, lo desvolopament de son engenh poetic, son amor per la terra proven\u00e7ala e sa lenga, la naissen\u00e7a del movement felibrenc e son espandiment, fins a las circonst\u00e0ncias de la creacion de <em>Mir\u00e8lha<\/em> e son succ\u00e8s. Aqu\u00ed, la formacion principala del po\u00e8ta es acabada, lo po\u00e8ta es nascut, ne testim\u00f2nia la causida d&#8217;una partida del t\u00edtol d&#8217;aquel obratge : <em>Mon espelida<\/em>. La valor liter\u00e0ria d&#8217;aquel obratge ten a la granda qualitat de sas evocacions e a lor pot\u00e9ncia emocionala, portadas per un equilibri establit entre una lenga populara e familiara d&#8217;una riquesa espectaclosa e la poesia qu&#8217;emana de l&#8217;estil narratiu de l&#8217;autor qu&#8217;embelina lo legeire. Lo ton poetic del libre fagu\u00e8t dire d&#8217;unes que i&#8217; avi\u00e1 una part d&#8217;afabulacion dins aquelas <em>Mem\u00f2rias<\/em>. Es plus juste de dire coma Albert Thibaudet &#8211; critic literari franc\u00e9s &#8211; \u00ab Les M\u00e9moires et R\u00e9cits sont vrais, mais d&#8217;une v\u00e9rit\u00e9 de po\u00e8te \u00bb.<\/p>\n<p><strong>[fr]<\/strong><br \/>\n\u00ab Cette biographie est un vrai roman et presque un po\u00e8me&#8230; \u00bb (Frederic Mistral)<\/p>\n","protected":false},"excerpt":{"rendered":"<p>[oc] Se coneiss\u00e8m Mistral sustot per son \u00f2bra poetica, son \u00f2bra en pr\u00f2sa es tanben plan digna d&#8217;inter\u00e8s, e mai que mai Mon espelida &#8211; Mem\u00f2rias e Rac\u00f2ntes, inter\u00e8s literari e inter\u00e8s &#8220;biografic&#8221;. \u00c7aquel\u00e0, los sovenirs que nos liura, los causigu\u00e8t pas deliberadament mas se daiss\u00e8t guidar, per necessitat interiora, per los que s&#8217;impaus\u00e8ron pr&#8217;amor [&hellip;]<\/p>\n","protected":false},"featured_media":29792,"template":"","meta":{"_acf_changed":false,"_genesis_hide_title":false,"_genesis_hide_breadcrumbs":false,"_genesis_hide_singular_image":false,"_genesis_hide_footer_widgets":false,"_genesis_custom_body_class":"","_genesis_custom_post_class":"","_genesis_layout":""},"product_brand":[],"product_cat":[7133,7175,7187],"product_tag":[],"class_list":{"0":"post-29857","1":"product","2":"type-product","3":"status-publish","4":"has-post-thumbnail","6":"product_cat-libres-oc","7":"product_cat-literatura-oc","8":"product_cat-temonhatges-memoris-oc","9":"pa_auteur-mistral-frederic-oc","10":"pa_editeur-editions-des-regionalismes-oc","11":"pa_langue-occitan-oc","12":"pa_langue-occitan-provencau-oc","13":"entry","15":"first","16":"instock","17":"shipping-taxable","18":"purchasable","19":"product-type-simple"},"acf":[],"_links":{"self":[{"href":"https:\/\/www.libraria-occitana.org\/oc\/wp-json\/wp\/v2\/product\/29857","targetHints":{"allow":["GET"]}}],"collection":[{"href":"https:\/\/www.libraria-occitana.org\/oc\/wp-json\/wp\/v2\/product"}],"about":[{"href":"https:\/\/www.libraria-occitana.org\/oc\/wp-json\/wp\/v2\/types\/product"}],"wp:featuredmedia":[{"embeddable":true,"href":"https:\/\/www.libraria-occitana.org\/oc\/wp-json\/wp\/v2\/media\/29792"}],"wp:attachment":[{"href":"https:\/\/www.libraria-occitana.org\/oc\/wp-json\/wp\/v2\/media?parent=29857"}],"wp:term":[{"taxonomy":"product_brand","embeddable":true,"href":"https:\/\/www.libraria-occitana.org\/oc\/wp-json\/wp\/v2\/product_brand?post=29857"},{"taxonomy":"product_cat","embeddable":true,"href":"https:\/\/www.libraria-occitana.org\/oc\/wp-json\/wp\/v2\/product_cat?post=29857"},{"taxonomy":"product_tag","embeddable":true,"href":"https:\/\/www.libraria-occitana.org\/oc\/wp-json\/wp\/v2\/product_tag?post=29857"}],"curies":[{"name":"wp","href":"https:\/\/api.w.org\/{rel}","templated":true}]}}

Memòrias e racòntes : Mon espelida

<p><strong>[oc]</strong><br />
Se coneissèm Mistral sustot per son òbra poetica, son òbra en pròsa es tanben plan digna d&#8217;interès, e mai que mai <em>Mon espelida &#8211; Memòrias e Racòntes</em>, interès literari e interès &#8220;biografic&#8221;. Çaquelà, los sovenirs que nos liura, los causiguèt pas deliberadament mas se daissèt guidar, per necessitat interiora, per los que s&#8217;impausèron pr&#8217;amor qu&#8217;avián una significacion dins lo present, valent a dire los que farguèron l&#8217;òme e lo poèta que venguèt. L&#8217;autor nos relata d&#8217;eveniments de sa pichòta enfança, puèi de son mitan familial, sas aspiracions, sos sentiments, lo desvolopament de son engenh poetic, son amor per la terra provençala e sa lenga, la naissença del movement felibrenc e son espandiment, fins a las circonstàncias de la creacion de <em>Mirèlha</em> e son succès. Aquí, la formacion principala del poèta es acabada, lo poèta es nascut, ne testimònia la causida d&#8217;una partida del títol d&#8217;aquel obratge : <em>Mon espelida</em>. La valor literària d&#8217;aquel obratge ten a la granda qualitat de sas evocacions e a lor poténcia emocionala, portadas per un equilibri establit entre una lenga populara e familiara d&#8217;una riquesa espectaclosa e la poesia qu&#8217;emana de l&#8217;estil narratiu de l&#8217;autor qu&#8217;embelina lo legeire. Lo ton poetic del libre faguèt dire d&#8217;unes que i&#8217; aviá una part d&#8217;afabulacion dins aquelas <em>Memòrias</em>. Es plus juste de dire coma Albert Thibaudet &#8211; critic literari francés &#8211; « Les Mémoires et Récits sont vrais, mais d&#8217;une vérité de poète ».</p>
<p><strong>[fr]</strong><br />
« Cette biographie est un vrai roman et presque un poème&#8230; » (Frederic Mistral)</p>

<p>[oc] Se coneissèm Mistral sustot per son òbra poetica, son òbra en pròsa es tanben plan digna d&#8217;interès, e mai que mai Mon espelida &#8211; Memòrias e Racòntes, interès literari e interès &#8220;biografic&#8221;. Çaquelà, los sovenirs que nos liura, los causiguèt pas deliberadament mas se daissèt guidar, per necessitat interiora, per los que s&#8217;impausèron pr&#8217;amor [&hellip;]</p>
