{"id":30070,"date":"2026-08-31T17:40:22","date_gmt":"2026-08-31T15:40:22","guid":{"rendered":"http:\/\/www.libraria-occitana.org\/all-products\/les-noms-de-lieux-du-pays-de-juillac-correze?lang=oc"},"modified":"2026-08-31T17:40:38","modified_gmt":"2026-08-31T15:40:38","slug":"les-noms-de-lieux-du-pays-de-juillac-correze","status":"publish","type":"product","link":"https:\/\/www.libraria-occitana.org\/oc\/produch\/les-noms-de-lieux-du-pays-de-juillac-correze\/","title":{"rendered":"LES NOMS DE LIEUX DU PAYS DE JUILLAC (CORREZE)"},"content":{"rendered":"<p style=\"margin:0;\"><span style=\"font-family:'Times New Roman';font-size:12pt;\">Dans le Pays de Juillac, il est des noms de lieux dont on n&#8217;a gu\u00e8re besoin de faire la publicit\u00e9. Le Saillant et Vertougit ont d\u00e9j\u00e0 une solide r\u00e9putation ; un site et une tradition viticole. On y trouve aussi les classiques contingents venus de l&#8217;\u00e9poque gallo-romaine avec les Voutezac, Chabrignac, Dignac, Chignac, Ceyrat, Bourzat ou Tessenac. Mais qui supposerait que Le Mazageix en est un petit drageon ? Et la litanie aux forts accents occitans que sont Las Cledas, Le Viradis, Lescure, Roumagieras, La Rebeyrotte, Le Bournarel, Artigeas, Les Queirouilles, Les Veyssi\u00e8res&#8230; qui ont presque lev\u00e9 leur voile. L&#8217;anciennet\u00e9 v\u00e9n\u00e9rable tintera aux oreilles dans Chambon, La Serre, Lachamp ou Lascaux. Les Mongies, Lajugie, Leynardie, La Perp\u00e9die r\u00e9v\u00e9leront quelques points communs ; d&#8217;abord par le sens de leur suffixe. Et d&#8217;autres, Conc\u00e8ze, Loms, Mendigour tenteront de se d\u00e9rober un instant en une originalit\u00e9 plus personnelle. Tous, en d\u00e9finitive, ont quelque chose \u00e0 nous confier : une histoire enracin\u00e9e, la n\u00f4tre.<\/p>\n<p>Complement de titre : Chabrignac, Conc\u00e8ze, Juillac, Lascaux, Rosiers-de-Juillac, Saint-Bonnet-la-Rivi\u00e8re, Saint-Cyr-la-Roche, Saint-Solve, Vignols, Voutezac<br \/>Autor : Lavalade, Yves<br \/>Linga : Franc\u00e9s<br \/>Parucion : 04\/2017<br \/>Editor : L&#8217;Esperluette<br \/>Nb de pajas : 142<br \/>Format : 15 x 21 cm<br \/>P\u00e9s : 204 g<br \/>EAN 13 : 9791090784635<\/span><\/p>\n","protected":false},"excerpt":{"rendered":"<p>Dans le Pays de Juillac, il est des noms de lieux dont on n&#8217;a gu\u00e8re besoin de faire la publicit\u00e9. Le Saillant et Vertougit ont d\u00e9j\u00e0 une solide r\u00e9putation ; un site et une tradition viticole. On y trouve aussi les classiques contingents venus de l&#8217;\u00e9poque gallo-romaine avec les Voutezac, Chabrignac, Dignac, Chignac, Ceyrat, Bourzat [&hellip;]<\/p>\n","protected":false},"featured_media":0,"template":"","meta":{"_acf_changed":false,"_genesis_hide_title":false,"_genesis_hide_breadcrumbs":false,"_genesis_hide_singular_image":false,"_genesis_hide_footer_widgets":false,"_genesis_custom_body_class":"","_genesis_custom_post_class":"","_genesis_layout":""},"product_brand":[],"product_cat":[7149,7133,7163,16136],"product_tag":[],"class_list":["post-30070","product","type-product","status-publish","product_cat-istoria-geografia-oc","product_cat-libres-oc","product_cat-noms-de-luocs-noms-de-personas-oc","product_cat-non-classe-oc","pa_auteur-lavalada-ives-oc","pa_auteurs-lavalade-yves","pa_editeur-lesperluette-oc","pa_langue-francais-oc","entry","has-post-thumbnail","first","outofstock","purchasable","product-type-simple"],"acf":[],"_links":{"self":[{"href":"https:\/\/www.libraria-occitana.org\/oc\/wp-json\/wp\/v2\/product\/30070","targetHints":{"allow":["GET"]}}],"collection":[{"href":"https:\/\/www.libraria-occitana.org\/oc\/wp-json\/wp\/v2\/product"}],"about":[{"href":"https:\/\/www.libraria-occitana.org\/oc\/wp-json\/wp\/v2\/types\/product"}],"wp:attachment":[{"href":"https:\/\/www.libraria-occitana.org\/oc\/wp-json\/wp\/v2\/media?parent=30070"}],"wp:term":[{"taxonomy":"product_brand","embeddable":true,"href":"https:\/\/www.libraria-occitana.org\/oc\/wp-json\/wp\/v2\/product_brand?post=30070"},{"taxonomy":"product_cat","embeddable":true,"href":"https:\/\/www.libraria-occitana.org\/oc\/wp-json\/wp\/v2\/product_cat?post=30070"},{"taxonomy":"product_tag","embeddable":true,"href":"https:\/\/www.libraria-occitana.org\/oc\/wp-json\/wp\/v2\/product_tag?post=30070"}],"curies":[{"name":"wp","href":"https:\/\/api.w.org\/{rel}","templated":true}]}}

<p style="margin:0;"><span style="font-family:'Times New Roman';font-size:12pt;">Dans le Pays de Juillac, il est des noms de lieux dont on n&#8217;a guère besoin de faire la publicité. Le Saillant et Vertougit ont déjà une solide réputation ; un site et une tradition viticole. On y trouve aussi les classiques contingents venus de l&#8217;époque gallo-romaine avec les Voutezac, Chabrignac, Dignac, Chignac, Ceyrat, Bourzat ou Tessenac. Mais qui supposerait que Le Mazageix en est un petit drageon ? Et la litanie aux forts accents occitans que sont Las Cledas, Le Viradis, Lescure, Roumagieras, La Rebeyrotte, Le Bournarel, Artigeas, Les Queirouilles, Les Veyssières&#8230; qui ont presque levé leur voile. L&#8217;ancienneté vénérable tintera aux oreilles dans Chambon, La Serre, Lachamp ou Lascaux. Les Mongies, Lajugie, Leynardie, La Perpédie révéleront quelques points communs ; d&#8217;abord par le sens de leur suffixe. Et d&#8217;autres, Concèze, Loms, Mendigour tenteront de se dérober un instant en une originalité plus personnelle. Tous, en définitive, ont quelque chose à nous confier : une histoire enracinée, la nôtre.</p>
<p>Complement de titre : Chabrignac, Concèze, Juillac, Lascaux, Rosiers-de-Juillac, Saint-Bonnet-la-Rivière, Saint-Cyr-la-Roche, Saint-Solve, Vignols, Voutezac<br />Autor : Lavalade, Yves<br />Linga : Francés<br />Parucion : 04/2017<br />Editor : L&#8217;Esperluette<br />Nb de pajas : 142<br />Format : 15 x 21 cm<br />Pés : 204 g<br />EAN 13 : 9791090784635</span></p>

<p>Dans le Pays de Juillac, il est des noms de lieux dont on n&#8217;a guère besoin de faire la publicité. Le Saillant et Vertougit ont déjà une solide réputation ; un site et une tradition viticole. On y trouve aussi les classiques contingents venus de l&#8217;époque gallo-romaine avec les Voutezac, Chabrignac, Dignac, Chignac, Ceyrat, Bourzat [&hellip;]</p>
