{"id":30099,"date":"2017-05-02T17:02:04","date_gmt":"2017-05-02T15:02:04","guid":{"rendered":"http:\/\/www.libraria-occitana.org\/all-products\/jojo-petit-lemosin?lang=oc"},"modified":"2026-04-29T11:02:14","modified_gmt":"2026-04-29T09:02:14","slug":"jojo-petit-lemosin","status":"publish","type":"product","link":"https:\/\/www.libraria-occitana.org\/oc\/produch\/jojo-petit-lemosin\/","title":{"rendered":"J\u00f2j\u00f2, petit Lemosin"},"content":{"rendered":"<p>\u00ab En ao\u00fbt 2016 un nouveau travail s&#8217;impose, comme une urgence : graver les souvenirs de Georges \u2013 Jojo \u2013 et les offrir \u00e0 nos enfants pour qu&#8217;ils gardent toujours en m\u00e9moire ces petites histoires de leur p\u00e8re.<br \/>\nSept mois plus tard, vingt-deux plaques de linol\u00e9um sont grav\u00e9es \u2013 il aurait pu y en avoir plus ! \u2013 t\u00e9moignages de la vie ordinaire d&#8217;un enfant des ann\u00e9es cinquante mais aussi de ce temps transitoire, basculement entre l&#8217;osier et le plastique, la main et la machine, l&#8217;occitan et le fran\u00e7ais&#8230; [&#8230;] \u00bb<\/p>\n<p style=\"text-align: right\">Marianne Tixeuil<\/p>\n","protected":false},"excerpt":{"rendered":"<p>\u00ab En ao\u00fbt 2016 un nouveau travail s&#8217;impose, comme une urgence : graver les souvenirs de Georges \u2013 Jojo \u2013 et les offrir \u00e0 nos enfants pour qu&#8217;ils gardent toujours en m\u00e9moire ces petites histoires de leur p\u00e8re. Sept mois plus tard, vingt-deux plaques de linol\u00e9um sont grav\u00e9es \u2013 il aurait pu y en avoir [&hellip;]<\/p>\n","protected":false},"featured_media":30094,"template":"","meta":{"_acf_changed":false,"_genesis_hide_title":false,"_genesis_hide_breadcrumbs":false,"_genesis_hide_singular_image":false,"_genesis_hide_footer_widgets":false,"_genesis_custom_body_class":"","_genesis_custom_post_class":"","_genesis_layout":""},"product_brand":[],"product_cat":[7133,7175,7187],"product_tag":[],"class_list":{"0":"post-30099","1":"product","2":"type-product","3":"status-publish","4":"has-post-thumbnail","6":"product_cat-libres-oc","7":"product_cat-literatura-oc","8":"product_cat-temonhatges-memoris-oc","9":"pa_auteur-tixeuil-marianne-en-oc","10":"pa_editeur-lo-chamin-de-sent-jaume-oc","11":"pa_illustrateur-melhau-jan-dau-oc","12":"pa_langue-occitan-lemosin-oc","13":"pa_langue-occitan-francais-oc","14":"entry","16":"first","17":"outofstock","18":"shipping-taxable","19":"purchasable","20":"product-type-simple"},"acf":[],"_links":{"self":[{"href":"https:\/\/www.libraria-occitana.org\/oc\/wp-json\/wp\/v2\/product\/30099","targetHints":{"allow":["GET"]}}],"collection":[{"href":"https:\/\/www.libraria-occitana.org\/oc\/wp-json\/wp\/v2\/product"}],"about":[{"href":"https:\/\/www.libraria-occitana.org\/oc\/wp-json\/wp\/v2\/types\/product"}],"wp:featuredmedia":[{"embeddable":true,"href":"https:\/\/www.libraria-occitana.org\/oc\/wp-json\/wp\/v2\/media\/30094"}],"wp:attachment":[{"href":"https:\/\/www.libraria-occitana.org\/oc\/wp-json\/wp\/v2\/media?parent=30099"}],"wp:term":[{"taxonomy":"product_brand","embeddable":true,"href":"https:\/\/www.libraria-occitana.org\/oc\/wp-json\/wp\/v2\/product_brand?post=30099"},{"taxonomy":"product_cat","embeddable":true,"href":"https:\/\/www.libraria-occitana.org\/oc\/wp-json\/wp\/v2\/product_cat?post=30099"},{"taxonomy":"product_tag","embeddable":true,"href":"https:\/\/www.libraria-occitana.org\/oc\/wp-json\/wp\/v2\/product_tag?post=30099"}],"curies":[{"name":"wp","href":"https:\/\/api.w.org\/{rel}","templated":true}]}}

Jòjò, petit Lemosin

<p>« En août 2016 un nouveau travail s&#8217;impose, comme une urgence : graver les souvenirs de Georges – Jojo – et les offrir à nos enfants pour qu&#8217;ils gardent toujours en mémoire ces petites histoires de leur père.<br />
Sept mois plus tard, vingt-deux plaques de linoléum sont gravées – il aurait pu y en avoir plus ! – témoignages de la vie ordinaire d&#8217;un enfant des années cinquante mais aussi de ce temps transitoire, basculement entre l&#8217;osier et le plastique, la main et la machine, l&#8217;occitan et le français&#8230; [&#8230;] »</p>
<p style="text-align: right">Marianne Tixeuil</p>

<p>« En août 2016 un nouveau travail s&#8217;impose, comme une urgence : graver les souvenirs de Georges – Jojo – et les offrir à nos enfants pour qu&#8217;ils gardent toujours en mémoire ces petites histoires de leur père. Sept mois plus tard, vingt-deux plaques de linoléum sont gravées – il aurait pu y en avoir [&hellip;]</p>
