{"id":30185,"date":"2017-01-18T11:04:01","date_gmt":"2017-01-18T10:04:01","guid":{"rendered":"http:\/\/www.libraria-occitana.org\/all-products\/parlar-plan?lang=oc"},"modified":"2026-04-26T23:26:36","modified_gmt":"2026-04-26T21:26:36","slug":"parlar-plan","status":"publish","type":"product","link":"https:\/\/www.libraria-occitana.org\/oc\/produch\/parlar-plan\/","title":{"rendered":"Parlar plan"},"content":{"rendered":"<p>Au comen\u00e7ar que i av\u00f3 las questions de\u2019us qui vol\u00e8van apr\u00e9ner a parlar plan. Merc\u00e9s aus nombr\u00f3s obratges existents e a\u2019us qui est\u00f3n editats arron, las responsas qu\u2019est\u00f3n de bon trobar.<br \/>\nE atau que s\u2019establ\u00ed la cadea ligant los autors de gramaticas, diccionaris e met\u00f2des t\u00e0 apr\u00e9ner lo gascon, e ensenhants e aprenents.<br \/>\nUn vintenat d\u2019obratges au mensh, deus m\u00e0gers la m\u00e0ger part, sonque en Gasconha. Qu\u2019avem putzat tanben, t\u00e0 resp\u00f3ner a las questions e dar a las responsas mei d\u2019endom, hens las \u00f2bras de tot l\u2019espaci occitano-catalan.<br \/>\nQuestions que n\u2019i arriba tostemps, la cronica \u00ab parlar plan \u00bb que continua sus <em>Pa\u00eds Gascons<\/em> mentre que auts ut\u00eds h\u00f2rt mei importants e s\u2019apr\u00e8stan.<br \/>\nAqueste libe qu\u2019ei sonque un estapa, un malhon de la cadea qui har\u00e0 en along\u00e0\u2019s e en cr\u00e9isher dinc \u00e0gim tot \u00e7\u00f2 qui h\u00e8 hr\u00e8ita a ua lenga t\u00e0 v\u00edver e p\u00e8hremar, dinc abasti la lenga gascona a un estament segur on posqui har ramp\u00e8u, a p\u00e0rias dab las autas grans lengas europ\u00e8as.<\/p>\n","protected":false},"excerpt":{"rendered":"<p>Au comen\u00e7ar que i av\u00f3 las questions de\u2019us qui vol\u00e8van apr\u00e9ner a parlar plan. Merc\u00e9s aus nombr\u00f3s obratges existents e a\u2019us qui est\u00f3n editats arron, las responsas qu\u2019est\u00f3n de bon trobar. E atau que s\u2019establ\u00ed la cadea ligant los autors de gramaticas, diccionaris e met\u00f2des t\u00e0 apr\u00e9ner lo gascon, e ensenhants e aprenents. Un vintenat [&hellip;]<\/p>\n","protected":false},"featured_media":30183,"template":"","meta":{"_acf_changed":false,"_genesis_hide_title":false,"_genesis_hide_breadcrumbs":false,"_genesis_hide_singular_image":false,"_genesis_hide_footer_widgets":false,"_genesis_custom_body_class":"","_genesis_custom_post_class":"","_genesis_layout":""},"product_brand":[],"product_cat":[7137,7133,7147],"product_tag":[],"class_list":{"0":"post-30185","1":"product","2":"type-product","3":"status-publish","4":"has-post-thumbnail","6":"product_cat-diccionaris-lenga-escolar-oc","7":"product_cat-libres-oc","8":"product_cat-vocabulari-biais-de-dire-oc","9":"pa_auteur-narioo-gilabert-oc","10":"pa_editeur-per-noste-oc","11":"pa_langue-occitan-oc","12":"pa_langue-occitan-gascon-oc","13":"entry","15":"first","16":"instock","17":"shipping-taxable","18":"purchasable","19":"product-type-simple"},"acf":[],"_links":{"self":[{"href":"https:\/\/www.libraria-occitana.org\/oc\/wp-json\/wp\/v2\/product\/30185","targetHints":{"allow":["GET"]}}],"collection":[{"href":"https:\/\/www.libraria-occitana.org\/oc\/wp-json\/wp\/v2\/product"}],"about":[{"href":"https:\/\/www.libraria-occitana.org\/oc\/wp-json\/wp\/v2\/types\/product"}],"wp:featuredmedia":[{"embeddable":true,"href":"https:\/\/www.libraria-occitana.org\/oc\/wp-json\/wp\/v2\/media\/30183"}],"wp:attachment":[{"href":"https:\/\/www.libraria-occitana.org\/oc\/wp-json\/wp\/v2\/media?parent=30185"}],"wp:term":[{"taxonomy":"product_brand","embeddable":true,"href":"https:\/\/www.libraria-occitana.org\/oc\/wp-json\/wp\/v2\/product_brand?post=30185"},{"taxonomy":"product_cat","embeddable":true,"href":"https:\/\/www.libraria-occitana.org\/oc\/wp-json\/wp\/v2\/product_cat?post=30185"},{"taxonomy":"product_tag","embeddable":true,"href":"https:\/\/www.libraria-occitana.org\/oc\/wp-json\/wp\/v2\/product_tag?post=30185"}],"curies":[{"name":"wp","href":"https:\/\/api.w.org\/{rel}","templated":true}]}}

<p>Au començar que i avó las questions de’us qui volèvan apréner a parlar plan. Mercés aus nombrós obratges existents e a’us qui estón editats arron, las responsas qu’estón de bon trobar.<br />
E atau que s’establí la cadea ligant los autors de gramaticas, diccionaris e metòdes tà apréner lo gascon, e ensenhants e aprenents.<br />
Un vintenat d’obratges au mensh, deus màgers la màger part, sonque en Gasconha. Qu’avem putzat tanben, tà respóner a las questions e dar a las responsas mei d’endom, hens las òbras de tot l’espaci occitano-catalan.<br />
Questions que n’i arriba tostemps, la cronica « parlar plan » que continua sus <em>País Gascons</em> mentre que auts utís hòrt mei importants e s’aprèstan.<br />
Aqueste libe qu’ei sonque un estapa, un malhon de la cadea qui harà en alongà’s e en créisher dinc àgim tot çò qui hè hrèita a ua lenga tà víver e pèhremar, dinc abasti la lenga gascona a un estament segur on posqui har rampèu, a pàrias dab las autas grans lengas europèas.</p>

<p>Au començar que i avó las questions de’us qui volèvan apréner a parlar plan. Mercés aus nombrós obratges existents e a’us qui estón editats arron, las responsas qu’estón de bon trobar. E atau que s’establí la cadea ligant los autors de gramaticas, diccionaris e metòdes tà apréner lo gascon, e ensenhants e aprenents. Un vintenat [&hellip;]</p>
