{"id":30219,"date":"2016-12-15T16:59:42","date_gmt":"2016-12-15T15:59:42","guid":{"rendered":"http:\/\/www.libraria-occitana.org\/all-products\/bigorra-canta?lang=oc"},"modified":"2026-04-29T02:51:08","modified_gmt":"2026-04-29T00:51:08","slug":"bigorra-canta","status":"publish","type":"product","link":"https:\/\/www.libraria-occitana.org\/oc\/produch\/bigorra-canta\/","title":{"rendered":"Big\u00f2rra canta"},"content":{"rendered":"<p>Ce disque est le fruit d&#8217;une amiti\u00e9 entre deux ensembles embl\u00e9matiques de Tarbes, deux groupes de premier plan dans le domaine du chant pyr\u00e9n\u00e9en : les Chanteurs Pyr\u00e9n\u00e9ens de Tarbes, orph\u00e9on vocal parmi les plus dynamiques et prolifiques, porteur de la tradition des ch\u0153urs d&#8217;hommes tels qu&#8217;ils existent depuis 1832 dans le d\u00e9partement des Hautes-Pyr\u00e9n\u00e9es, et Vox Bigerri qui s&#8217;enracine dans le son et le r\u00e9pertoire de chant de table spontan\u00e9 de Bigorre et des Quatre Vall\u00e9es, et d&#8217;autres aires pyr\u00e9n\u00e9ennes.<\/p>\n<p>Ce disque fait entendre des chants connus ou moins connus, mais toujours repr\u00e9sentatifs des Pyr\u00e9n\u00e9es, de la Bigorre en particulier. Pr\u00e9sents dans les repas de famille, les concerts, les <em>cant\u00e8ras<\/em>, les apr\u00e8s-matchs et les ap\u00e9ros, ils sont familiers \u00e0 un tr\u00e8s grand nombre d&#8217;habitants des Hautes-Pyr\u00e9n\u00e9es, de la plaine \u00e0 la montagne, des coteaux aux vall\u00e9es profondes.\u00a0De la tradition anonyme \u00e0 des cr\u00e9ations r\u00e9centes, cette soif inextinguible de chant en Bigorre est la marque d&#8217;une profonde culture ancr\u00e9e, comme le dit l&#8217;un de ses grands porteurs, de ceux qui sont \u00ab de la race des chansons \u00bb.<\/p>\n<p>Enregistr\u00e9 lors de la soir\u00e9e inaugurale de l&#8217;\u00e9dition 2016 de Tarba en Canta, ce disque est simplement la trace de l&#8217;un de ces moments de chant qui se vivent tout au long de l&#8217;ann\u00e9e \u00e0 Tarbes et dans ses environs proches.<\/p>\n<p style=\"text-align: right\">Pascal Caumont<br \/>\nDirecteur Vox Bigerri<br \/>\nProfesseur de chant au Conservatoire Henri Duparc de l&#8217;\u00c9cole Nationale de Musique de Tarbes).<\/p>\n<p><strong>Titres :<\/strong><br \/>\n1. Amor D&#8217;Assau (Marcel Abbadie \/ Bernard Bou\u00e9) 3&#8217;36&#8221;<br \/>\n2. Big\u00f2rra (Pascal Abadie \/ Pascal Abadie) 2&#8217;16&#8221;<br \/>\n3. Sortitz los Ahumats (Anonyme \/ Tradition orale) 1&#8217;44&#8221;<br \/>\n4. La Canta d&#8217;Avitenh (Anonyme \/ Tradition orale) 3&#8217;31&#8221;<br \/>\n5. Simon (Michel Maffrand \/Michel Maffrand) 4&#8217;18&#8221;<br \/>\n6. L&#8217;Amour du Berger (Danny Boy \/ Bernadette Gachassin) 3&#8217;01&#8221;<br \/>\n7. Nosta Dama deu Cap deu Pont (Anonyme \/ Pascal Caumont) 2&#8217;32&#8221;<br \/>\n8. Kyrie (Anonyme \/ Tradition orale) 3&#8217;33&#8221;<br \/>\n9. Kitolis (Luis de Aramburu \/ Pedro de Anitua) 4&#8217;28&#8221;<br \/>\n10. Montagnes Pyr\u00e9n\u00e9es (Alfred Roland \/ Alfred Roland) 2&#8217;46&#8221;<br \/>\n11. M&#8217;a pres per Fantesia (Anonyme \/ Tradition orale) 3&#8217;25&#8221;<br \/>\n12. Sous les Roses (Anonyme \/ Tradition orale) 4&#8217;50&#8221;<br \/>\n13. Chant Montagnard (Jean-Marie Cadiran \/ Paul Barrau) 5&#8217;44&#8221;<br \/>\n14. Aquesta n\u00e8it n&#8217;\u00e8i h\u00e8it un R\u00e8ve (Anonyme \/ Tradition orale) 3&#8217;36&#8221;<br \/>\n15. Halte l\u00e0 (Alfred Roland \/ Alfred Roland) 3&#8217;23&#8221;<br \/>\n16. Aqueras Montanhas &#8211; Se Canti (Anonyme \/ Tradition orale) 3&#8217;54&#8221;<\/p>\n","protected":false},"excerpt":{"rendered":"<p>Ce disque est le fruit d&#8217;une amiti\u00e9 entre deux ensembles embl\u00e9matiques de Tarbes, deux groupes de premier plan dans le domaine du chant pyr\u00e9n\u00e9en : les Chanteurs Pyr\u00e9n\u00e9ens de Tarbes, orph\u00e9on vocal parmi les plus dynamiques et prolifiques, porteur de la tradition des ch\u0153urs d&#8217;hommes tels qu&#8217;ils existent depuis 1832 dans le d\u00e9partement des Hautes-Pyr\u00e9n\u00e9es, [&hellip;]<\/p>\n","protected":false},"featured_media":30217,"template":"","meta":{"_acf_changed":false,"_genesis_hide_title":false,"_genesis_hide_breadcrumbs":false,"_genesis_hide_singular_image":false,"_genesis_hide_footer_widgets":false,"_genesis_custom_body_class":"","_genesis_custom_post_class":"","_genesis_layout":""},"product_brand":[],"product_cat":[16683,7231],"product_tag":[],"class_list":{"0":"post-30219","1":"product","2":"type-product","3":"status-publish","4":"has-post-thumbnail","6":"product_cat-musica-oc","7":"product_cat-polifonias-oc","8":"pa_auteur-les-chanteurs-pyreneens-de-tarbes-oc","9":"pa_auteur-vox-bigerri-oc","10":"pa_editeur-pirena-immateria-oc","11":"pa_langue-occitan-gascon-oc","12":"pa_langue-occitan-francais-oc","13":"entry","15":"first","16":"outofstock","17":"shipping-taxable","18":"purchasable","19":"product-type-simple"},"acf":[],"_links":{"self":[{"href":"https:\/\/www.libraria-occitana.org\/oc\/wp-json\/wp\/v2\/product\/30219","targetHints":{"allow":["GET"]}}],"collection":[{"href":"https:\/\/www.libraria-occitana.org\/oc\/wp-json\/wp\/v2\/product"}],"about":[{"href":"https:\/\/www.libraria-occitana.org\/oc\/wp-json\/wp\/v2\/types\/product"}],"wp:featuredmedia":[{"embeddable":true,"href":"https:\/\/www.libraria-occitana.org\/oc\/wp-json\/wp\/v2\/media\/30217"}],"wp:attachment":[{"href":"https:\/\/www.libraria-occitana.org\/oc\/wp-json\/wp\/v2\/media?parent=30219"}],"wp:term":[{"taxonomy":"product_brand","embeddable":true,"href":"https:\/\/www.libraria-occitana.org\/oc\/wp-json\/wp\/v2\/product_brand?post=30219"},{"taxonomy":"product_cat","embeddable":true,"href":"https:\/\/www.libraria-occitana.org\/oc\/wp-json\/wp\/v2\/product_cat?post=30219"},{"taxonomy":"product_tag","embeddable":true,"href":"https:\/\/www.libraria-occitana.org\/oc\/wp-json\/wp\/v2\/product_tag?post=30219"}],"curies":[{"name":"wp","href":"https:\/\/api.w.org\/{rel}","templated":true}]}}

Bigòrra canta

<p>Ce disque est le fruit d&#8217;une amitié entre deux ensembles emblématiques de Tarbes, deux groupes de premier plan dans le domaine du chant pyrénéen : les Chanteurs Pyrénéens de Tarbes, orphéon vocal parmi les plus dynamiques et prolifiques, porteur de la tradition des chœurs d&#8217;hommes tels qu&#8217;ils existent depuis 1832 dans le département des Hautes-Pyrénées, et Vox Bigerri qui s&#8217;enracine dans le son et le répertoire de chant de table spontané de Bigorre et des Quatre Vallées, et d&#8217;autres aires pyrénéennes.</p>
<p>Ce disque fait entendre des chants connus ou moins connus, mais toujours représentatifs des Pyrénées, de la Bigorre en particulier. Présents dans les repas de famille, les concerts, les <em>cantèras</em>, les après-matchs et les apéros, ils sont familiers à un très grand nombre d&#8217;habitants des Hautes-Pyrénées, de la plaine à la montagne, des coteaux aux vallées profondes. De la tradition anonyme à des créations récentes, cette soif inextinguible de chant en Bigorre est la marque d&#8217;une profonde culture ancrée, comme le dit l&#8217;un de ses grands porteurs, de ceux qui sont « de la race des chansons ».</p>
<p>Enregistré lors de la soirée inaugurale de l&#8217;édition 2016 de Tarba en Canta, ce disque est simplement la trace de l&#8217;un de ces moments de chant qui se vivent tout au long de l&#8217;année à Tarbes et dans ses environs proches.</p>
<p style="text-align: right">Pascal Caumont<br />
Directeur Vox Bigerri<br />
Professeur de chant au Conservatoire Henri Duparc de l&#8217;École Nationale de Musique de Tarbes).</p>
<p><strong>Titres :</strong><br />
1. Amor D&#8217;Assau (Marcel Abbadie / Bernard Boué) 3&#8217;36&#8221;<br />
2. Bigòrra (Pascal Abadie / Pascal Abadie) 2&#8217;16&#8221;<br />
3. Sortitz los Ahumats (Anonyme / Tradition orale) 1&#8217;44&#8221;<br />
4. La Canta d&#8217;Avitenh (Anonyme / Tradition orale) 3&#8217;31&#8221;<br />
5. Simon (Michel Maffrand /Michel Maffrand) 4&#8217;18&#8221;<br />
6. L&#8217;Amour du Berger (Danny Boy / Bernadette Gachassin) 3&#8217;01&#8221;<br />
7. Nosta Dama deu Cap deu Pont (Anonyme / Pascal Caumont) 2&#8217;32&#8221;<br />
8. Kyrie (Anonyme / Tradition orale) 3&#8217;33&#8221;<br />
9. Kitolis (Luis de Aramburu / Pedro de Anitua) 4&#8217;28&#8221;<br />
10. Montagnes Pyrénées (Alfred Roland / Alfred Roland) 2&#8217;46&#8221;<br />
11. M&#8217;a pres per Fantesia (Anonyme / Tradition orale) 3&#8217;25&#8221;<br />
12. Sous les Roses (Anonyme / Tradition orale) 4&#8217;50&#8221;<br />
13. Chant Montagnard (Jean-Marie Cadiran / Paul Barrau) 5&#8217;44&#8221;<br />
14. Aquesta nèit n&#8217;èi hèit un Rève (Anonyme / Tradition orale) 3&#8217;36&#8221;<br />
15. Halte là (Alfred Roland / Alfred Roland) 3&#8217;23&#8221;<br />
16. Aqueras Montanhas &#8211; Se Canti (Anonyme / Tradition orale) 3&#8217;54&#8221;</p>

<p>Ce disque est le fruit d&#8217;une amitié entre deux ensembles emblématiques de Tarbes, deux groupes de premier plan dans le domaine du chant pyrénéen : les Chanteurs Pyrénéens de Tarbes, orphéon vocal parmi les plus dynamiques et prolifiques, porteur de la tradition des chœurs d&#8217;hommes tels qu&#8217;ils existent depuis 1832 dans le département des Hautes-Pyrénées, [&hellip;]</p>
