{"id":30302,"date":"2016-10-20T16:17:31","date_gmt":"2016-10-20T15:17:31","guid":{"rendered":"http:\/\/www.libraria-occitana.org\/all-products\/leducation-bilingue-en-france-politiques-linguistiques-modeles-et-pratiques?lang=oc"},"modified":"2026-04-27T21:06:52","modified_gmt":"2026-04-27T19:06:52","slug":"leducation-bilingue-en-france-politiques-linguistiques-modeles-et-pratiques","status":"publish","type":"product","link":"https:\/\/www.libraria-occitana.org\/oc\/produch\/leducation-bilingue-en-france-politiques-linguistiques-modeles-et-pratiques\/","title":{"rendered":"L\u2019\u00e9ducation bilingue en France : Politiques linguistiques, mod\u00e8les et pratiques"},"content":{"rendered":"<p>L\u2019\u00e9ducation bilingue en France est le fruit d\u2019une longue histoire de relations complexes et tendues entre les langues en pr\u00e9sence dans l\u2019espace public, que ce soit en m\u00e9tropole, dans l\u2019Outre-mer, ou dans la communaut\u00e9 des sourds. De nombreux mod\u00e8les d\u2019enseignement bilingue existent aujourd\u2019hui dans lesquels les langues sont \u00e0 la fois objet et moyen d\u2019apprentissage, ce qui veut dire que les \u00e9l\u00e8ves acqui\u00e8rent des savoirs disciplinaires par le biais de deux langues et que la langue fran\u00e7aise doit partager l\u2019espace \u00e9ducatif avec une autre langue. Cette pr\u00e9sence de langues autres que la langue nationale dans le syst\u00e8me \u00e9ducatif fran\u00e7ais reste tr\u00e8s limit\u00e9e mais semble encore faire peur aux acteurs \u00e9ducatifs. Or de nombreuses recherches dans le monde ont montr\u00e9 les avantages cognitifs, identitaires et culturels de l\u2019enseignement bilingue. L\u2019ouvrage explique comment se sont d\u00e9velopp\u00e9s les diff\u00e9rents dispositifs bilingues en France, comment ils diff\u00e8rent selon le statut et la d\u00e9nomination des langues concern\u00e9es, et comment ils contribuent dans certains cas \u00e0 reproduire les in\u00e9galit\u00e9s entre les langues et leurs locuteurs. Il pr\u00e9sente aussi les derni\u00e8res recherches men\u00e9es dans le domaine de la didactique du bilinguisme et du plurilinguisme, recherches pour la premi\u00e8re fois rassembl\u00e9es en un volume. Cet ouvrage contribue \u00e0 consolider le champ des \u00e9tudes sur l\u2019enseignement bilingue et plurilingue en France. Il s\u2019adresse aux chercheurs et aux enseignants qui d\u00e9sirent repenser les relations aux langues dans l\u2019espace \u00e9ducatif fran\u00e7ais, am\u00e9liorer leur enseignement et mieux pr\u00e9parer leurs \u00e9tudiants et leurs \u00e9l\u00e8ves \u00e0 vivre dans un monde multilingue et multiculturel. Il int\u00e9ressera \u00e9galement les parents d\u2019\u00e9l\u00e8ves et les militants des associations engag\u00e9es dans la d\u00e9fense des langues minoritaires et du multilinguisme \u00e0 l\u2019\u00e9cole.<\/p>\n<p>Textes r\u00e9unis et pr\u00e9sent\u00e9s par Christine H\u00e9lot et J\u00fcrgen Erfurt.<\/p>\n<p>Contributeurs (par ordre alphab\u00e9tique) : Catherine Adam, Mehmet Ali Akinci, Sophie Alby, Fr\u00e9d\u00e9ric Anciaux, Alexandrine Barontini, Jo\u00ebl Bellassen, Sandra Belondo, Britta Benert, Seta Biberian, Marion Blondel, Sandrine Burgat, Ronan Calvez, Marisa Cavalli, Claire Colombel, Claude Cortier, James Costa, Jean-Baptiste Coyos, Jim Cummins, R\u00e9gine Delamotte, Alain Di Meglio, Ana\u00efd Donab\u00e9dian, Jean Duverger, J\u00fcrgen Erfurt, Pierre Escud\u00e9, V\u00e9ronique Fillol, Brigitte Garcia, Ofelia Garc\u00eda, Christine H\u00e9lot, Adelheid Hu, Dominique Huck, Georg Kremnitz, Christian Lagarde, Foued Laroussi, Fabienne Leconte, Isabelle L\u00e9glise, \u00c9lise Leroy, Fanny Limousin, Joanna McPake, Soss\u00e9 Manakian, Liao Min, Valelia Muni Toke, Mirose Paia, Laurent Puren, Diana-Lee Simon, Reseda Streb, Sophia Stratilaki, Sarah Suhaste, Fr\u00e9d\u00e9ric Tupin, Jacques Vernaudon, Constanze Weth, Sylvie Wharton.<\/p>\n","protected":false},"excerpt":{"rendered":"<p>L\u2019\u00e9ducation bilingue en France est le fruit d\u2019une longue histoire de relations complexes et tendues entre les langues en pr\u00e9sence dans l\u2019espace public, que ce soit en m\u00e9tropole, dans l\u2019Outre-mer, ou dans la communaut\u00e9 des sourds. De nombreux mod\u00e8les d\u2019enseignement bilingue existent aujourd\u2019hui dans lesquels les langues sont \u00e0 la fois objet et moyen d\u2019apprentissage, [&hellip;]<\/p>\n","protected":false},"featured_media":30266,"template":"","meta":{"_acf_changed":false,"_genesis_hide_title":false,"_genesis_hide_breadcrumbs":false,"_genesis_hide_singular_image":false,"_genesis_hide_footer_widgets":false,"_genesis_custom_body_class":"","_genesis_custom_post_class":"","_genesis_layout":""},"product_brand":[],"product_cat":[7133,7203],"product_tag":[],"class_list":{"0":"post-30302","1":"product","2":"type-product","3":"status-publish","4":"has-post-thumbnail","6":"product_cat-libres-oc","7":"product_cat-politica-sociologia-actualitat-oc","8":"pa_auteur-collectiu-oc-2","9":"pa_auteur-erfurt-jurgen-oc","10":"pa_auteur-helot-christine-oc","11":"pa_editeur-lambert-lucas-oc","12":"pa_langue-francais-oc","13":"entry","15":"first","16":"outofstock","17":"shipping-taxable","18":"purchasable","19":"product-type-simple"},"acf":[],"_links":{"self":[{"href":"https:\/\/www.libraria-occitana.org\/oc\/wp-json\/wp\/v2\/product\/30302","targetHints":{"allow":["GET"]}}],"collection":[{"href":"https:\/\/www.libraria-occitana.org\/oc\/wp-json\/wp\/v2\/product"}],"about":[{"href":"https:\/\/www.libraria-occitana.org\/oc\/wp-json\/wp\/v2\/types\/product"}],"wp:featuredmedia":[{"embeddable":true,"href":"https:\/\/www.libraria-occitana.org\/oc\/wp-json\/wp\/v2\/media\/30266"}],"wp:attachment":[{"href":"https:\/\/www.libraria-occitana.org\/oc\/wp-json\/wp\/v2\/media?parent=30302"}],"wp:term":[{"taxonomy":"product_brand","embeddable":true,"href":"https:\/\/www.libraria-occitana.org\/oc\/wp-json\/wp\/v2\/product_brand?post=30302"},{"taxonomy":"product_cat","embeddable":true,"href":"https:\/\/www.libraria-occitana.org\/oc\/wp-json\/wp\/v2\/product_cat?post=30302"},{"taxonomy":"product_tag","embeddable":true,"href":"https:\/\/www.libraria-occitana.org\/oc\/wp-json\/wp\/v2\/product_tag?post=30302"}],"curies":[{"name":"wp","href":"https:\/\/api.w.org\/{rel}","templated":true}]}}

L’éducation bilingue en France : Politiques linguistiques, modèles et pratiques

<p>L’éducation bilingue en France est le fruit d’une longue histoire de relations complexes et tendues entre les langues en présence dans l’espace public, que ce soit en métropole, dans l’Outre-mer, ou dans la communauté des sourds. De nombreux modèles d’enseignement bilingue existent aujourd’hui dans lesquels les langues sont à la fois objet et moyen d’apprentissage, ce qui veut dire que les élèves acquièrent des savoirs disciplinaires par le biais de deux langues et que la langue française doit partager l’espace éducatif avec une autre langue. Cette présence de langues autres que la langue nationale dans le système éducatif français reste très limitée mais semble encore faire peur aux acteurs éducatifs. Or de nombreuses recherches dans le monde ont montré les avantages cognitifs, identitaires et culturels de l’enseignement bilingue. L’ouvrage explique comment se sont développés les différents dispositifs bilingues en France, comment ils diffèrent selon le statut et la dénomination des langues concernées, et comment ils contribuent dans certains cas à reproduire les inégalités entre les langues et leurs locuteurs. Il présente aussi les dernières recherches menées dans le domaine de la didactique du bilinguisme et du plurilinguisme, recherches pour la première fois rassemblées en un volume. Cet ouvrage contribue à consolider le champ des études sur l’enseignement bilingue et plurilingue en France. Il s’adresse aux chercheurs et aux enseignants qui désirent repenser les relations aux langues dans l’espace éducatif français, améliorer leur enseignement et mieux préparer leurs étudiants et leurs élèves à vivre dans un monde multilingue et multiculturel. Il intéressera également les parents d’élèves et les militants des associations engagées dans la défense des langues minoritaires et du multilinguisme à l’école.</p>
<p>Textes réunis et présentés par Christine Hélot et Jürgen Erfurt.</p>
<p>Contributeurs (par ordre alphabétique) : Catherine Adam, Mehmet Ali Akinci, Sophie Alby, Frédéric Anciaux, Alexandrine Barontini, Joël Bellassen, Sandra Belondo, Britta Benert, Seta Biberian, Marion Blondel, Sandrine Burgat, Ronan Calvez, Marisa Cavalli, Claire Colombel, Claude Cortier, James Costa, Jean-Baptiste Coyos, Jim Cummins, Régine Delamotte, Alain Di Meglio, Anaïd Donabédian, Jean Duverger, Jürgen Erfurt, Pierre Escudé, Véronique Fillol, Brigitte Garcia, Ofelia García, Christine Hélot, Adelheid Hu, Dominique Huck, Georg Kremnitz, Christian Lagarde, Foued Laroussi, Fabienne Leconte, Isabelle Léglise, Élise Leroy, Fanny Limousin, Joanna McPake, Sossé Manakian, Liao Min, Valelia Muni Toke, Mirose Paia, Laurent Puren, Diana-Lee Simon, Reseda Streb, Sophia Stratilaki, Sarah Suhaste, Frédéric Tupin, Jacques Vernaudon, Constanze Weth, Sylvie Wharton.</p>

<p>L’éducation bilingue en France est le fruit d’une longue histoire de relations complexes et tendues entre les langues en présence dans l’espace public, que ce soit en métropole, dans l’Outre-mer, ou dans la communauté des sourds. De nombreux modèles d’enseignement bilingue existent aujourd’hui dans lesquels les langues sont à la fois objet et moyen d’apprentissage, [&hellip;]</p>
