{"id":30372,"date":"2017-10-04T11:21:50","date_gmt":"2017-10-04T09:21:50","guid":{"rendered":"http:\/\/www.libraria-occitana.org\/all-products\/de-la-chassagne-au-monteil-noms-de-lieux-du-pnr-millevaches-en-limousin?lang=oc"},"modified":"2026-04-26T01:51:34","modified_gmt":"2026-04-25T23:51:34","slug":"de-la-chassagne-au-monteil-noms-de-lieux-du-pnr-millevaches-en-limousin","status":"publish","type":"product","link":"https:\/\/www.libraria-occitana.org\/oc\/produch\/de-la-chassagne-au-monteil-noms-de-lieux-du-pnr-millevaches-en-limousin\/","title":{"rendered":"De La Chassagne au Monteil&#8230; : Noms de lieux du Parc naturel r\u00e9gional de Millevaches en Limousin"},"content":{"rendered":"<p>Savez-vous que <strong>La Chassagne<\/strong> vient du mot occitan <em>chassanh<\/em>, le ch\u00eane, et d\u00e9signe la ch\u00eanaie ?<br \/>\nEt que <strong>Le Monteil<\/strong> signifie le petit mont ?<br \/>\n\u00cates-vous au courant que <strong>La Bonnaygue<\/strong> ou <strong>Vergneredonde<\/strong> ne sont pas des noms rigolos qui ne veulent rien dire ? Et que le suffixe latin <em>-acum<\/em>, signifiant \u201cle domaine de\u201d, est \u00e0 l\u2019origine de tous les noms finissant par <em>-ac<\/em> ?<br \/>\nNe me dites tout de m\u00eame pas que vous ignoriez que la racine pr\u00e9indoeurop\u00e9enne <em>Trukk-<\/em>, associ\u00e9e \u00e0 une hauteur, a donn\u00e9 son nom au village du <strong>Trucq<\/strong> \u00e0 <strong>La Courtine<\/strong> !<br \/>\nConnaissez-vous <strong>Plancoulaine<\/strong>, <strong>Le Tourondel<\/strong>, <strong>Bonnefont-Cigale<\/strong>, <strong>Pimp\u00e9rigeas<\/strong> ?<\/p>\n<p>Non ? <em>E ben, per mon arma\u2026<\/em><br \/>\nDieu merci, vous avez fait un bon choix en tenant entre vos mains ce livre qui rapidement devrait mettre un terme \u00e0 toutes ces petites lacunes toponymiques. Gr\u00e2ce \u00e0 sa dizaine d\u2019entr\u00e9es th\u00e9matiques, ses nombreux dessins, photos et illustrations, ce petit guide vous propose une d\u00e9couverte du t\u00e9moignage culturel, humain, historique et paysager que nous livrent les noms de lieux du Parc naturel r\u00e9gional de Millevaches en Limousin.<\/p>\n<p>De quoi vous permettre de d\u00e9jouer bon nombre des \u00e9nigmes linguistiques affich\u00e9es sur les panneaux d\u2019entr\u00e9es de villages.<br \/>\nDe quoi suivre autrement les routes et les chemins de la Montagne limousine.<br \/>\nDe quoi vous souvenir que votre p\u00e9p\u00e9 ou votre vieux voisin du fond du village parlaient occitan.<\/p>\n","protected":false},"excerpt":{"rendered":"<p>Savez-vous que La Chassagne vient du mot occitan chassanh, le ch\u00eane, et d\u00e9signe la ch\u00eanaie ? Et que Le Monteil signifie le petit mont ? \u00cates-vous au courant que La Bonnaygue ou Vergneredonde ne sont pas des noms rigolos qui ne veulent rien dire ? Et que le suffixe latin -acum, signifiant \u201cle domaine de\u201d, [&hellip;]<\/p>\n","protected":false},"featured_media":36126,"template":"","meta":{"_acf_changed":false,"_genesis_hide_title":false,"_genesis_hide_breadcrumbs":false,"_genesis_hide_singular_image":false,"_genesis_hide_footer_widgets":false,"_genesis_custom_body_class":"","_genesis_custom_post_class":"","_genesis_layout":""},"product_brand":[],"product_cat":[7149,7133,7163],"product_tag":[],"class_list":{"0":"post-30372","1":"product","2":"type-product","3":"status-publish","4":"has-post-thumbnail","6":"product_cat-istoria-geografia-oc","7":"product_cat-libres-oc","8":"product_cat-noms-de-luocs-noms-de-personas-oc","9":"pa_auteur-vignaud-j-f-oc","10":"pa_editeur-ieo-lemosin-oc","11":"pa_illustrateur-caunet-jean-marie-oc-2","12":"pa_illustrateur-lacomba-joan-peire-oc","13":"pa_langue-francais-oc","14":"pa_langue-occitan-oc","15":"pa_langue-occitan-lemosin-oc","16":"entry","18":"first","19":"instock","20":"shipping-taxable","21":"purchasable","22":"product-type-simple"},"acf":[],"_links":{"self":[{"href":"https:\/\/www.libraria-occitana.org\/oc\/wp-json\/wp\/v2\/product\/30372","targetHints":{"allow":["GET"]}}],"collection":[{"href":"https:\/\/www.libraria-occitana.org\/oc\/wp-json\/wp\/v2\/product"}],"about":[{"href":"https:\/\/www.libraria-occitana.org\/oc\/wp-json\/wp\/v2\/types\/product"}],"wp:featuredmedia":[{"embeddable":true,"href":"https:\/\/www.libraria-occitana.org\/oc\/wp-json\/wp\/v2\/media\/36126"}],"wp:attachment":[{"href":"https:\/\/www.libraria-occitana.org\/oc\/wp-json\/wp\/v2\/media?parent=30372"}],"wp:term":[{"taxonomy":"product_brand","embeddable":true,"href":"https:\/\/www.libraria-occitana.org\/oc\/wp-json\/wp\/v2\/product_brand?post=30372"},{"taxonomy":"product_cat","embeddable":true,"href":"https:\/\/www.libraria-occitana.org\/oc\/wp-json\/wp\/v2\/product_cat?post=30372"},{"taxonomy":"product_tag","embeddable":true,"href":"https:\/\/www.libraria-occitana.org\/oc\/wp-json\/wp\/v2\/product_tag?post=30372"}],"curies":[{"name":"wp","href":"https:\/\/api.w.org\/{rel}","templated":true}]}}

De La Chassagne au Monteil&#8230; : Noms de lieux du Parc naturel régional de Millevaches en Limousin

<p>Savez-vous que <strong>La Chassagne</strong> vient du mot occitan <em>chassanh</em>, le chêne, et désigne la chênaie ?<br />
Et que <strong>Le Monteil</strong> signifie le petit mont ?<br />
Êtes-vous au courant que <strong>La Bonnaygue</strong> ou <strong>Vergneredonde</strong> ne sont pas des noms rigolos qui ne veulent rien dire ? Et que le suffixe latin <em>-acum</em>, signifiant “le domaine de”, est à l’origine de tous les noms finissant par <em>-ac</em> ?<br />
Ne me dites tout de même pas que vous ignoriez que la racine préindoeuropéenne <em>Trukk-</em>, associée à une hauteur, a donné son nom au village du <strong>Trucq</strong> à <strong>La Courtine</strong> !<br />
Connaissez-vous <strong>Plancoulaine</strong>, <strong>Le Tourondel</strong>, <strong>Bonnefont-Cigale</strong>, <strong>Pimpérigeas</strong> ?</p>
<p>Non ? <em>E ben, per mon arma…</em><br />
Dieu merci, vous avez fait un bon choix en tenant entre vos mains ce livre qui rapidement devrait mettre un terme à toutes ces petites lacunes toponymiques. Grâce à sa dizaine d’entrées thématiques, ses nombreux dessins, photos et illustrations, ce petit guide vous propose une découverte du témoignage culturel, humain, historique et paysager que nous livrent les noms de lieux du Parc naturel régional de Millevaches en Limousin.</p>
<p>De quoi vous permettre de déjouer bon nombre des énigmes linguistiques affichées sur les panneaux d’entrées de villages.<br />
De quoi suivre autrement les routes et les chemins de la Montagne limousine.<br />
De quoi vous souvenir que votre pépé ou votre vieux voisin du fond du village parlaient occitan.</p>

<p>Savez-vous que La Chassagne vient du mot occitan chassanh, le chêne, et désigne la chênaie ? Et que Le Monteil signifie le petit mont ? Êtes-vous au courant que La Bonnaygue ou Vergneredonde ne sont pas des noms rigolos qui ne veulent rien dire ? Et que le suffixe latin -acum, signifiant “le domaine de”, [&hellip;]</p>
