{"id":30470,"date":"2020-05-18T16:49:13","date_gmt":"2020-05-18T14:49:13","guid":{"rendered":"http:\/\/www.libraria-occitana.org\/all-products\/la-troba-linvention-lyrique-occitane-des-troubadours-xiie-xiiie-siecles?lang=oc"},"modified":"2026-04-29T01:56:15","modified_gmt":"2026-04-28T23:56:15","slug":"la-troba-linvention-lyrique-occitane-des-troubadours-xiie-xiiie-siecles","status":"publish","type":"product","link":"https:\/\/www.libraria-occitana.org\/oc\/produch\/la-troba-linvention-lyrique-occitane-des-troubadours-xiie-xiiie-siecles\/","title":{"rendered":"La Tr\u00f2ba : L&#8217;invention lyrique occitane des troubadours XIIe-XIIIe si\u00e8cles"},"content":{"rendered":"<p><strong>Anthologie comment\u00e9e du <em>Trobar<\/em> pr\u00e9sentant 110 troubadours et plus de 300 chansons dans leur int\u00e9gralit\u00e9 en occitan avec les traductions en fran\u00e7ais. Deuxi\u00e8me \u00e9dition.<\/strong><\/p>\n<p>Une pr\u00e9sentation de l&#8217;art lyrique des troubadours accompagn\u00e9e d&#8217;un lexique du <em>Trobar<\/em> et de r\u00e9flexions personnelles de l&#8217;auteur sur la re-cr\u00e9ation et l&#8217;interpr\u00e9tation musicales aujourd&#8217;hui.<\/p>\n","protected":false},"excerpt":{"rendered":"<p>Anthologie comment\u00e9e du Trobar pr\u00e9sentant 110 troubadours et plus de 300 chansons dans leur int\u00e9gralit\u00e9 en occitan avec les traductions en fran\u00e7ais. Deuxi\u00e8me \u00e9dition. Une pr\u00e9sentation de l&#8217;art lyrique des troubadours accompagn\u00e9e d&#8217;un lexique du Trobar et de r\u00e9flexions personnelles de l&#8217;auteur sur la re-cr\u00e9ation et l&#8217;interpr\u00e9tation musicales aujourd&#8217;hui.<\/p>\n","protected":false},"featured_media":51505,"template":"","meta":{"_acf_changed":false,"_genesis_hide_title":false,"_genesis_hide_breadcrumbs":false,"_genesis_hide_singular_image":false,"_genesis_hide_footer_widgets":false,"_genesis_custom_body_class":"","_genesis_custom_post_class":"","_genesis_layout":""},"product_brand":[],"product_cat":[7133,7175,7181],"product_tag":[],"class_list":{"0":"post-30470","1":"product","2":"type-product","3":"status-publish","4":"has-post-thumbnail","6":"product_cat-libres-oc","7":"product_cat-literatura-oc","8":"product_cat-poesia-oc","9":"pa_auteur-zuchetto-gerard-oc","10":"pa_editeur-troba-vox-oc","11":"pa_langue-occitan-medievau-oc","12":"pa_langue-occitan-francais-oc","13":"entry","15":"first","16":"outofstock","17":"shipping-taxable","18":"purchasable","19":"product-type-simple"},"acf":[],"_links":{"self":[{"href":"https:\/\/www.libraria-occitana.org\/oc\/wp-json\/wp\/v2\/product\/30470","targetHints":{"allow":["GET"]}}],"collection":[{"href":"https:\/\/www.libraria-occitana.org\/oc\/wp-json\/wp\/v2\/product"}],"about":[{"href":"https:\/\/www.libraria-occitana.org\/oc\/wp-json\/wp\/v2\/types\/product"}],"wp:featuredmedia":[{"embeddable":true,"href":"https:\/\/www.libraria-occitana.org\/oc\/wp-json\/wp\/v2\/media\/51505"}],"wp:attachment":[{"href":"https:\/\/www.libraria-occitana.org\/oc\/wp-json\/wp\/v2\/media?parent=30470"}],"wp:term":[{"taxonomy":"product_brand","embeddable":true,"href":"https:\/\/www.libraria-occitana.org\/oc\/wp-json\/wp\/v2\/product_brand?post=30470"},{"taxonomy":"product_cat","embeddable":true,"href":"https:\/\/www.libraria-occitana.org\/oc\/wp-json\/wp\/v2\/product_cat?post=30470"},{"taxonomy":"product_tag","embeddable":true,"href":"https:\/\/www.libraria-occitana.org\/oc\/wp-json\/wp\/v2\/product_tag?post=30470"}],"curies":[{"name":"wp","href":"https:\/\/api.w.org\/{rel}","templated":true}]}}

La Tròba : L&#8217;invention lyrique occitane des troubadours XIIe-XIIIe siècles

<p><strong>Anthologie commentée du <em>Trobar</em> présentant 110 troubadours et plus de 300 chansons dans leur intégralité en occitan avec les traductions en français. Deuxième édition.</strong></p>
<p>Une présentation de l&#8217;art lyrique des troubadours accompagnée d&#8217;un lexique du <em>Trobar</em> et de réflexions personnelles de l&#8217;auteur sur la re-création et l&#8217;interprétation musicales aujourd&#8217;hui.</p>

<p>Anthologie commentée du Trobar présentant 110 troubadours et plus de 300 chansons dans leur intégralité en occitan avec les traductions en français. Deuxième édition. Une présentation de l&#8217;art lyrique des troubadours accompagnée d&#8217;un lexique du Trobar et de réflexions personnelles de l&#8217;auteur sur la re-création et l&#8217;interprétation musicales aujourd&#8217;hui.</p>
