{"id":32911,"date":"2026-08-31T17:35:19","date_gmt":"2026-08-31T15:35:19","guid":{"rendered":"http:\/\/www.libraria-occitana.org\/?post_type=product&#038;p=32911\/"},"modified":"2026-08-31T17:35:22","modified_gmt":"2026-08-31T15:35:22","slug":"ofertori-de-lespilhaire-offertoire-de-lelagueur","status":"publish","type":"product","link":"https:\/\/www.libraria-occitana.org\/oc\/produch\/ofertori-de-lespilhaire-offertoire-de-lelagueur\/","title":{"rendered":"OFERT\u00f2RI DE L&#8217;ESPILHAIRE &#8211; OFFERTOIRE DE L&#8217;ELAGUEUR"},"content":{"rendered":"<p style=\"margin:0;\"><span style=\"font-family:'Times New Roman';font-size:12pt;\">\u00ab E ma vida nasqu\u00e8t de tu<\/p>\n<p>E ma vida nasqu\u00e8t de tu<br \/>Un matin de setembre a vint ans<br \/>Dins lo caravenal de la ribi\u00e8ra d&#8217;\u00d2rb<br \/>Digu\u00e8ri que t&#8217;aimavi mai que ma solitud<br \/>Mai que ma desiran\u00e7a<br \/>E respond\u00e8res pas ambe de mots<br \/>Sola ta gauta do\u00e7ament sus la meuna<br \/>Desempu\u00e8i cinquanta ans dem\u00f2ra un vel\u00f3s do\u00e7<br \/>Ma vie naquit de toi<\/p>\n<p>Ma vie naquit de toi<br \/>Un matin de septembre \u00e0 vingt ans<br \/>Dans la roseli\u00e8re de la rivi\u00e8re d&#8217;Orb<br \/>Je dis que je t&#8217;aimais plus que ma solitude<br \/>Et plus que mon d\u00e9sir<br \/>Tu ne r\u00e9pondis pas avec des mots<br \/>Seule ta joue doucement sur la mienne<br \/>Et depuis cinquante ans elle est d&#8217;un velours doux \u00bb<\/p>\n<p>Des po\u00e8mes courts mais denses avec la nature en toile de fond, qui rendent avec force des instants de vie, des sc\u00e8nes insolites, \u00e9voquent le temps qui s&#8217;\u00e9coule, avec ses joies et ses peines, et la foi qui aide \u00e0 surmonter&#8230;<\/p>\n<p>Autor : Petit, Jean-Marie<br \/>Linga : Occitan <wbr>(lengadocian) &#8211; franc\u00e9s<br \/>Parucion : 12\/2016<br \/>Editor : L&#8217;Arri\u00e8re-Pays<br \/>Nb de pajas : 135<br \/>Format : 14 x 20,5 cm<br \/>P\u00e9s : 244 g<br \/>EAN 13 : 9782910779672<\/span><\/p>\n","protected":false},"excerpt":{"rendered":"<p>\u00ab E ma vida nasqu\u00e8t de tu E ma vida nasqu\u00e8t de tuUn matin de setembre a vint ansDins lo caravenal de la ribi\u00e8ra d&#8217;\u00d2rbDigu\u00e8ri que t&#8217;aimavi mai que ma solitudMai que ma desiran\u00e7aE respond\u00e8res pas ambe de motsSola ta gauta do\u00e7ament sus la meunaDesempu\u00e8i cinquanta ans dem\u00f2ra un vel\u00f3s do\u00e7Ma vie naquit de toi [&hellip;]<\/p>\n","protected":false},"featured_media":0,"template":"","meta":{"_acf_changed":false,"_genesis_hide_title":false,"_genesis_hide_breadcrumbs":false,"_genesis_hide_singular_image":false,"_genesis_hide_footer_widgets":false,"_genesis_custom_body_class":"","_genesis_custom_post_class":"","_genesis_layout":""},"product_brand":[],"product_cat":[7133,7175,16136,7181],"product_tag":[],"class_list":["post-32911","product","type-product","status-publish","product_cat-libres-oc","product_cat-literatura-oc","product_cat-non-classe-oc","product_cat-poesia-oc","pa_auteur-petit-joan-maria-oc","pa_auteurs-petit-jean-marie","pa_editeurs-larriere-pays","pa_langue-occitan-lengadocian-oc","pa_langue-occitan-francais-oc","entry","has-post-thumbnail","first","outofstock","purchasable","product-type-simple"],"acf":[],"_links":{"self":[{"href":"https:\/\/www.libraria-occitana.org\/oc\/wp-json\/wp\/v2\/product\/32911","targetHints":{"allow":["GET"]}}],"collection":[{"href":"https:\/\/www.libraria-occitana.org\/oc\/wp-json\/wp\/v2\/product"}],"about":[{"href":"https:\/\/www.libraria-occitana.org\/oc\/wp-json\/wp\/v2\/types\/product"}],"wp:attachment":[{"href":"https:\/\/www.libraria-occitana.org\/oc\/wp-json\/wp\/v2\/media?parent=32911"}],"wp:term":[{"taxonomy":"product_brand","embeddable":true,"href":"https:\/\/www.libraria-occitana.org\/oc\/wp-json\/wp\/v2\/product_brand?post=32911"},{"taxonomy":"product_cat","embeddable":true,"href":"https:\/\/www.libraria-occitana.org\/oc\/wp-json\/wp\/v2\/product_cat?post=32911"},{"taxonomy":"product_tag","embeddable":true,"href":"https:\/\/www.libraria-occitana.org\/oc\/wp-json\/wp\/v2\/product_tag?post=32911"}],"curies":[{"name":"wp","href":"https:\/\/api.w.org\/{rel}","templated":true}]}}

OFERTòRI DE L&#8217;ESPILHAIRE &#8211; OFFERTOIRE DE L&#8217;ELAGUEUR

<p style="margin:0;"><span style="font-family:'Times New Roman';font-size:12pt;">« E ma vida nasquèt de tu</p>
<p>E ma vida nasquèt de tu<br />Un matin de setembre a vint ans<br />Dins lo caravenal de la ribièra d&#8217;Òrb<br />Diguèri que t&#8217;aimavi mai que ma solitud<br />Mai que ma desirança<br />E respondères pas ambe de mots<br />Sola ta gauta doçament sus la meuna<br />Desempuèi cinquanta ans demòra un velós doç<br />Ma vie naquit de toi</p>
<p>Ma vie naquit de toi<br />Un matin de septembre à vingt ans<br />Dans la roselière de la rivière d&#8217;Orb<br />Je dis que je t&#8217;aimais plus que ma solitude<br />Et plus que mon désir<br />Tu ne répondis pas avec des mots<br />Seule ta joue doucement sur la mienne<br />Et depuis cinquante ans elle est d&#8217;un velours doux »</p>
<p>Des poèmes courts mais denses avec la nature en toile de fond, qui rendent avec force des instants de vie, des scènes insolites, évoquent le temps qui s&#8217;écoule, avec ses joies et ses peines, et la foi qui aide à surmonter&#8230;</p>
<p>Autor : Petit, Jean-Marie<br />Linga : Occitan <wbr>(lengadocian) &#8211; francés<br />Parucion : 12/2016<br />Editor : L&#8217;Arrière-Pays<br />Nb de pajas : 135<br />Format : 14 x 20,5 cm<br />Pés : 244 g<br />EAN 13 : 9782910779672</span></p>

<p>« E ma vida nasquèt de tu E ma vida nasquèt de tuUn matin de setembre a vint ansDins lo caravenal de la ribièra d&#8217;ÒrbDiguèri que t&#8217;aimavi mai que ma solitudMai que ma desirançaE respondères pas ambe de motsSola ta gauta doçament sus la meunaDesempuèi cinquanta ans demòra un velós doçMa vie naquit de toi [&hellip;]</p>
