{"id":32913,"date":"2026-08-31T17:37:30","date_gmt":"2026-08-31T15:37:30","guid":{"rendered":"http:\/\/www.libraria-occitana.org\/?post_type=product&#038;p=32913\/"},"modified":"2026-08-31T17:37:50","modified_gmt":"2026-08-31T15:37:50","slug":"la-charente-occitane-une-identite-une-langue-des-legendes","status":"publish","type":"product","link":"https:\/\/www.libraria-occitana.org\/oc\/produch\/la-charente-occitane-une-identite-une-langue-des-legendes\/","title":{"rendered":"LA CHARENTE OCCITANE : UNE IDENTITE, UNE LANGUE, DES LEGENDES"},"content":{"rendered":"<p style=\"margin:0;\"><span style=\"font-family:'Times New Roman';font-size:12pt;\">La Charente occitane : Une identit\u00e9, une langue, des l\u00e9gendes<\/p>\n<p><wbr>[oc]<br \/>&#8216;Queu libre presenta la Charanta lemosina : sa geografia, son ist\u00f2ria, sa gastronomia&#8230; e compila de las legendas que n&#8217;um tr\u00f2ba dins &#8216;queu pa\u00eds.<\/p>\n<p><wbr>[fr]<br \/>Ce livre pr\u00e9sente la Charente occitane : sa g\u00e9ographie, son histoire, sa gastronomie&#8230; et compile des l\u00e9gendes propres \u00e0 la r\u00e9gion.<\/p>\n<p>Complement de titre : La Charanta occitana : &#8216;na identitat, &#8216;na lenga, de las legendas<br \/>Autor : Sochau, Aimeric dau<br \/>Linga : Occitan <wbr>(lemosin) &#8211; franc\u00e9s<br \/>Parucion : 04\/2016<br \/>Editor : Aimeric dau Sochau<br \/>Nb de pajas : 112<br \/>Format : 15 x 21 cm<br \/>P\u00e9s : 176 g<br \/>EAN 13 : 9782955642207<br \/><\/span><\/p>\n","protected":false},"excerpt":{"rendered":"<p>La Charente occitane : Une identit\u00e9, une langue, des l\u00e9gendes [oc]&#8216;Queu libre presenta la Charanta lemosina : sa geografia, son ist\u00f2ria, sa gastronomia&#8230; e compila de las legendas que n&#8217;um tr\u00f2ba dins &#8216;queu pa\u00eds. [fr]Ce livre pr\u00e9sente la Charente occitane : sa g\u00e9ographie, son histoire, sa gastronomie&#8230; et compile des l\u00e9gendes propres \u00e0 la r\u00e9gion. [&hellip;]<\/p>\n","protected":false},"featured_media":0,"template":"","meta":{"_acf_changed":false,"_genesis_hide_title":false,"_genesis_hide_breadcrumbs":false,"_genesis_hide_singular_image":false,"_genesis_hide_footer_widgets":false,"_genesis_custom_body_class":"","_genesis_custom_post_class":"","_genesis_layout":""},"product_brand":[],"product_cat":[7177,7133,7175,16136],"product_tag":[],"class_list":["post-32913","product","type-product","status-publish","product_cat-contes-fablas-oc","product_cat-libres-oc","product_cat-literatura-oc","product_cat-non-classe-oc","pa_auteur-sochau-aimeric-dau-oc","pa_editeur-aimeric-dau-sochau-oc","pa_langue-occitan-lemosin-oc","pa_langue-occitan-francais-oc","entry","has-post-thumbnail","first","instock","purchasable","product-type-simple"],"acf":[],"_links":{"self":[{"href":"https:\/\/www.libraria-occitana.org\/oc\/wp-json\/wp\/v2\/product\/32913","targetHints":{"allow":["GET"]}}],"collection":[{"href":"https:\/\/www.libraria-occitana.org\/oc\/wp-json\/wp\/v2\/product"}],"about":[{"href":"https:\/\/www.libraria-occitana.org\/oc\/wp-json\/wp\/v2\/types\/product"}],"wp:attachment":[{"href":"https:\/\/www.libraria-occitana.org\/oc\/wp-json\/wp\/v2\/media?parent=32913"}],"wp:term":[{"taxonomy":"product_brand","embeddable":true,"href":"https:\/\/www.libraria-occitana.org\/oc\/wp-json\/wp\/v2\/product_brand?post=32913"},{"taxonomy":"product_cat","embeddable":true,"href":"https:\/\/www.libraria-occitana.org\/oc\/wp-json\/wp\/v2\/product_cat?post=32913"},{"taxonomy":"product_tag","embeddable":true,"href":"https:\/\/www.libraria-occitana.org\/oc\/wp-json\/wp\/v2\/product_tag?post=32913"}],"curies":[{"name":"wp","href":"https:\/\/api.w.org\/{rel}","templated":true}]}}

<p style="margin:0;"><span style="font-family:'Times New Roman';font-size:12pt;">La Charente occitane : Une identité, une langue, des légendes</p>
<p><wbr>[oc]<br />&#8216;Queu libre presenta la Charanta lemosina : sa geografia, son istòria, sa gastronomia&#8230; e compila de las legendas que n&#8217;um tròba dins &#8216;queu país.</p>
<p><wbr>[fr]<br />Ce livre présente la Charente occitane : sa géographie, son histoire, sa gastronomie&#8230; et compile des légendes propres à la région.</p>
<p>Complement de titre : La Charanta occitana : &#8216;na identitat, &#8216;na lenga, de las legendas<br />Autor : Sochau, Aimeric dau<br />Linga : Occitan <wbr>(lemosin) &#8211; francés<br />Parucion : 04/2016<br />Editor : Aimeric dau Sochau<br />Nb de pajas : 112<br />Format : 15 x 21 cm<br />Pés : 176 g<br />EAN 13 : 9782955642207<br /></span></p>

<p>La Charente occitane : Une identité, une langue, des légendes [oc]&#8216;Queu libre presenta la Charanta lemosina : sa geografia, son istòria, sa gastronomia&#8230; e compila de las legendas que n&#8217;um tròba dins &#8216;queu país. [fr]Ce livre présente la Charente occitane : sa géographie, son histoire, sa gastronomie&#8230; et compile des légendes propres à la région. [&hellip;]</p>
