{"id":32930,"date":"2026-08-31T17:04:55","date_gmt":"2026-08-31T15:04:55","guid":{"rendered":"http:\/\/www.libraria-occitana.org\/?post_type=product&#038;p=32930\/"},"modified":"2026-08-31T17:04:58","modified_gmt":"2026-08-31T15:04:58","slug":"viatge-dins-las-valadas-occitanas-en-piemont-viaggio-nelle-libre-cdrom","status":"publish","type":"product","link":"https:\/\/www.libraria-occitana.org\/oc\/produch\/viatge-dins-las-valadas-occitanas-en-piemont-viaggio-nelle-libre-cdrom\/","title":{"rendered":"VIATGE DINS LAS VALADAS OCCITANAS EN PIEMONT &#8211; VIAGGIO NELLE&#8230; (LIBRE + CDROM)"},"content":{"rendered":"<p style=\"margin:0;\"><span style=\"font-family:'Times New Roman';font-size:12pt;\">Il primo libro che presenta le 12 Valli Occitane nel loro insieme. Un volume che, quelli che si occupano delle Valli non possono fare a meno di avere nella loro libreria.<br \/>I primi 25 capitoli titolati letture ci presentano le valli nei diversi aspetti e sono scritti da Fredo Valla e dai collaboratori: Gianni Aimar, Giorgio Cattaneo, Antonio De Rossi, Giorgio Di Francesco, Andrea Gobetti, Carlo Grande, Sergio Maffioli, Luigi Massimo, Renato Scagliola, Alberto Signetto, Giorgio Vivalda. Una variet\u00e0 di punti di vista diversi sulle valli occitane oggi.<br \/>15 itinerari ideati da Fredo Valla ci portano in giro per le valli ad iniziare all&#8217;Alta Valle Susa per giungere fino alle Valli del Monregalese, per continuare nel Paese Brigasco e con un capitolo dedicato a Guardia Piemontese, il luogo ove alcuni di noi hanno lasciato un pezzo di cuore.<br \/>Un cd rom ideato da Dario Anghilante e Gianna Bianco che ci porta a scoprire paesaggi e lingue delle valli nelle loro diverse varianti locali, con una proposta di testi di letteratua moderna tradotta nell&#8217;occitano alpino in uso oggi, con animazioni d&#8217;ambiente.<br \/>Animazione: Disponibilit\u00e0 a partecipare a serate di presentazione interattiva per imparare a conoscere le Valli occitane e ad amarle.<\/p>\n<p>Lhi premiers 25 cap\u00edtol sonats lecturas nos presenton las valadas dins diferents asp\u00e8cts e son escrichs da Fredo Valla e da lhi colaborators: Gianni Aimar, Giorgio Cattaneo, Antonio De Rossi, Giorgio Di Francesco, Andrea Gobetti, Carlo Grande, Sergio Maffioli, Luigi Massimo, Renato Scagliola, Alberto Signetto, Giorgio Vivalda. Un bel colp d&#8217;uelh diferent sus las valadas occitanas encuei.<br \/>15 itineraris ideats da Fredo Valla nos menon en vir per las valadas a comen\u00e7ar da la Val d&#8217;Ols per arrubar fins a las Valadas dal Qui\u00e9 e continuar al Pa\u00eds Brigasc e un j\u00f2li cap\u00edtol dediat a La G\u00e0rdia, na lueia onte un pauc de nosautri avem laissat un t\u00f2c di n\u00f2stri c\u00f2r.<br \/>Un cd rom ideat da Dario Anghilante e Gianna Bianco que nos p\u00f2rta a descurbir pa\u00efsatges e lenga des valadas dins las lors diferentas variantas localas, abo una prop\u00f2sta de t\u00e8xts de literatura mod\u00e8rna revirats en occitan alpin d&#8217;encuei, abo animacion d&#8217;ambient.<br \/>Animacion: Polem partecipar a seradas de presentacion interactiva per con\u00f3isser las Valadas e las amar.<\/p>\n<p>Complement de titre : Lecturas e Itineraris &#8211; Viaggio nelle valli occitane del Piemonte : Letture e Itinerari<br \/>Autor : Valla, Fredo ; Collectiu<br \/>Linga : Italian, occitan <wbr>(vivaroaupenc)<br \/>Parucion : 11\/2003<br \/>Editor : Chambra d&#8217;\u00f2c<br \/>Nb de pajas : 173<br \/>Format : 17 x 24 cm<br \/>P\u00e9s : 526 g<\/span><\/p>\n","protected":false},"excerpt":{"rendered":"<p>Il primo libro che presenta le 12 Valli Occitane nel loro insieme. Un volume che, quelli che si occupano delle Valli non possono fare a meno di avere nella loro libreria.I primi 25 capitoli titolati letture ci presentano le valli nei diversi aspetti e sono scritti da Fredo Valla e dai collaboratori: Gianni Aimar, Giorgio [&hellip;]<\/p>\n","protected":false},"featured_media":0,"template":"","meta":{"_acf_changed":false,"_genesis_hide_title":false,"_genesis_hide_breadcrumbs":false,"_genesis_hide_singular_image":false,"_genesis_hide_footer_widgets":false,"_genesis_custom_body_class":"","_genesis_custom_post_class":"","_genesis_layout":""},"product_brand":[],"product_cat":[7199,7133,7197,16136],"product_tag":[],"class_list":["post-32930","product","type-product","status-publish","product_cat-guides-torisme-viatge-oc","product_cat-libres-oc","product_cat-natura-torisme-oc","product_cat-non-classe-oc","pa_auteur-collectiu-oc-2","pa_auteurs-valla-fredo-collectiu","entry","first","outofstock","purchasable","product-type-simple"],"acf":[],"_links":{"self":[{"href":"https:\/\/www.libraria-occitana.org\/oc\/wp-json\/wp\/v2\/product\/32930","targetHints":{"allow":["GET"]}}],"collection":[{"href":"https:\/\/www.libraria-occitana.org\/oc\/wp-json\/wp\/v2\/product"}],"about":[{"href":"https:\/\/www.libraria-occitana.org\/oc\/wp-json\/wp\/v2\/types\/product"}],"wp:attachment":[{"href":"https:\/\/www.libraria-occitana.org\/oc\/wp-json\/wp\/v2\/media?parent=32930"}],"wp:term":[{"taxonomy":"product_brand","embeddable":true,"href":"https:\/\/www.libraria-occitana.org\/oc\/wp-json\/wp\/v2\/product_brand?post=32930"},{"taxonomy":"product_cat","embeddable":true,"href":"https:\/\/www.libraria-occitana.org\/oc\/wp-json\/wp\/v2\/product_cat?post=32930"},{"taxonomy":"product_tag","embeddable":true,"href":"https:\/\/www.libraria-occitana.org\/oc\/wp-json\/wp\/v2\/product_tag?post=32930"}],"curies":[{"name":"wp","href":"https:\/\/api.w.org\/{rel}","templated":true}]}}

<p style="margin:0;"><span style="font-family:'Times New Roman';font-size:12pt;">Il primo libro che presenta le 12 Valli Occitane nel loro insieme. Un volume che, quelli che si occupano delle Valli non possono fare a meno di avere nella loro libreria.<br />I primi 25 capitoli titolati letture ci presentano le valli nei diversi aspetti e sono scritti da Fredo Valla e dai collaboratori: Gianni Aimar, Giorgio Cattaneo, Antonio De Rossi, Giorgio Di Francesco, Andrea Gobetti, Carlo Grande, Sergio Maffioli, Luigi Massimo, Renato Scagliola, Alberto Signetto, Giorgio Vivalda. Una varietà di punti di vista diversi sulle valli occitane oggi.<br />15 itinerari ideati da Fredo Valla ci portano in giro per le valli ad iniziare all&#8217;Alta Valle Susa per giungere fino alle Valli del Monregalese, per continuare nel Paese Brigasco e con un capitolo dedicato a Guardia Piemontese, il luogo ove alcuni di noi hanno lasciato un pezzo di cuore.<br />Un cd rom ideato da Dario Anghilante e Gianna Bianco che ci porta a scoprire paesaggi e lingue delle valli nelle loro diverse varianti locali, con una proposta di testi di letteratua moderna tradotta nell&#8217;occitano alpino in uso oggi, con animazioni d&#8217;ambiente.<br />Animazione: Disponibilità a partecipare a serate di presentazione interattiva per imparare a conoscere le Valli occitane e ad amarle.</p>
<p>Lhi premiers 25 capítol sonats lecturas nos presenton las valadas dins diferents aspècts e son escrichs da Fredo Valla e da lhi colaborators: Gianni Aimar, Giorgio Cattaneo, Antonio De Rossi, Giorgio Di Francesco, Andrea Gobetti, Carlo Grande, Sergio Maffioli, Luigi Massimo, Renato Scagliola, Alberto Signetto, Giorgio Vivalda. Un bel colp d&#8217;uelh diferent sus las valadas occitanas encuei.<br />15 itineraris ideats da Fredo Valla nos menon en vir per las valadas a començar da la Val d&#8217;Ols per arrubar fins a las Valadas dal Quié e continuar al País Brigasc e un jòli capítol dediat a La Gàrdia, na lueia onte un pauc de nosautri avem laissat un tòc di nòstri còr.<br />Un cd rom ideat da Dario Anghilante e Gianna Bianco que nos pòrta a descurbir païsatges e lenga des valadas dins las lors diferentas variantas localas, abo una propòsta de tèxts de literatura modèrna revirats en occitan alpin d&#8217;encuei, abo animacion d&#8217;ambient.<br />Animacion: Polem partecipar a seradas de presentacion interactiva per conóisser las Valadas e las amar.</p>
<p>Complement de titre : Lecturas e Itineraris &#8211; Viaggio nelle valli occitane del Piemonte : Letture e Itinerari<br />Autor : Valla, Fredo ; Collectiu<br />Linga : Italian, occitan <wbr>(vivaroaupenc)<br />Parucion : 11/2003<br />Editor : Chambra d&#8217;òc<br />Nb de pajas : 173<br />Format : 17 x 24 cm<br />Pés : 526 g</span></p>
