{"id":32967,"date":"2026-08-31T16:25:35","date_gmt":"2026-08-31T14:25:35","guid":{"rendered":"http:\/\/www.libraria-occitana.org\/?post_type=product&#038;p=32967\/"},"modified":"2026-08-31T16:25:38","modified_gmt":"2026-08-31T14:25:38","slug":"un-siecle-de-groupes-folkloriques-en-france","status":"publish","type":"product","link":"https:\/\/www.libraria-occitana.org\/oc\/produch\/un-siecle-de-groupes-folkloriques-en-france\/","title":{"rendered":"UN SIECLE DE GROUPES FOLKLORIQUES EN FRANCE"},"content":{"rendered":"<p style=\"margin:0;\"><span style=\"font-family:'Times New Roman';font-size:12pt;\">Les groupes folkloriques apparaissent en France au d\u00e9but du XX\u00e8me si\u00e8cle. \u00c0 ce moment, les traditions se sont affaiblies et les modes de vie uniformis\u00e9s dans l&#8217;ensemble des provinces. Mais, en m\u00eame temps une nouvelle curiosit\u00e9 pour le pass\u00e9 et les cultures locales est apparue. Les groupes folkloriques s&#8217;ins\u00e8rent dans ce mouvement et dans le r\u00e9gionalisme de l&#8217;\u00e9poque.<br \/>Ils se donnent pour but de conserver la danse, la musique et le costume populaire traditionnels avec leurs caract\u00e8res locaux et de les faire conna\u00eetre. Ceci les am\u00e8ne \u00e0 transformer l&#8217;assembl\u00e9e de danse spontan\u00e9e d&#8217;autrefois en un spectacle programm\u00e9 destin\u00e9 \u00e0 un public. Cette adaptation fait l&#8217;objet de nombreux d\u00e9bats et entra\u00eene, dans le milieu folkloriste, la formation de plusieurs courants et une forte diversification de spectacles.<br \/>Au fil des ann\u00e9es, les groupes folkloriques se sont multipli\u00e9s et structur\u00e9s jusqu&#8217;au niveau international. Ils se sont orient\u00e9s vers le rapprochement des peuples par la confrontation des cultures populaires. De nombreux festivals sont organis\u00e9s dans cet esprit.<br \/>Finalement, la danse traditionnelle est devenue un objet d&#8217;\u00e9rudition, la base d&#8217;un mouvement associatif et un nouvel art populaire.<\/p>\n<p>Autor : Duflos-Priot, Marie-Th\u00e9r\u00e8se<br \/>Linga : Franc\u00e9s<br \/>Parucion : 10\/1995<br \/>Editor : L&#8217;Harmattan<br \/>Colleccion : Minorit\u00e9s &#038; Soci\u00e9t\u00e9s<br \/>Nb de pajas : 350<br \/>Format : 13,5 x 21,5 cm<br \/>P\u00e9s : 434 g<br \/>EAN 13 : 9782738438300&nbsp;<br \/><\/span><\/p>\n","protected":false},"excerpt":{"rendered":"<p>Les groupes folkloriques apparaissent en France au d\u00e9but du XX\u00e8me si\u00e8cle. \u00c0 ce moment, les traditions se sont affaiblies et les modes de vie uniformis\u00e9s dans l&#8217;ensemble des provinces. Mais, en m\u00eame temps une nouvelle curiosit\u00e9 pour le pass\u00e9 et les cultures locales est apparue. Les groupes folkloriques s&#8217;ins\u00e8rent dans ce mouvement et dans le [&hellip;]<\/p>\n","protected":false},"featured_media":0,"template":"","meta":{"_acf_changed":false,"_genesis_hide_title":false,"_genesis_hide_breadcrumbs":false,"_genesis_hide_singular_image":false,"_genesis_hide_footer_widgets":false,"_genesis_custom_body_class":"","_genesis_custom_post_class":"","_genesis_layout":""},"product_brand":[],"product_cat":[16136],"product_tag":[],"class_list":["post-32967","product","type-product","status-publish","product_cat-non-classe-oc","pa_auteurs-duflos-priot-m-t","entry","first","outofstock","purchasable","product-type-simple"],"acf":[],"_links":{"self":[{"href":"https:\/\/www.libraria-occitana.org\/oc\/wp-json\/wp\/v2\/product\/32967","targetHints":{"allow":["GET"]}}],"collection":[{"href":"https:\/\/www.libraria-occitana.org\/oc\/wp-json\/wp\/v2\/product"}],"about":[{"href":"https:\/\/www.libraria-occitana.org\/oc\/wp-json\/wp\/v2\/types\/product"}],"wp:attachment":[{"href":"https:\/\/www.libraria-occitana.org\/oc\/wp-json\/wp\/v2\/media?parent=32967"}],"wp:term":[{"taxonomy":"product_brand","embeddable":true,"href":"https:\/\/www.libraria-occitana.org\/oc\/wp-json\/wp\/v2\/product_brand?post=32967"},{"taxonomy":"product_cat","embeddable":true,"href":"https:\/\/www.libraria-occitana.org\/oc\/wp-json\/wp\/v2\/product_cat?post=32967"},{"taxonomy":"product_tag","embeddable":true,"href":"https:\/\/www.libraria-occitana.org\/oc\/wp-json\/wp\/v2\/product_tag?post=32967"}],"curies":[{"name":"wp","href":"https:\/\/api.w.org\/{rel}","templated":true}]}}

<p style="margin:0;"><span style="font-family:'Times New Roman';font-size:12pt;">Les groupes folkloriques apparaissent en France au début du XXème siècle. À ce moment, les traditions se sont affaiblies et les modes de vie uniformisés dans l&#8217;ensemble des provinces. Mais, en même temps une nouvelle curiosité pour le passé et les cultures locales est apparue. Les groupes folkloriques s&#8217;insèrent dans ce mouvement et dans le régionalisme de l&#8217;époque.<br />Ils se donnent pour but de conserver la danse, la musique et le costume populaire traditionnels avec leurs caractères locaux et de les faire connaître. Ceci les amène à transformer l&#8217;assemblée de danse spontanée d&#8217;autrefois en un spectacle programmé destiné à un public. Cette adaptation fait l&#8217;objet de nombreux débats et entraîne, dans le milieu folkloriste, la formation de plusieurs courants et une forte diversification de spectacles.<br />Au fil des années, les groupes folkloriques se sont multipliés et structurés jusqu&#8217;au niveau international. Ils se sont orientés vers le rapprochement des peuples par la confrontation des cultures populaires. De nombreux festivals sont organisés dans cet esprit.<br />Finalement, la danse traditionnelle est devenue un objet d&#8217;érudition, la base d&#8217;un mouvement associatif et un nouvel art populaire.</p>
<p>Autor : Duflos-Priot, Marie-Thérèse<br />Linga : Francés<br />Parucion : 10/1995<br />Editor : L&#8217;Harmattan<br />Colleccion : Minorités &#038; Sociétés<br />Nb de pajas : 350<br />Format : 13,5 x 21,5 cm<br />Pés : 434 g<br />EAN 13 : 9782738438300&nbsp;<br /></span></p>

<p>Les groupes folkloriques apparaissent en France au début du XXème siècle. À ce moment, les traditions se sont affaiblies et les modes de vie uniformisés dans l&#8217;ensemble des provinces. Mais, en même temps une nouvelle curiosité pour le passé et les cultures locales est apparue. Les groupes folkloriques s&#8217;insèrent dans ce mouvement et dans le [&hellip;]</p>
