{"id":32982,"date":"2026-08-31T17:30:18","date_gmt":"2026-08-31T15:30:18","guid":{"rendered":"http:\/\/www.libraria-occitana.org\/?post_type=product&#038;p=32982\/"},"modified":"2026-08-31T17:30:21","modified_gmt":"2026-08-31T15:30:21","slug":"un-conteur-provencal-au-xviiie-siecle-jean-de-cabanes-suivi-de-vingt-contes","status":"publish","type":"product","link":"https:\/\/www.libraria-occitana.org\/oc\/produch\/un-conteur-provencal-au-xviiie-siecle-jean-de-cabanes-suivi-de-vingt-contes\/","title":{"rendered":"UN CONTEUR PROVENCAL AU XVIIIE SIECLE : JEAN DE CABANES SUIVI DE VINGT CONTES"},"content":{"rendered":"<p style=\"margin:0;\"><span style=\"font-family:'Times New Roman';font-size:12pt;\">Jean de Cabanes <wbr>(Aix-en-Provence, 1654-1717), malgr\u00e9 l&#8217;importance de son \u0153uvre, demeure un \u00e9crivain m\u00e9connu. A l&#8217;exception d&#8217;un long po\u00e8me narratif, l&#8217;Histourien sincere, publi\u00e9 au XIX\u00e8me si\u00e8cle, ses manuscrits sont rest\u00e9s \u00e0 peu pr\u00e8s totalement in\u00e9dits jusqu&#8217;\u00e0 aujourd&#8217;hui. Cabanes, comme Jean-Baptiste Fabre, l&#8217;auteur de l&#8217;Histoire de Jean-l&#8217;on-pris, para\u00eet avoir r\u00e9serv\u00e9 son \u0153uvre \u00e0 la lecture entre amis, peut-\u00eatre parce qu&#8217;il redoutait les r\u00e9actions que ne manqueraient pas de susciter certaines \u00e9vocations tr\u00e8s libres de la soci\u00e9t\u00e9 aixoise de son temps.<br \/>Cette \u0153uvre m\u00e9ritait pourtant largement d&#8217;\u00eatre sortie de l&#8217;ombre : elle t\u00e9moigne d&#8217;une volont\u00e9 d&#8217;\u00e9criture de haute ambition, qui cherche \u00e0 installer l&#8217;occitan sur les terrains les plus divers. H\u00e9ritier de la tradition carnavalesque d&#8217;Aix, homme de grande culture soucieux de modernit\u00e9, Jean de Cabanes recueille et remod\u00e8le la parole populaire <wbr>(avec ses Prouverbis et santan\u00e7os prouven\u00e7alos et ses Enigmos), d\u00e9roule la chronique scandaleuse de son \u00e9poque <wbr>(Satiro contre la s\u0153ur de la Croix), met en sc\u00e8ne les travers et les obsessions de ses contemporains <wbr>(il nous a laiss\u00e9 cinq grandes com\u00e9dies en cinq actes). Mais c&#8217;est peut-\u00eatre dans ses proses <wbr>(Paraulos et fats noutables, eitant serious coumo plezants) et plus encore dans ses Contes en vers proven\u00e7aus qu&#8217;il donne la pleine mesure de son talent : \u00e0 l&#8217;\u00e9cole de ses grands devanciers, Bocace, l&#8217;Arioste, Machiavel ou Marguerite de Navarre, il y fait montre d&#8217;une \u00e9tonnante virtuosit\u00e9. Tour \u00e0 tour graves, souriants, teint\u00e9s d&#8217;\u00e9rotisme d\u00e9brid\u00e9 ou d&#8217;esprit critique tr\u00e8s libre, les Contes de Cabanes r\u00e9v\u00e8lent un \u00e9crivain v\u00e9ritable, digne d&#8217;\u00eatre lu et appr\u00e9ci\u00e9.<\/p>\n<p>Autor : Gardy, Philippe ; Cabanes, Jean de<br \/>Linga : Occitan <wbr>(proven\u00e7au) &#8211; franc\u00e9s<br \/>Parucion : 06\/1982<br \/>Editor : \u00c9disud<br \/>Nb de pajas : 199<br \/>Format : 14 x 21,5 cm<br \/>P\u00e9s : 254 g<br \/>EAN 13 : 9782857441199<br \/><\/span><\/p>\n","protected":false},"excerpt":{"rendered":"<p>Jean de Cabanes (Aix-en-Provence, 1654-1717), malgr\u00e9 l&#8217;importance de son \u0153uvre, demeure un \u00e9crivain m\u00e9connu. A l&#8217;exception d&#8217;un long po\u00e8me narratif, l&#8217;Histourien sincere, publi\u00e9 au XIX\u00e8me si\u00e8cle, ses manuscrits sont rest\u00e9s \u00e0 peu pr\u00e8s totalement in\u00e9dits jusqu&#8217;\u00e0 aujourd&#8217;hui. Cabanes, comme Jean-Baptiste Fabre, l&#8217;auteur de l&#8217;Histoire de Jean-l&#8217;on-pris, para\u00eet avoir r\u00e9serv\u00e9 son \u0153uvre \u00e0 la lecture entre [&hellip;]<\/p>\n","protected":false},"featured_media":0,"template":"","meta":{"_acf_changed":false,"_genesis_hide_title":false,"_genesis_hide_breadcrumbs":false,"_genesis_hide_singular_image":false,"_genesis_hide_footer_widgets":false,"_genesis_custom_body_class":"","_genesis_custom_post_class":"","_genesis_layout":""},"product_brand":[],"product_cat":[7177,7133,7175,16136],"product_tag":[],"class_list":["post-32982","product","type-product","status-publish","product_cat-contes-fablas-oc","product_cat-libres-oc","product_cat-literatura-oc","product_cat-non-classe-oc","pa_auteurs-gardy-philippe-cabanes-jean-de","entry","first","outofstock","purchasable","product-type-simple"],"acf":[],"_links":{"self":[{"href":"https:\/\/www.libraria-occitana.org\/oc\/wp-json\/wp\/v2\/product\/32982","targetHints":{"allow":["GET"]}}],"collection":[{"href":"https:\/\/www.libraria-occitana.org\/oc\/wp-json\/wp\/v2\/product"}],"about":[{"href":"https:\/\/www.libraria-occitana.org\/oc\/wp-json\/wp\/v2\/types\/product"}],"wp:attachment":[{"href":"https:\/\/www.libraria-occitana.org\/oc\/wp-json\/wp\/v2\/media?parent=32982"}],"wp:term":[{"taxonomy":"product_brand","embeddable":true,"href":"https:\/\/www.libraria-occitana.org\/oc\/wp-json\/wp\/v2\/product_brand?post=32982"},{"taxonomy":"product_cat","embeddable":true,"href":"https:\/\/www.libraria-occitana.org\/oc\/wp-json\/wp\/v2\/product_cat?post=32982"},{"taxonomy":"product_tag","embeddable":true,"href":"https:\/\/www.libraria-occitana.org\/oc\/wp-json\/wp\/v2\/product_tag?post=32982"}],"curies":[{"name":"wp","href":"https:\/\/api.w.org\/{rel}","templated":true}]}}

<p style="margin:0;"><span style="font-family:'Times New Roman';font-size:12pt;">Jean de Cabanes <wbr>(Aix-en-Provence, 1654-1717), malgré l&#8217;importance de son œuvre, demeure un écrivain méconnu. A l&#8217;exception d&#8217;un long poème narratif, l&#8217;Histourien sincere, publié au XIXème siècle, ses manuscrits sont restés à peu près totalement inédits jusqu&#8217;à aujourd&#8217;hui. Cabanes, comme Jean-Baptiste Fabre, l&#8217;auteur de l&#8217;Histoire de Jean-l&#8217;on-pris, paraît avoir réservé son œuvre à la lecture entre amis, peut-être parce qu&#8217;il redoutait les réactions que ne manqueraient pas de susciter certaines évocations très libres de la société aixoise de son temps.<br />Cette œuvre méritait pourtant largement d&#8217;être sortie de l&#8217;ombre : elle témoigne d&#8217;une volonté d&#8217;écriture de haute ambition, qui cherche à installer l&#8217;occitan sur les terrains les plus divers. Héritier de la tradition carnavalesque d&#8217;Aix, homme de grande culture soucieux de modernité, Jean de Cabanes recueille et remodèle la parole populaire <wbr>(avec ses Prouverbis et santanços prouvençalos et ses Enigmos), déroule la chronique scandaleuse de son époque <wbr>(Satiro contre la sœur de la Croix), met en scène les travers et les obsessions de ses contemporains <wbr>(il nous a laissé cinq grandes comédies en cinq actes). Mais c&#8217;est peut-être dans ses proses <wbr>(Paraulos et fats noutables, eitant serious coumo plezants) et plus encore dans ses Contes en vers provençaus qu&#8217;il donne la pleine mesure de son talent : à l&#8217;école de ses grands devanciers, Bocace, l&#8217;Arioste, Machiavel ou Marguerite de Navarre, il y fait montre d&#8217;une étonnante virtuosité. Tour à tour graves, souriants, teintés d&#8217;érotisme débridé ou d&#8217;esprit critique très libre, les Contes de Cabanes révèlent un écrivain véritable, digne d&#8217;être lu et apprécié.</p>
<p>Autor : Gardy, Philippe ; Cabanes, Jean de<br />Linga : Occitan <wbr>(provençau) &#8211; francés<br />Parucion : 06/1982<br />Editor : Édisud<br />Nb de pajas : 199<br />Format : 14 x 21,5 cm<br />Pés : 254 g<br />EAN 13 : 9782857441199<br /></span></p>

<p>Jean de Cabanes (Aix-en-Provence, 1654-1717), malgré l&#8217;importance de son œuvre, demeure un écrivain méconnu. A l&#8217;exception d&#8217;un long poème narratif, l&#8217;Histourien sincere, publié au XIXème siècle, ses manuscrits sont restés à peu près totalement inédits jusqu&#8217;à aujourd&#8217;hui. Cabanes, comme Jean-Baptiste Fabre, l&#8217;auteur de l&#8217;Histoire de Jean-l&#8217;on-pris, paraît avoir réservé son œuvre à la lecture entre [&hellip;]</p>
