{"id":33035,"date":"2008-01-18T16:42:00","date_gmt":"2008-01-18T15:42:00","guid":{"rendered":"http:\/\/www.libraria-occitana.org\/?post_type=product&#038;p=33035\/"},"modified":"2026-04-29T05:36:25","modified_gmt":"2026-04-29T03:36:25","slug":"tresors-doccitanie-ives-roqueta-yves-rouquette-morceaux-choisis-dits-par-lauteur","status":"publish","type":"product","link":"https:\/\/www.libraria-occitana.org\/oc\/produch\/tresors-doccitanie-ives-roqueta-yves-rouquette-morceaux-choisis-dits-par-lauteur\/","title":{"rendered":"Tr\u00e9sors d&#8217;Occitanie : Ives Roqueta &#8211; Yves Rouquette, morceaux choisis dits par l&#8217;auteur"},"content":{"rendered":"<p>N\u00e9 en 1936 \u00e0 S\u00e8te et mort en 2015 \u00e0 Camar\u00e8s (12), Yves Rouquette appara\u00eet comme \u00ab l&#8217;athl\u00e8te complet \u00bb de la litt\u00e9rature occitane.<br \/>\nIl a en effet abord\u00e9 avec bonheur le roman, la nouvelle, l&#8217;essai, le th\u00e9\u00e2tre, etc., le tout en menant pendant plusieurs d\u00e9cennies une inlassable activit\u00e9 militante. Mais il est, d&#8217;abord et surtout, le plus important po\u00e8te de sa g\u00e9n\u00e9ration et une r\u00e9f\u00e9rence in\u00e9vitable pour les plus jeunes.<br \/>\nLes po\u00e8mes de haute exigence de ce cr\u00e9ateur toujours insatisfait r\u00e9ussissent \u00e0 demeurer ouvertement lisibles.<br \/>\nParce qu&#8217;ils revendiquent avec passion leur enracinement dans le pr\u00e9sent, ils s&#8217;ins\u00e8rent dans le quotidien.<br \/>\nAussi nombre d&#8217;entre eux ont-ils d\u00e9j\u00e0 pris place dans la m\u00e9moire collective d&#8217;Occitanie. Sa po\u00e9sie aussi r\u00e9aliste que visionnaire est d&#8217;abord celle de la lucidit\u00e9. Dite par lui-m\u00eame dans ce document sonore, elle a la force et le temp\u00e9rament de cet immense \u00e9crivain.<\/p>\n<p><strong>Extrachs de :<\/strong><br \/>\n&#8211; <em>L&#8217;escriveire public<\/em><br \/>\n&#8211; <em>Lo mal de la t\u00e8rra<\/em><br \/>\n&#8211; <em>Messa pels p\u00f2rcs<\/em><br \/>\n&#8211; <em>Lo fu\u00f2c es al cement\u00e8ri<\/em><br \/>\n&#8211; <em>L&#8217;escritura publica o pas<\/em><br \/>\n&#8211; <em>Lo cant dels milenaris<\/em><br \/>\n&#8211; <em>L&#8217;ordinari del mond<\/em><br \/>\n&#8211; <em>Roergue si<\/em><\/p>\n","protected":false},"excerpt":{"rendered":"<p>N\u00e9 en 1936 \u00e0 S\u00e8te et mort en 2015 \u00e0 Camar\u00e8s (12), Yves Rouquette appara\u00eet comme \u00ab l&#8217;athl\u00e8te complet \u00bb de la litt\u00e9rature occitane. Il a en effet abord\u00e9 avec bonheur le roman, la nouvelle, l&#8217;essai, le th\u00e9\u00e2tre, etc., le tout en menant pendant plusieurs d\u00e9cennies une inlassable activit\u00e9 militante. Mais il est, d&#8217;abord et [&hellip;]<\/p>\n","protected":false},"featured_media":52997,"template":"","meta":{"_acf_changed":false,"_genesis_hide_title":false,"_genesis_hide_breadcrumbs":false,"_genesis_hide_singular_image":false,"_genesis_hide_footer_widgets":false,"_genesis_custom_body_class":"","_genesis_custom_post_class":"","_genesis_layout":""},"product_brand":[],"product_cat":[7225,16683],"product_tag":[],"class_list":{"0":"post-33035","1":"product","2":"type-product","3":"status-publish","4":"has-post-thumbnail","6":"product_cat-litterature-musique-oc","7":"product_cat-musica-oc","8":"pa_auteur-roqueta-ives-oc","9":"pa_editeur-occitania-produccions-oc","10":"pa_langue-occitan-oc","11":"pa_langue-occitan-lengadocian-oc","12":"entry","14":"first","15":"instock","16":"shipping-taxable","17":"purchasable","18":"product-type-simple"},"acf":[],"_links":{"self":[{"href":"https:\/\/www.libraria-occitana.org\/oc\/wp-json\/wp\/v2\/product\/33035","targetHints":{"allow":["GET"]}}],"collection":[{"href":"https:\/\/www.libraria-occitana.org\/oc\/wp-json\/wp\/v2\/product"}],"about":[{"href":"https:\/\/www.libraria-occitana.org\/oc\/wp-json\/wp\/v2\/types\/product"}],"wp:featuredmedia":[{"embeddable":true,"href":"https:\/\/www.libraria-occitana.org\/oc\/wp-json\/wp\/v2\/media\/52997"}],"wp:attachment":[{"href":"https:\/\/www.libraria-occitana.org\/oc\/wp-json\/wp\/v2\/media?parent=33035"}],"wp:term":[{"taxonomy":"product_brand","embeddable":true,"href":"https:\/\/www.libraria-occitana.org\/oc\/wp-json\/wp\/v2\/product_brand?post=33035"},{"taxonomy":"product_cat","embeddable":true,"href":"https:\/\/www.libraria-occitana.org\/oc\/wp-json\/wp\/v2\/product_cat?post=33035"},{"taxonomy":"product_tag","embeddable":true,"href":"https:\/\/www.libraria-occitana.org\/oc\/wp-json\/wp\/v2\/product_tag?post=33035"}],"curies":[{"name":"wp","href":"https:\/\/api.w.org\/{rel}","templated":true}]}}

Trésors d&#8217;Occitanie : Ives Roqueta &#8211; Yves Rouquette, morceaux choisis dits par l&#8217;auteur

<p>Né en 1936 à Sète et mort en 2015 à Camarès (12), Yves Rouquette apparaît comme « l&#8217;athlète complet » de la littérature occitane.<br />
Il a en effet abordé avec bonheur le roman, la nouvelle, l&#8217;essai, le théâtre, etc., le tout en menant pendant plusieurs décennies une inlassable activité militante. Mais il est, d&#8217;abord et surtout, le plus important poète de sa génération et une référence inévitable pour les plus jeunes.<br />
Les poèmes de haute exigence de ce créateur toujours insatisfait réussissent à demeurer ouvertement lisibles.<br />
Parce qu&#8217;ils revendiquent avec passion leur enracinement dans le présent, ils s&#8217;insèrent dans le quotidien.<br />
Aussi nombre d&#8217;entre eux ont-ils déjà pris place dans la mémoire collective d&#8217;Occitanie. Sa poésie aussi réaliste que visionnaire est d&#8217;abord celle de la lucidité. Dite par lui-même dans ce document sonore, elle a la force et le tempérament de cet immense écrivain.</p>
<p><strong>Extrachs de :</strong><br />
&#8211; <em>L&#8217;escriveire public</em><br />
&#8211; <em>Lo mal de la tèrra</em><br />
&#8211; <em>Messa pels pòrcs</em><br />
&#8211; <em>Lo fuòc es al cementèri</em><br />
&#8211; <em>L&#8217;escritura publica o pas</em><br />
&#8211; <em>Lo cant dels milenaris</em><br />
&#8211; <em>L&#8217;ordinari del mond</em><br />
&#8211; <em>Roergue si</em></p>

<p>Né en 1936 à Sète et mort en 2015 à Camarès (12), Yves Rouquette apparaît comme « l&#8217;athlète complet » de la littérature occitane. Il a en effet abordé avec bonheur le roman, la nouvelle, l&#8217;essai, le théâtre, etc., le tout en menant pendant plusieurs décennies une inlassable activité militante. Mais il est, d&#8217;abord et [&hellip;]</p>
