{"id":33182,"date":"2026-08-31T16:49:21","date_gmt":"2026-08-31T14:49:21","guid":{"rendered":"http:\/\/www.libraria-occitana.org\/?post_type=product&#038;p=33182\/"},"modified":"2026-08-31T16:49:24","modified_gmt":"2026-08-31T14:49:24","slug":"sur-le-vif","status":"publish","type":"product","link":"https:\/\/www.libraria-occitana.org\/oc\/produch\/sur-le-vif\/","title":{"rendered":"SUR LE VIF"},"content":{"rendered":"<p style=\"margin:0;\"><span style=\"font-family:'Times New Roman';font-size:12pt;\">Sur le vif<\/p>\n<p>Le duo Artense &#8211; Basile Br\u00e9maud et Herv\u00e9 Capel, deux ma\u00eetres de la musique auvergnato-limousine &#8211; pris sur le vif, en bal, un soir de d\u00e9cembre au Gamounet, chez les Brayauds : un grand moment de concert dans une ambiance de bal, ou l&#8217;inverse, peu importe. De la musique traditionnelle vivante, et bien vivante !<\/p>\n<p>Enregistr\u00e9 en bal les 5 &#038; 6 d\u00e9cembre 2013 au Gamounet chez les Brayauds \u00e0 Saint-Bonnet-pr\u00e8s-Riom.<\/p>\n<p>Basile Br\u00e9maud : violon<br \/>Herv\u00e9 Capel : accord\u00e9on chromatique<\/p>\n<p>Invit\u00e9s :<br \/>&#8211; Stefano Valla : piffero <wbr>(7)<br \/>&#8211; Pierre Touret : fifre <wbr>(8)<\/p>\n<p>Indications des sources.<br \/>Traditionnel : Auvergne-Limousin <wbr>(19 titres).<br \/>Compositions : Ren\u00e9 Chaize <wbr>(1 titre), Jean-Marc Delaunay <wbr>(2 titres), Olivier Durif <wbr>(1 titre).<\/p>\n<p>Titres :<br \/>1. &#8230; 0&#8217;50&#8221;<br \/>2. Bourr\u00e9e d&#8217;Ambrugeat \/ La sauterelle 3&#8217;31&#8221;<br \/>3. La chabra bura 3&#8217;27&#8221;<br \/>4. Polkas polonaises \/ Polka de Lanternaire 3&#8217;51&#8221;<br \/>5. Valse parisienne \/ Et l&#8217;autre jour 4&#8217;09&#8221;<br \/>6. Bourr\u00e9e de Lachaud \/ Bourr\u00e9e d&#8217;Alfred Mouret 5&#8217;09&#8221;<br \/>7. Mazurka de l&#8217;aveugle du Valbeleix \/ Polka saltini 6&#8217;34&#8221;<br \/>8. Bourr\u00e9e \u00e0 Delaunay \/ Para lo lop \/ Bourr\u00e9e de Beaupuy 6&#8217;32&#8221;<br \/>9. Marche de noces \/ Bourr\u00e9e de Lanla \/ Bourr\u00e9e \u00e0 Micallet 7&#8217;31&#8221;<br \/>10. Las chan\u00e7ons de mon grand-paire 5&#8217;03&#8221;<br \/>11. Polka de l&#8217;Abiru \/ Polka du Chabrit de Bagnols 4&#8217;00&#8221;<br \/>12. Anem s&#8217;escodre \/ Bourr\u00e9e de Martin Cayla \/ Bourr\u00e9e \u00e0 Olivier Durif 5&#8217;31&#8221;<\/p>\n<p>Autor : Duo Artense<br \/>Parucion : 2014<br \/>Editor : AEPEM<br \/>Format : Digifile 3 volets<br \/>Durada : 56&#8217;09&#8221;<br \/>P\u00e9s : 46 g<br \/><\/span><\/p>\n","protected":false},"excerpt":{"rendered":"<p>Sur le vif Le duo Artense &#8211; Basile Br\u00e9maud et Herv\u00e9 Capel, deux ma\u00eetres de la musique auvergnato-limousine &#8211; pris sur le vif, en bal, un soir de d\u00e9cembre au Gamounet, chez les Brayauds : un grand moment de concert dans une ambiance de bal, ou l&#8217;inverse, peu importe. De la musique traditionnelle vivante, et [&hellip;]<\/p>\n","protected":false},"featured_media":0,"template":"","meta":{"_acf_changed":false,"_genesis_hide_title":false,"_genesis_hide_breadcrumbs":false,"_genesis_hide_singular_image":false,"_genesis_hide_footer_widgets":false,"_genesis_custom_body_class":"","_genesis_custom_post_class":"","_genesis_layout":""},"product_brand":[],"product_cat":[16683,16136,7229],"product_tag":[],"class_list":["post-33182","product","type-product","status-publish","product_cat-musica-oc","product_cat-non-classe-oc","product_cat-novela-tradicion-oc","entry","first","outofstock","purchasable","product-type-simple"],"acf":[],"_links":{"self":[{"href":"https:\/\/www.libraria-occitana.org\/oc\/wp-json\/wp\/v2\/product\/33182","targetHints":{"allow":["GET"]}}],"collection":[{"href":"https:\/\/www.libraria-occitana.org\/oc\/wp-json\/wp\/v2\/product"}],"about":[{"href":"https:\/\/www.libraria-occitana.org\/oc\/wp-json\/wp\/v2\/types\/product"}],"wp:attachment":[{"href":"https:\/\/www.libraria-occitana.org\/oc\/wp-json\/wp\/v2\/media?parent=33182"}],"wp:term":[{"taxonomy":"product_brand","embeddable":true,"href":"https:\/\/www.libraria-occitana.org\/oc\/wp-json\/wp\/v2\/product_brand?post=33182"},{"taxonomy":"product_cat","embeddable":true,"href":"https:\/\/www.libraria-occitana.org\/oc\/wp-json\/wp\/v2\/product_cat?post=33182"},{"taxonomy":"product_tag","embeddable":true,"href":"https:\/\/www.libraria-occitana.org\/oc\/wp-json\/wp\/v2\/product_tag?post=33182"}],"curies":[{"name":"wp","href":"https:\/\/api.w.org\/{rel}","templated":true}]}}

<p style="margin:0;"><span style="font-family:'Times New Roman';font-size:12pt;">Sur le vif</p>
<p>Le duo Artense &#8211; Basile Brémaud et Hervé Capel, deux maîtres de la musique auvergnato-limousine &#8211; pris sur le vif, en bal, un soir de décembre au Gamounet, chez les Brayauds : un grand moment de concert dans une ambiance de bal, ou l&#8217;inverse, peu importe. De la musique traditionnelle vivante, et bien vivante !</p>
<p>Enregistré en bal les 5 &#038; 6 décembre 2013 au Gamounet chez les Brayauds à Saint-Bonnet-près-Riom.</p>
<p>Basile Brémaud : violon<br />Hervé Capel : accordéon chromatique</p>
<p>Invités :<br />&#8211; Stefano Valla : piffero <wbr>(7)<br />&#8211; Pierre Touret : fifre <wbr>(8)</p>
<p>Indications des sources.<br />Traditionnel : Auvergne-Limousin <wbr>(19 titres).<br />Compositions : René Chaize <wbr>(1 titre), Jean-Marc Delaunay <wbr>(2 titres), Olivier Durif <wbr>(1 titre).</p>
<p>Titres :<br />1. &#8230; 0&#8217;50&#8221;<br />2. Bourrée d&#8217;Ambrugeat / La sauterelle 3&#8217;31&#8221;<br />3. La chabra bura 3&#8217;27&#8221;<br />4. Polkas polonaises / Polka de Lanternaire 3&#8217;51&#8221;<br />5. Valse parisienne / Et l&#8217;autre jour 4&#8217;09&#8221;<br />6. Bourrée de Lachaud / Bourrée d&#8217;Alfred Mouret 5&#8217;09&#8221;<br />7. Mazurka de l&#8217;aveugle du Valbeleix / Polka saltini 6&#8217;34&#8221;<br />8. Bourrée à Delaunay / Para lo lop / Bourrée de Beaupuy 6&#8217;32&#8221;<br />9. Marche de noces / Bourrée de Lanla / Bourrée à Micallet 7&#8217;31&#8221;<br />10. Las chançons de mon grand-paire 5&#8217;03&#8221;<br />11. Polka de l&#8217;Abiru / Polka du Chabrit de Bagnols 4&#8217;00&#8221;<br />12. Anem s&#8217;escodre / Bourrée de Martin Cayla / Bourrée à Olivier Durif 5&#8217;31&#8221;</p>
<p>Autor : Duo Artense<br />Parucion : 2014<br />Editor : AEPEM<br />Format : Digifile 3 volets<br />Durada : 56&#8217;09&#8221;<br />Pés : 46 g<br /></span></p>

<p>Sur le vif Le duo Artense &#8211; Basile Brémaud et Hervé Capel, deux maîtres de la musique auvergnato-limousine &#8211; pris sur le vif, en bal, un soir de décembre au Gamounet, chez les Brayauds : un grand moment de concert dans une ambiance de bal, ou l&#8217;inverse, peu importe. De la musique traditionnelle vivante, et [&hellip;]</p>
