{"id":33227,"date":"2026-08-31T17:35:08","date_gmt":"2026-08-31T15:35:08","guid":{"rendered":"http:\/\/www.libraria-occitana.org\/?post_type=product&#038;p=33227\/"},"modified":"2026-08-31T17:35:11","modified_gmt":"2026-08-31T15:35:11","slug":"saveurs-dardeche-au-fil-des-saisons-savors-dardecha-au-fiu-de-las-sasons","status":"publish","type":"product","link":"https:\/\/www.libraria-occitana.org\/oc\/produch\/saveurs-dardeche-au-fil-des-saisons-savors-dardecha-au-fiu-de-las-sasons\/","title":{"rendered":"SAVEURS D&#8217;ARDECHE AU FIL DES SAISONS &#8211; SAVORS D&#8217;ARDECHA AU FIU DE LAS SASONS"},"content":{"rendered":"<p style=\"margin:0;\"><span style=\"font-family:'Times New Roman';font-size:12pt;\">Saveurs d&#8217;Ard\u00e8che au fil des saisons &#8211; Savors d&#8217;Ardecha au fiu de las sasons<\/p>\n<p>Lucette Rouchier est n\u00e9e \u00e0 Beauchastel, en Ard\u00e8che. \u00c0 travers souvenirs et recettes pour chaque mois, elle nous invite \u00e0 d\u00e9couvrir la vie quotidienne dans ce petit village, pendant les ann\u00e9es 40. Elle a choisi d&#8217;\u00e9crire dans les deux langues qui ont berc\u00e9 son enfance : l&#8217;occitan qu&#8217;on appelait \u00ab patois \u00bb, et le fran\u00e7ais.<\/p>\n<p>\u00ab Un livre de cuisine qui cache bien son jeu. Pendant les douze mois de l&#8217;ann\u00e9e, nous suivons les habitudes et les traditions rurales d&#8217;un village ard\u00e9chois, rythm\u00e9 par la cuisine de saison. Les souvenirs laissent la place aux recettes class\u00e9es par th\u00e8mes. \u00bb<\/p>\n<p>\u00ab Ainsi est la cuisine : prise dans les mailles d&#8217;un filet de saisons, de communaut\u00e9s familiales, villageoises ou citadines, de m\u00e9moire personnelle et collective, de r\u00e9f\u00e9rences inscrites dans les arbres, les eaux et la terre d&#8217;un pays, dans le ciel o\u00f9 passe la lune neuve ou vieille. <wbr>[\u2026] Ce \u00ab Fil des saisons \u00bb d\u00e9passe et de beaucoup, Beauchastel. \u00c0 cerner de pr\u00e8s un petit terroir entre le Rh\u00f4ne et l&#8217;Eyrieux, on acc\u00e8de \u00e0 l&#8217;universel. <wbr>[&#8230;] \u00bb<br \/>Marie Rouanet <wbr>(extrait de la pr\u00e9face)<\/p>\n<p>\u00ab Aital es la cosina : presa dins un fialat de sasons, de comunautats \u2013 familhas, vilatges, ciutats \u2013 de mem\u00f2ria personala e collectiva, de referencias escrichas dins los arbres, las aigas, la t\u00e8rra d&#8217;un pa\u00efs, dins lo c\u00e8l ont passa, jove o vi\u00e8lha, la luna. <wbr>[\u2026] Aquel fial de las sasons despassa, emai f\u00f2r\u00e7a, Belchastel. A sarrar de pr\u00f2che un terrador pichon entre R\u00f2se e Eiriu, es a l&#8217;universal qu&#8217;\u00f2m se gand\u00eds. <wbr>[&#8230;] \u00bb<br \/>Maria Roanet <wbr>(tirat dau prefaci)<\/p>\n<p>Complement de titre : Cuisine et traditions &#8211; Cu\u00e8isina e tradicions<br \/>Autor : Rouchier, Lucette<br \/>Illustracions : Rouchier, Christian ; Rouchier, Lucette<br \/>Linga : Occitan <wbr>(vivaroaupenc) &#8211; franc\u00e9s<br \/>Lexic occitan-franc\u00e9s<br \/>Parucion : 11\/2004<br \/>Editor : E &#038; R<br \/>Nb de pajas : 209<br \/>Format : 16 x 24 cm<br \/>P\u00e9s : 378 g<br \/>EAN 13 : 9782910669294<br \/><\/span><\/p>\n","protected":false},"excerpt":{"rendered":"<p>Saveurs d&#8217;Ard\u00e8che au fil des saisons &#8211; Savors d&#8217;Ardecha au fiu de las sasons Lucette Rouchier est n\u00e9e \u00e0 Beauchastel, en Ard\u00e8che. \u00c0 travers souvenirs et recettes pour chaque mois, elle nous invite \u00e0 d\u00e9couvrir la vie quotidienne dans ce petit village, pendant les ann\u00e9es 40. Elle a choisi d&#8217;\u00e9crire dans les deux langues qui [&hellip;]<\/p>\n","protected":false},"featured_media":0,"template":"","meta":{"_acf_changed":false,"_genesis_hide_title":false,"_genesis_hide_breadcrumbs":false,"_genesis_hide_singular_image":false,"_genesis_hide_footer_widgets":false,"_genesis_custom_body_class":"","_genesis_custom_post_class":"","_genesis_layout":""},"product_brand":[],"product_cat":[7211,7133,16136,7207],"product_tag":[],"class_list":["post-33227","product","type-product","status-publish","product_cat-cosina-gastronomia-oc","product_cat-libres-oc","product_cat-non-classe-oc","product_cat-tradicions-patrimoni-oc","entry","first","instock","purchasable","product-type-simple"],"acf":[],"_links":{"self":[{"href":"https:\/\/www.libraria-occitana.org\/oc\/wp-json\/wp\/v2\/product\/33227","targetHints":{"allow":["GET"]}}],"collection":[{"href":"https:\/\/www.libraria-occitana.org\/oc\/wp-json\/wp\/v2\/product"}],"about":[{"href":"https:\/\/www.libraria-occitana.org\/oc\/wp-json\/wp\/v2\/types\/product"}],"wp:attachment":[{"href":"https:\/\/www.libraria-occitana.org\/oc\/wp-json\/wp\/v2\/media?parent=33227"}],"wp:term":[{"taxonomy":"product_brand","embeddable":true,"href":"https:\/\/www.libraria-occitana.org\/oc\/wp-json\/wp\/v2\/product_brand?post=33227"},{"taxonomy":"product_cat","embeddable":true,"href":"https:\/\/www.libraria-occitana.org\/oc\/wp-json\/wp\/v2\/product_cat?post=33227"},{"taxonomy":"product_tag","embeddable":true,"href":"https:\/\/www.libraria-occitana.org\/oc\/wp-json\/wp\/v2\/product_tag?post=33227"}],"curies":[{"name":"wp","href":"https:\/\/api.w.org\/{rel}","templated":true}]}}

<p style="margin:0;"><span style="font-family:'Times New Roman';font-size:12pt;">Saveurs d&#8217;Ardèche au fil des saisons &#8211; Savors d&#8217;Ardecha au fiu de las sasons</p>
<p>Lucette Rouchier est née à Beauchastel, en Ardèche. À travers souvenirs et recettes pour chaque mois, elle nous invite à découvrir la vie quotidienne dans ce petit village, pendant les années 40. Elle a choisi d&#8217;écrire dans les deux langues qui ont bercé son enfance : l&#8217;occitan qu&#8217;on appelait « patois », et le français.</p>
<p>« Un livre de cuisine qui cache bien son jeu. Pendant les douze mois de l&#8217;année, nous suivons les habitudes et les traditions rurales d&#8217;un village ardéchois, rythmé par la cuisine de saison. Les souvenirs laissent la place aux recettes classées par thèmes. »</p>
<p>« Ainsi est la cuisine : prise dans les mailles d&#8217;un filet de saisons, de communautés familiales, villageoises ou citadines, de mémoire personnelle et collective, de références inscrites dans les arbres, les eaux et la terre d&#8217;un pays, dans le ciel où passe la lune neuve ou vieille. <wbr>[…] Ce « Fil des saisons » dépasse et de beaucoup, Beauchastel. À cerner de près un petit terroir entre le Rhône et l&#8217;Eyrieux, on accède à l&#8217;universel. <wbr>[&#8230;] »<br />Marie Rouanet <wbr>(extrait de la préface)</p>
<p>« Aital es la cosina : presa dins un fialat de sasons, de comunautats – familhas, vilatges, ciutats – de memòria personala e collectiva, de referencias escrichas dins los arbres, las aigas, la tèrra d&#8217;un païs, dins lo cèl ont passa, jove o vièlha, la luna. <wbr>[…] Aquel fial de las sasons despassa, emai fòrça, Belchastel. A sarrar de pròche un terrador pichon entre Ròse e Eiriu, es a l&#8217;universal qu&#8217;òm se gandís. <wbr>[&#8230;] »<br />Maria Roanet <wbr>(tirat dau prefaci)</p>
<p>Complement de titre : Cuisine et traditions &#8211; Cuèisina e tradicions<br />Autor : Rouchier, Lucette<br />Illustracions : Rouchier, Christian ; Rouchier, Lucette<br />Linga : Occitan <wbr>(vivaroaupenc) &#8211; francés<br />Lexic occitan-francés<br />Parucion : 11/2004<br />Editor : E &#038; R<br />Nb de pajas : 209<br />Format : 16 x 24 cm<br />Pés : 378 g<br />EAN 13 : 9782910669294<br /></span></p>

<p>Saveurs d&#8217;Ardèche au fil des saisons &#8211; Savors d&#8217;Ardecha au fiu de las sasons Lucette Rouchier est née à Beauchastel, en Ardèche. À travers souvenirs et recettes pour chaque mois, elle nous invite à découvrir la vie quotidienne dans ce petit village, pendant les années 40. Elle a choisi d&#8217;écrire dans les deux langues qui [&hellip;]</p>
