{"id":33282,"date":"2003-04-14T08:09:19","date_gmt":"2003-04-14T06:09:19","guid":{"rendered":"http:\/\/www.libraria-occitana.org\/?post_type=product&#038;p=33282\/"},"modified":"2026-04-29T04:06:50","modified_gmt":"2026-04-29T02:06:50","slug":"repertoire-pour-accordeon-diatonique-repertori-per-acordeon-diatonic-musique-du-quercy-musica-de-carcin-libre-cd","status":"publish","type":"product","link":"https:\/\/www.libraria-occitana.org\/oc\/produch\/repertoire-pour-accordeon-diatonique-repertori-per-acordeon-diatonic-musique-du-quercy-musica-de-carcin-libre-cd\/","title":{"rendered":"R\u00e9pertoire pour accord\u00e9on diatonique &#8211; Repert\u00f2ri per acordeon diatonic : Musique du Quercy &#8211; Musica de Carcin (libre + CD)"},"content":{"rendered":"<p>30 morceaux en CD, partitions et tablatures.<\/p>\n<p>&#8211; La can\u00e7on que tu cantas<br \/>\n&#8211; Mi\u00e8g-torn<br \/>\n&#8211; Mais \u00e0 pr\u00e9sent<br \/>\n&#8211; L&#8217;aurelha de lebre<br \/>\n&#8211; Bourr\u00e9e de Ganioles<br \/>\n&#8211; La maire Antoena<br \/>\n&#8211; La dansar\u00e8m pas pus<br \/>\n&#8211; Ta-lin Ta-lon<br \/>\n&#8211; Quand lo pastor vai amodar<br \/>\n&#8211; Los jorns de mai<br \/>\n&#8211; Dess\u00fas la grava de Bord\u00e8u<br \/>\n&#8211; Bourr\u00e9e du placard<br \/>\n&#8211; Tan que t&#8217;aimavi<br \/>\n&#8211; Trinhon de Bergon<br \/>\n&#8211; Scottish d&#8217;Elie Planard<br \/>\n&#8211; Logariatz pas un gardaire<br \/>\n&#8211; Lo merle<br \/>\n&#8211; De bon maitin<br \/>\n&#8211; Calvinhada<br \/>\n&#8211; Solelh<br \/>\n&#8211; Farandole de mai<br \/>\n&#8211; Mazurka d&#8217;Aynac<br \/>\n&#8211; Para lo lop<br \/>\n&#8211; Dej\u00f2s lo pont de Lion<br \/>\n&#8211; Les maris costauds<br \/>\n&#8211; Polka de Prayssac<br \/>\n&#8211; Mazurka d&#8217;Arcoutel<br \/>\n&#8211; Ai vist lo lop e la l\u00e8bre<br \/>\n&#8211; La n\u00f2via<\/p>\n","protected":false},"excerpt":{"rendered":"<p>30 morceaux en CD, partitions et tablatures. &#8211; La can\u00e7on que tu cantas &#8211; Mi\u00e8g-torn &#8211; Mais \u00e0 pr\u00e9sent &#8211; L&#8217;aurelha de lebre &#8211; Bourr\u00e9e de Ganioles &#8211; La maire Antoena &#8211; La dansar\u00e8m pas pus &#8211; Ta-lin Ta-lon &#8211; Quand lo pastor vai amodar &#8211; Los jorns de mai &#8211; Dess\u00fas la grava de [&hellip;]<\/p>\n","protected":false},"featured_media":38383,"template":"","meta":{"_acf_changed":false,"_genesis_hide_title":false,"_genesis_hide_breadcrumbs":false,"_genesis_hide_singular_image":false,"_genesis_hide_footer_widgets":false,"_genesis_custom_body_class":"","_genesis_custom_post_class":"","_genesis_layout":""},"product_brand":[],"product_cat":[7133,7191,7193],"product_tag":[],"class_list":{"0":"post-33282","1":"product","2":"type-product","3":"status-publish","4":"has-post-thumbnail","6":"product_cat-libres-oc","7":"product_cat-musica-danca-oc","8":"product_cat-particions-paraulas-de-chancons-oc","9":"pa_auteur-brotto-cyrille-oc","10":"pa_editeur-amtp-quercy-oc","11":"pa_langue-occitan-lengadocian-oc","12":"pa_langue-occitan-francais-oc","13":"entry","15":"first","16":"outofstock","17":"shipping-taxable","18":"purchasable","19":"product-type-simple"},"acf":[],"_links":{"self":[{"href":"https:\/\/www.libraria-occitana.org\/oc\/wp-json\/wp\/v2\/product\/33282","targetHints":{"allow":["GET"]}}],"collection":[{"href":"https:\/\/www.libraria-occitana.org\/oc\/wp-json\/wp\/v2\/product"}],"about":[{"href":"https:\/\/www.libraria-occitana.org\/oc\/wp-json\/wp\/v2\/types\/product"}],"wp:featuredmedia":[{"embeddable":true,"href":"https:\/\/www.libraria-occitana.org\/oc\/wp-json\/wp\/v2\/media\/38383"}],"wp:attachment":[{"href":"https:\/\/www.libraria-occitana.org\/oc\/wp-json\/wp\/v2\/media?parent=33282"}],"wp:term":[{"taxonomy":"product_brand","embeddable":true,"href":"https:\/\/www.libraria-occitana.org\/oc\/wp-json\/wp\/v2\/product_brand?post=33282"},{"taxonomy":"product_cat","embeddable":true,"href":"https:\/\/www.libraria-occitana.org\/oc\/wp-json\/wp\/v2\/product_cat?post=33282"},{"taxonomy":"product_tag","embeddable":true,"href":"https:\/\/www.libraria-occitana.org\/oc\/wp-json\/wp\/v2\/product_tag?post=33282"}],"curies":[{"name":"wp","href":"https:\/\/api.w.org\/{rel}","templated":true}]}}

Répertoire pour accordéon diatonique &#8211; Repertòri per acordeon diatonic : Musique du Quercy &#8211; Musica de Carcin (libre + CD)

<p>30 morceaux en CD, partitions et tablatures.</p>
<p>&#8211; La cançon que tu cantas<br />
&#8211; Mièg-torn<br />
&#8211; Mais à présent<br />
&#8211; L&#8217;aurelha de lebre<br />
&#8211; Bourrée de Ganioles<br />
&#8211; La maire Antoena<br />
&#8211; La dansarèm pas pus<br />
&#8211; Ta-lin Ta-lon<br />
&#8211; Quand lo pastor vai amodar<br />
&#8211; Los jorns de mai<br />
&#8211; Dessús la grava de Bordèu<br />
&#8211; Bourrée du placard<br />
&#8211; Tan que t&#8217;aimavi<br />
&#8211; Trinhon de Bergon<br />
&#8211; Scottish d&#8217;Elie Planard<br />
&#8211; Logariatz pas un gardaire<br />
&#8211; Lo merle<br />
&#8211; De bon maitin<br />
&#8211; Calvinhada<br />
&#8211; Solelh<br />
&#8211; Farandole de mai<br />
&#8211; Mazurka d&#8217;Aynac<br />
&#8211; Para lo lop<br />
&#8211; Dejòs lo pont de Lion<br />
&#8211; Les maris costauds<br />
&#8211; Polka de Prayssac<br />
&#8211; Mazurka d&#8217;Arcoutel<br />
&#8211; Ai vist lo lop e la lèbre<br />
&#8211; La nòvia</p>

<p>30 morceaux en CD, partitions et tablatures. &#8211; La cançon que tu cantas &#8211; Mièg-torn &#8211; Mais à présent &#8211; L&#8217;aurelha de lebre &#8211; Bourrée de Ganioles &#8211; La maire Antoena &#8211; La dansarèm pas pus &#8211; Ta-lin Ta-lon &#8211; Quand lo pastor vai amodar &#8211; Los jorns de mai &#8211; Dessús la grava de [&hellip;]</p>
