{"id":33400,"date":"2026-08-31T16:56:06","date_gmt":"2026-08-31T14:56:06","guid":{"rendered":"http:\/\/www.libraria-occitana.org\/?post_type=product&#038;p=33400\/"},"modified":"2026-08-31T16:56:09","modified_gmt":"2026-08-31T14:56:09","slug":"per-un-pais-ecrits-sur-la-langue-et-la-litterature-occitanes-modernes","status":"publish","type":"product","link":"https:\/\/www.libraria-occitana.org\/oc\/produch\/per-un-pais-ecrits-sur-la-langue-et-la-litterature-occitanes-modernes\/","title":{"rendered":"PER UN PAIS &#8230; ECRITS SUR LA LANGUE ET LA LITTERATURE OCCITANES MODERNES"},"content":{"rendered":"<p style=\"margin:0;\"><span style=\"font-family:'Times New Roman';font-size:12pt;\">Per un pa\u00efs &#8230; Ecrits sur la langue et la litt\u00e9rature occitanes modernes<\/p>\n<p>&#8220;N\u00e9 \u00e0 Paris d&#8217;un p\u00e8re gascon et d&#8217;une m\u00e8re cr\u00e9ole, c&#8217;est vers l&#8217;\u00e2ge de six ans que j&#8217;eus pour ainsi dire mon premier choc linguistique &#8230;<br \/>Et puis, aux alentours de 1950, ce fut la grande r\u00e9v\u00e9lation de l&#8217;occitanisme. D\u00e9sormais ma qu\u00eate linguistique \u00e9tait au service d&#8217;une cause : la d\u00e9fense d&#8217;une langue et d&#8217;une culture aujourd&#8217;hui menac\u00e9es de mort &#8230;&#8221;<br \/>Ancien directeur du Centre d&#8217;Etudes Sup\u00e9rieures de civilisation M\u00e9di\u00e9vale de Poitiers, professeur honoraire de la m\u00eame Universit\u00e9, pr\u00e9sident de l&#8217;Institut d&#8217;estudis Occitans de 1962 \u00e0 1980, Pierre Bec partage son activit\u00e9 entre la recherche sp\u00e9cialis\u00e9e, son engagement occitaniste et la cr\u00e9ation litt\u00e9raire.<\/p>\n<p>Publicat en omenatge a P\u00e8ire Bec, a l&#8217;escasen\u00e7a de sos 80 ans, Per un pa\u00efs &#8230; recampa d&#8217;articles e de comunicacions, de c\u00f2ps que i a dificils a trapar, que la publicacion se&#8217;n escalona entre 1956 e 1997. Los especialistes e los curioses trobar\u00e0n dins aquel volum d&#8217;estudis concises e variats sus los asp\u00e8ctes multiples de la lenga e de la literatura occitanas mod\u00e8rnas, en mai dels libres coma La langue occitane, lo Manuel pratique d&#8217;occitan moderne, Le si\u00e8cle d&#8217;or de la po\u00e9sie gasconne, Le sonnet occitan &#8230;<br \/>Per aqueles escriches es retrach lo camin de l&#8217;occitanista qu&#8217;a volgut totjorn botar a la portada de mantun d&#8217;analisis precisas e de niv\u00e8l naut sus d&#8217;asp\u00e8ctes mal coneguts de l&#8217;occitan.<\/p>\n<p>Autor : Bec, Pierre<br \/>Linga : Franc\u00e9s, occitan<br \/>Parucion : 01\/2002<br \/>Editor : IEO Vienne<br \/>Nb de pajas : 381<br \/>Format : 14,5 x 20,5 cm<br \/>P\u00e9s : 412 g<br \/>ISBN 10 : 2951762100<\/span><\/p>\n","protected":false},"excerpt":{"rendered":"<p>Per un pa\u00efs &#8230; Ecrits sur la langue et la litt\u00e9rature occitanes modernes &#8220;N\u00e9 \u00e0 Paris d&#8217;un p\u00e8re gascon et d&#8217;une m\u00e8re cr\u00e9ole, c&#8217;est vers l&#8217;\u00e2ge de six ans que j&#8217;eus pour ainsi dire mon premier choc linguistique &#8230;Et puis, aux alentours de 1950, ce fut la grande r\u00e9v\u00e9lation de l&#8217;occitanisme. D\u00e9sormais ma qu\u00eate linguistique [&hellip;]<\/p>\n","protected":false},"featured_media":0,"template":"","meta":{"_acf_changed":false,"_genesis_hide_title":false,"_genesis_hide_breadcrumbs":false,"_genesis_hide_singular_image":false,"_genesis_hide_footer_widgets":false,"_genesis_custom_body_class":"","_genesis_custom_post_class":"","_genesis_layout":""},"product_brand":[],"product_cat":[7189,7133,7175,16136],"product_tag":[],"class_list":["post-33400","product","type-product","status-publish","product_cat-estudis-literaris-oc","product_cat-libres-oc","product_cat-literatura-oc","product_cat-non-classe-oc","pa_auteur-bec-peire-oc","pa_auteurs-bec-pierre","pa_editeur-ieo-vienne-oc","pa_langue-francais-oc","pa_langue-occitan-oc","entry","first","instock","purchasable","product-type-simple"],"acf":[],"_links":{"self":[{"href":"https:\/\/www.libraria-occitana.org\/oc\/wp-json\/wp\/v2\/product\/33400","targetHints":{"allow":["GET"]}}],"collection":[{"href":"https:\/\/www.libraria-occitana.org\/oc\/wp-json\/wp\/v2\/product"}],"about":[{"href":"https:\/\/www.libraria-occitana.org\/oc\/wp-json\/wp\/v2\/types\/product"}],"wp:attachment":[{"href":"https:\/\/www.libraria-occitana.org\/oc\/wp-json\/wp\/v2\/media?parent=33400"}],"wp:term":[{"taxonomy":"product_brand","embeddable":true,"href":"https:\/\/www.libraria-occitana.org\/oc\/wp-json\/wp\/v2\/product_brand?post=33400"},{"taxonomy":"product_cat","embeddable":true,"href":"https:\/\/www.libraria-occitana.org\/oc\/wp-json\/wp\/v2\/product_cat?post=33400"},{"taxonomy":"product_tag","embeddable":true,"href":"https:\/\/www.libraria-occitana.org\/oc\/wp-json\/wp\/v2\/product_tag?post=33400"}],"curies":[{"name":"wp","href":"https:\/\/api.w.org\/{rel}","templated":true}]}}

<p style="margin:0;"><span style="font-family:'Times New Roman';font-size:12pt;">Per un païs &#8230; Ecrits sur la langue et la littérature occitanes modernes</p>
<p>&#8220;Né à Paris d&#8217;un père gascon et d&#8217;une mère créole, c&#8217;est vers l&#8217;âge de six ans que j&#8217;eus pour ainsi dire mon premier choc linguistique &#8230;<br />Et puis, aux alentours de 1950, ce fut la grande révélation de l&#8217;occitanisme. Désormais ma quête linguistique était au service d&#8217;une cause : la défense d&#8217;une langue et d&#8217;une culture aujourd&#8217;hui menacées de mort &#8230;&#8221;<br />Ancien directeur du Centre d&#8217;Etudes Supérieures de civilisation Médiévale de Poitiers, professeur honoraire de la même Université, président de l&#8217;Institut d&#8217;estudis Occitans de 1962 à 1980, Pierre Bec partage son activité entre la recherche spécialisée, son engagement occitaniste et la création littéraire.</p>
<p>Publicat en omenatge a Pèire Bec, a l&#8217;escasença de sos 80 ans, Per un païs &#8230; recampa d&#8217;articles e de comunicacions, de còps que i a dificils a trapar, que la publicacion se&#8217;n escalona entre 1956 e 1997. Los especialistes e los curioses trobaràn dins aquel volum d&#8217;estudis concises e variats sus los aspèctes multiples de la lenga e de la literatura occitanas modèrnas, en mai dels libres coma La langue occitane, lo Manuel pratique d&#8217;occitan moderne, Le siècle d&#8217;or de la poésie gasconne, Le sonnet occitan &#8230;<br />Per aqueles escriches es retrach lo camin de l&#8217;occitanista qu&#8217;a volgut totjorn botar a la portada de mantun d&#8217;analisis precisas e de nivèl naut sus d&#8217;aspèctes mal coneguts de l&#8217;occitan.</p>
<p>Autor : Bec, Pierre<br />Linga : Francés, occitan<br />Parucion : 01/2002<br />Editor : IEO Vienne<br />Nb de pajas : 381<br />Format : 14,5 x 20,5 cm<br />Pés : 412 g<br />ISBN 10 : 2951762100</span></p>

<p>Per un païs &#8230; Ecrits sur la langue et la littérature occitanes modernes &#8220;Né à Paris d&#8217;un père gascon et d&#8217;une mère créole, c&#8217;est vers l&#8217;âge de six ans que j&#8217;eus pour ainsi dire mon premier choc linguistique &#8230;Et puis, aux alentours de 1950, ce fut la grande révélation de l&#8217;occitanisme. Désormais ma quête linguistique [&hellip;]</p>
