{"id":33430,"date":"2026-08-31T16:37:33","date_gmt":"2026-08-31T14:37:33","guid":{"rendered":"http:\/\/www.libraria-occitana.org\/?post_type=product&#038;p=33430\/"},"modified":"2026-08-31T16:37:37","modified_gmt":"2026-08-31T14:37:37","slug":"promenades-dans-le-temps-passejadas-a-travers-temps","status":"publish","type":"product","link":"https:\/\/www.libraria-occitana.org\/oc\/produch\/promenades-dans-le-temps-passejadas-a-travers-temps\/","title":{"rendered":"PROMENADES DANS LE TEMPS \/ PASSEJADAS A TRAVERS TEMPS"},"content":{"rendered":"<p style=\"margin:0;\"><span style=\"font-family:'Times New Roman';font-size:12pt;\">Un n\u00f2ble, un chavali\u00e8r que plan amava la cha\u00e7a e atanben los tornegs e la gu\u00e8rra, avi\u00e1 un filh unic qu&#8217;adorava, un toton enqu\u00e8ra al br\u00e8\u00e7, aquel qu&#8217;assegurari\u00e1 lo linhatge.<br \/>Avi\u00e1 atanben un lebri\u00e8r incomparable que, a la correguda, atrapava, f\u00f2ra las l\u00e8bres, sas preferidas, tota la salvatgina a borra&#8230; e, de l&#8217;autra salvatgina, aquela a plumas&#8230; se&#8217;n charjava un falcon. E aquelas doas b\u00e8stias, quasi tant coma son filh, lor m\u00e8stre atanben las amava&#8230;<br \/>Trenta contes e racontes eissuts de l\u2019antiquitat legend\u00e0ria, biblica o greco-latina, mai de fabl\u00e8ls e de contes de l\u2019atge mejan. Un mesclad\u00eds sabor\u00f3s de cultura populara e de cultura sabenta e tota una gamma de tons, dempu\u00e8i lo francament comic dusca a l\u2019umor negre, en passar per la gravetat e lo sosrire&#8230;<br \/>CD daus contes legits per l&#8217;autor en occitan <wbr>(una partida).<\/p>\n<p>Trente contes et r\u00e9cits issus soit de l\u2019antiquit\u00e9 l\u00e9gendaire, biblique, ou gr\u00e9coromaine, soit de fabliaux et de contes du Moyen-Age et puisant parfois \u00e0 des sources europ\u00e9ennes comme les aventures de Till Eulenspiegel, ou le D\u00e9cam\u00e9ron de Boccace.<br \/>L\u2019ensemble est un m\u00e9lange savoureux de culture populaire et de culture savante. Car, si certains fabliaux sont encore connus dans le Cantal par la litt\u00e9rature orale, c\u2019est bien une sorte de gageure que de vouloir raconter en occitan d\u2019Auvergne certains \u00e9pisodes h\u00e9rit\u00e9s essentiellement des humanit\u00e9s classiques.<br \/>Ces histoires, dont quelques-unes sont bien connues et d\u2019autres plus rares, l\u2019auteur les fait siennes par le ton, la parlure et la langue occitane du nord du Cantal, comme par les morales qu\u2019il en tire et ses allusions \u00e0 une actualit\u00e9 parfois br\u00fblante.<br \/>Le ton est plaisant, voire franchement comique, mais parfois grave <wbr>(Platon, \u00c9picure). Par sa fantaisie et ses digressions, l\u2019auteur instaure une r\u00e9jouissante connivence avec son lecteur.<br \/>CD des contes lus par l&#8217;auteur en occitan <wbr>(une partie).<\/p>\n<p>Autor : Maur\u00ed, J\u00f2rgi-Maurici<br \/>Illustracions : Sarre, Georges<br \/>Legeire CD : Maur\u00ed, J\u00f2rgi-Maurici<br \/>Linga : Occitan <wbr>(lengadocian) &#8211; franc\u00e9s<br \/>Parucion : 12\/2010<br \/>Editor : L&#8217;Ostal del Libre<br \/>Colleccion : L&#8217;adret &#8211; L&#8217;adrech<br \/>Nb de pajas : 237<br \/>Format : 13,5 x 21 cm<br \/>P\u00e9s : 310 g<br \/>EAN 13 : 9782914662154<br \/><\/span><\/p>\n","protected":false},"excerpt":{"rendered":"<p>Un n\u00f2ble, un chavali\u00e8r que plan amava la cha\u00e7a e atanben los tornegs e la gu\u00e8rra, avi\u00e1 un filh unic qu&#8217;adorava, un toton enqu\u00e8ra al br\u00e8\u00e7, aquel qu&#8217;assegurari\u00e1 lo linhatge.Avi\u00e1 atanben un lebri\u00e8r incomparable que, a la correguda, atrapava, f\u00f2ra las l\u00e8bres, sas preferidas, tota la salvatgina a borra&#8230; e, de l&#8217;autra salvatgina, aquela a [&hellip;]<\/p>\n","protected":false},"featured_media":0,"template":"","meta":{"_acf_changed":false,"_genesis_hide_title":false,"_genesis_hide_breadcrumbs":false,"_genesis_hide_singular_image":false,"_genesis_hide_footer_widgets":false,"_genesis_custom_body_class":"","_genesis_custom_post_class":"","_genesis_layout":""},"product_brand":[],"product_cat":[7177,7133,7175,16136],"product_tag":[],"class_list":["post-33430","product","type-product","status-publish","product_cat-contes-fablas-oc","product_cat-libres-oc","product_cat-literatura-oc","product_cat-non-classe-oc","pa_auteur-mauri-jorgi-maurici-oc","pa_auteurs-georges-m-maury","pa_editeur-lostal-del-libre-oc","pa_editeurs-ostal-del-libre","pa_illustrateur-sarre-jorgi-oc","pa_langue-occitan-lengadocian-oc","pa_langue-occitan-francais-oc","entry","first","instock","purchasable","product-type-simple"],"acf":[],"_links":{"self":[{"href":"https:\/\/www.libraria-occitana.org\/oc\/wp-json\/wp\/v2\/product\/33430","targetHints":{"allow":["GET"]}}],"collection":[{"href":"https:\/\/www.libraria-occitana.org\/oc\/wp-json\/wp\/v2\/product"}],"about":[{"href":"https:\/\/www.libraria-occitana.org\/oc\/wp-json\/wp\/v2\/types\/product"}],"wp:attachment":[{"href":"https:\/\/www.libraria-occitana.org\/oc\/wp-json\/wp\/v2\/media?parent=33430"}],"wp:term":[{"taxonomy":"product_brand","embeddable":true,"href":"https:\/\/www.libraria-occitana.org\/oc\/wp-json\/wp\/v2\/product_brand?post=33430"},{"taxonomy":"product_cat","embeddable":true,"href":"https:\/\/www.libraria-occitana.org\/oc\/wp-json\/wp\/v2\/product_cat?post=33430"},{"taxonomy":"product_tag","embeddable":true,"href":"https:\/\/www.libraria-occitana.org\/oc\/wp-json\/wp\/v2\/product_tag?post=33430"}],"curies":[{"name":"wp","href":"https:\/\/api.w.org\/{rel}","templated":true}]}}

<p style="margin:0;"><span style="font-family:'Times New Roman';font-size:12pt;">Un nòble, un chavalièr que plan amava la chaça e atanben los tornegs e la guèrra, aviá un filh unic qu&#8217;adorava, un toton enquèra al brèç, aquel qu&#8217;assegurariá lo linhatge.<br />Aviá atanben un lebrièr incomparable que, a la correguda, atrapava, fòra las lèbres, sas preferidas, tota la salvatgina a borra&#8230; e, de l&#8217;autra salvatgina, aquela a plumas&#8230; se&#8217;n charjava un falcon. E aquelas doas bèstias, quasi tant coma son filh, lor mèstre atanben las amava&#8230;<br />Trenta contes e racontes eissuts de l’antiquitat legendària, biblica o greco-latina, mai de fablèls e de contes de l’atge mejan. Un mescladís saborós de cultura populara e de cultura sabenta e tota una gamma de tons, dempuèi lo francament comic dusca a l’umor negre, en passar per la gravetat e lo sosrire&#8230;<br />CD daus contes legits per l&#8217;autor en occitan <wbr>(una partida).</p>
<p>Trente contes et récits issus soit de l’antiquité légendaire, biblique, ou grécoromaine, soit de fabliaux et de contes du Moyen-Age et puisant parfois à des sources européennes comme les aventures de Till Eulenspiegel, ou le Décaméron de Boccace.<br />L’ensemble est un mélange savoureux de culture populaire et de culture savante. Car, si certains fabliaux sont encore connus dans le Cantal par la littérature orale, c’est bien une sorte de gageure que de vouloir raconter en occitan d’Auvergne certains épisodes hérités essentiellement des humanités classiques.<br />Ces histoires, dont quelques-unes sont bien connues et d’autres plus rares, l’auteur les fait siennes par le ton, la parlure et la langue occitane du nord du Cantal, comme par les morales qu’il en tire et ses allusions à une actualité parfois brûlante.<br />Le ton est plaisant, voire franchement comique, mais parfois grave <wbr>(Platon, Épicure). Par sa fantaisie et ses digressions, l’auteur instaure une réjouissante connivence avec son lecteur.<br />CD des contes lus par l&#8217;auteur en occitan <wbr>(une partie).</p>
<p>Autor : Maurí, Jòrgi-Maurici<br />Illustracions : Sarre, Georges<br />Legeire CD : Maurí, Jòrgi-Maurici<br />Linga : Occitan <wbr>(lengadocian) &#8211; francés<br />Parucion : 12/2010<br />Editor : L&#8217;Ostal del Libre<br />Colleccion : L&#8217;adret &#8211; L&#8217;adrech<br />Nb de pajas : 237<br />Format : 13,5 x 21 cm<br />Pés : 310 g<br />EAN 13 : 9782914662154<br /></span></p>

<p>Un nòble, un chavalièr que plan amava la chaça e atanben los tornegs e la guèrra, aviá un filh unic qu&#8217;adorava, un toton enquèra al brèç, aquel qu&#8217;assegurariá lo linhatge.Aviá atanben un lebrièr incomparable que, a la correguda, atrapava, fòra las lèbres, sas preferidas, tota la salvatgina a borra&#8230; e, de l&#8217;autra salvatgina, aquela a [&hellip;]</p>
