{"id":33455,"date":"2026-08-31T16:52:14","date_gmt":"2026-08-31T14:52:14","guid":{"rendered":"http:\/\/www.libraria-occitana.org\/?post_type=product&#038;p=33455\/"},"modified":"2026-08-31T16:52:18","modified_gmt":"2026-08-31T14:52:18","slug":"perigueux-ville-occitane","status":"publish","type":"product","link":"https:\/\/www.libraria-occitana.org\/oc\/produch\/perigueux-ville-occitane\/","title":{"rendered":"PERIGUEUX, VILLE OCCITANE"},"content":{"rendered":"<p style=\"margin:0;\"><span style=\"font-family:'Times New Roman';font-size:12pt;\">P\u00e9rigueux, ville occitane, c&#8217;est une histoire bimill\u00e9naire que retrace ici Guy Mandon dans nos deux langues.<br \/>\u00c9crite \u00e0 l&#8217;occasion de la F\u00e9libr\u00e9e elle n&#8217;a d&#8217;autre objet que de confronter ces deux mani\u00e8res de voir notre pass\u00e9 et d&#8217;inviter tous ceux qui parlent l&#8217;occitan ou ceux qui le souhaitent \u00e0 faire les premiers pas avant d&#8217;aborder des textes plus consistants !<br \/>Elle n&#8217;a aucune dimension &#8220;militante&#8221; mais tient un peu du cri du coeur, lan\u00e7ant un appel \u00e0 tous les historiens de notre ville et de notre province \u00e0 faire sa place aux riches heures et aux sombres p\u00e9riodes qui ont marqu\u00e9 le destin de notre langue.<\/p>\n<p>Complement de titre : Ist\u00f2ria d&#8217;una vila per &#8216;na Felibrejada &#8211; Histoire d&#8217;une ville pour une F\u00e9libr\u00e9e<br \/>Autor : Mandon, Guy<br \/>Linga : Occitan <wbr>(lemosin) &#8211; franc\u00e9s<br \/>Parucion : 06\/2001<br \/>Nb de pajas : 99<br \/>Format : 16 x 24 cm<br \/>P\u00e9s : 258 g<\/p>\n<p><\/span><\/p>\n","protected":false},"excerpt":{"rendered":"<p>P\u00e9rigueux, ville occitane, c&#8217;est une histoire bimill\u00e9naire que retrace ici Guy Mandon dans nos deux langues.\u00c9crite \u00e0 l&#8217;occasion de la F\u00e9libr\u00e9e elle n&#8217;a d&#8217;autre objet que de confronter ces deux mani\u00e8res de voir notre pass\u00e9 et d&#8217;inviter tous ceux qui parlent l&#8217;occitan ou ceux qui le souhaitent \u00e0 faire les premiers pas avant d&#8217;aborder des [&hellip;]<\/p>\n","protected":false},"featured_media":0,"template":"","meta":{"_acf_changed":false,"_genesis_hide_title":false,"_genesis_hide_breadcrumbs":false,"_genesis_hide_singular_image":false,"_genesis_hide_footer_widgets":false,"_genesis_custom_body_class":"","_genesis_custom_post_class":"","_genesis_layout":""},"product_brand":[],"product_cat":[7157,7149,7133,16136],"product_tag":[],"class_list":["post-33455","product","type-product","status-publish","product_cat-istoria-generala-oc","product_cat-istoria-geografia-oc","product_cat-libres-oc","product_cat-non-classe-oc","entry","first","outofstock","purchasable","product-type-simple"],"acf":[],"_links":{"self":[{"href":"https:\/\/www.libraria-occitana.org\/oc\/wp-json\/wp\/v2\/product\/33455","targetHints":{"allow":["GET"]}}],"collection":[{"href":"https:\/\/www.libraria-occitana.org\/oc\/wp-json\/wp\/v2\/product"}],"about":[{"href":"https:\/\/www.libraria-occitana.org\/oc\/wp-json\/wp\/v2\/types\/product"}],"wp:attachment":[{"href":"https:\/\/www.libraria-occitana.org\/oc\/wp-json\/wp\/v2\/media?parent=33455"}],"wp:term":[{"taxonomy":"product_brand","embeddable":true,"href":"https:\/\/www.libraria-occitana.org\/oc\/wp-json\/wp\/v2\/product_brand?post=33455"},{"taxonomy":"product_cat","embeddable":true,"href":"https:\/\/www.libraria-occitana.org\/oc\/wp-json\/wp\/v2\/product_cat?post=33455"},{"taxonomy":"product_tag","embeddable":true,"href":"https:\/\/www.libraria-occitana.org\/oc\/wp-json\/wp\/v2\/product_tag?post=33455"}],"curies":[{"name":"wp","href":"https:\/\/api.w.org\/{rel}","templated":true}]}}

<p style="margin:0;"><span style="font-family:'Times New Roman';font-size:12pt;">Périgueux, ville occitane, c&#8217;est une histoire bimillénaire que retrace ici Guy Mandon dans nos deux langues.<br />Écrite à l&#8217;occasion de la Félibrée elle n&#8217;a d&#8217;autre objet que de confronter ces deux manières de voir notre passé et d&#8217;inviter tous ceux qui parlent l&#8217;occitan ou ceux qui le souhaitent à faire les premiers pas avant d&#8217;aborder des textes plus consistants !<br />Elle n&#8217;a aucune dimension &#8220;militante&#8221; mais tient un peu du cri du coeur, lançant un appel à tous les historiens de notre ville et de notre province à faire sa place aux riches heures et aux sombres périodes qui ont marqué le destin de notre langue.</p>
<p>Complement de titre : Istòria d&#8217;una vila per &#8216;na Felibrejada &#8211; Histoire d&#8217;une ville pour une Félibrée<br />Autor : Mandon, Guy<br />Linga : Occitan <wbr>(lemosin) &#8211; francés<br />Parucion : 06/2001<br />Nb de pajas : 99<br />Format : 16 x 24 cm<br />Pés : 258 g</p>
<p></span></p>

<p>Périgueux, ville occitane, c&#8217;est une histoire bimillénaire que retrace ici Guy Mandon dans nos deux langues.Écrite à l&#8217;occasion de la Félibrée elle n&#8217;a d&#8217;autre objet que de confronter ces deux manières de voir notre passé et d&#8217;inviter tous ceux qui parlent l&#8217;occitan ou ceux qui le souhaitent à faire les premiers pas avant d&#8217;aborder des [&hellip;]</p>
