{"id":33464,"date":"2026-08-31T16:52:28","date_gmt":"2026-08-31T14:52:28","guid":{"rendered":"http:\/\/www.libraria-occitana.org\/?post_type=product&#038;p=33464\/"},"modified":"2026-08-31T16:52:31","modified_gmt":"2026-08-31T14:52:31","slug":"p-e-teisserenc-de-bort-gentilhomme-limousin","status":"publish","type":"product","link":"https:\/\/www.libraria-occitana.org\/oc\/produch\/p-e-teisserenc-de-bort-gentilhomme-limousin\/","title":{"rendered":"P.-E. TEISSERENC DE BORT : GENTILHOMME LIMOUSIN"},"content":{"rendered":"<p style=\"margin:0;\"><span style=\"font-family:'Times New Roman';font-size:12pt;\">P.-E. Teisserenc de Bort : Gentilhomme limousin<\/p>\n<p>P.-E. Teisserenc de Bort, quelque peu oubli\u00e9 de ses compatriotes, fut une figure exceptionnelle de la vie politique au d\u00e9but de la Troisi\u00e8me R\u00e9publique, acteur privil\u00e9gi\u00e9 des grands \u00e9v\u00e9nements de son \u00e9poque. N\u00e9 dans une province voisine, venu \u00e0 Bort \u00e0 la suite de son mariage avec Hermine Muret de Bort, il sera, sur ses terres, un initiateur averti de modes et techniques culturales nouvelles. Ce grand bourgeois lib\u00e9ral de province, trouvera l&#8217;occasion nationale d&#8217;exercer ses capacit\u00e9s et de r\u00e9aliser ses ambitions. Ce capitalisme ralli\u00e9 \u00e0 la R\u00e9publique m\u00e9ritait l&#8217;hommage \u00e9rudit que lui rend Jean Lenoble, limousin aussi, doublement fid\u00e8le \u00e0 sa terre vers laquelle il revient souvent et \u00e0 laquelle il avait d\u00e9j\u00e0 consacr\u00e9 une recherche du domaine socio-politique, avec une th\u00e8se \u00e0 l&#8217;I.E.P. de Paris sur le socialisme sous la IIIe R\u00e9publique.<br \/>On lira avec int\u00e9r\u00eat, et m\u00eame avec grand profit ces bonnes pages, o\u00f9 la qualit\u00e9 du style sert bien la riche originalit\u00e9 de la documentation sur ce personnage, ing\u00e9nieur des premiers chemins de fer, ch\u00e2telain laboureur en Limousin, d\u00e9put\u00e9 de la Monarchie de Juillet, s\u00e9nateur et ministre de la IIIe R\u00e9publique, Ambassadeur de France \u00e0 Vienne.<\/p>\n<p>Complement de titre : S\u00e9nateur, Ministre, Ambassadeur <wbr>(1814-1892)<br \/>Revuda Ethnologia supplement N\u00b01-2, 1977<br \/>Autor : Lenoble, Jean<br \/>Linga : Franc\u00e9s<br \/>Parucion : 07\/1977<br \/>Editor : S.E.L.M.<br \/>Nb de pajas : 235<br \/>Format : 16 x 24 cm<br \/>P\u00e9s : 454 g<\/span><\/p>\n","protected":false},"excerpt":{"rendered":"<p>P.-E. Teisserenc de Bort : Gentilhomme limousin P.-E. Teisserenc de Bort, quelque peu oubli\u00e9 de ses compatriotes, fut une figure exceptionnelle de la vie politique au d\u00e9but de la Troisi\u00e8me R\u00e9publique, acteur privil\u00e9gi\u00e9 des grands \u00e9v\u00e9nements de son \u00e9poque. N\u00e9 dans une province voisine, venu \u00e0 Bort \u00e0 la suite de son mariage avec Hermine [&hellip;]<\/p>\n","protected":false},"featured_media":0,"template":"","meta":{"_acf_changed":false,"_genesis_hide_title":false,"_genesis_hide_breadcrumbs":false,"_genesis_hide_singular_image":false,"_genesis_hide_footer_widgets":false,"_genesis_custom_body_class":"","_genesis_custom_post_class":"","_genesis_layout":""},"product_brand":[],"product_cat":[7159,7149,7133,16136],"product_tag":[],"class_list":["post-33464","product","type-product","status-publish","product_cat-istoria-moderna-e-contemporala-oc","product_cat-istoria-geografia-oc","product_cat-libres-oc","product_cat-non-classe-oc","entry","first","instock","purchasable","product-type-simple"],"acf":[],"_links":{"self":[{"href":"https:\/\/www.libraria-occitana.org\/oc\/wp-json\/wp\/v2\/product\/33464","targetHints":{"allow":["GET"]}}],"collection":[{"href":"https:\/\/www.libraria-occitana.org\/oc\/wp-json\/wp\/v2\/product"}],"about":[{"href":"https:\/\/www.libraria-occitana.org\/oc\/wp-json\/wp\/v2\/types\/product"}],"wp:attachment":[{"href":"https:\/\/www.libraria-occitana.org\/oc\/wp-json\/wp\/v2\/media?parent=33464"}],"wp:term":[{"taxonomy":"product_brand","embeddable":true,"href":"https:\/\/www.libraria-occitana.org\/oc\/wp-json\/wp\/v2\/product_brand?post=33464"},{"taxonomy":"product_cat","embeddable":true,"href":"https:\/\/www.libraria-occitana.org\/oc\/wp-json\/wp\/v2\/product_cat?post=33464"},{"taxonomy":"product_tag","embeddable":true,"href":"https:\/\/www.libraria-occitana.org\/oc\/wp-json\/wp\/v2\/product_tag?post=33464"}],"curies":[{"name":"wp","href":"https:\/\/api.w.org\/{rel}","templated":true}]}}

<p style="margin:0;"><span style="font-family:'Times New Roman';font-size:12pt;">P.-E. Teisserenc de Bort : Gentilhomme limousin</p>
<p>P.-E. Teisserenc de Bort, quelque peu oublié de ses compatriotes, fut une figure exceptionnelle de la vie politique au début de la Troisième République, acteur privilégié des grands événements de son époque. Né dans une province voisine, venu à Bort à la suite de son mariage avec Hermine Muret de Bort, il sera, sur ses terres, un initiateur averti de modes et techniques culturales nouvelles. Ce grand bourgeois libéral de province, trouvera l&#8217;occasion nationale d&#8217;exercer ses capacités et de réaliser ses ambitions. Ce capitalisme rallié à la République méritait l&#8217;hommage érudit que lui rend Jean Lenoble, limousin aussi, doublement fidèle à sa terre vers laquelle il revient souvent et à laquelle il avait déjà consacré une recherche du domaine socio-politique, avec une thèse à l&#8217;I.E.P. de Paris sur le socialisme sous la IIIe République.<br />On lira avec intérêt, et même avec grand profit ces bonnes pages, où la qualité du style sert bien la riche originalité de la documentation sur ce personnage, ingénieur des premiers chemins de fer, châtelain laboureur en Limousin, député de la Monarchie de Juillet, sénateur et ministre de la IIIe République, Ambassadeur de France à Vienne.</p>
<p>Complement de titre : Sénateur, Ministre, Ambassadeur <wbr>(1814-1892)<br />Revuda Ethnologia supplement N°1-2, 1977<br />Autor : Lenoble, Jean<br />Linga : Francés<br />Parucion : 07/1977<br />Editor : S.E.L.M.<br />Nb de pajas : 235<br />Format : 16 x 24 cm<br />Pés : 454 g</span></p>

<p>P.-E. Teisserenc de Bort : Gentilhomme limousin P.-E. Teisserenc de Bort, quelque peu oublié de ses compatriotes, fut une figure exceptionnelle de la vie politique au début de la Troisième République, acteur privilégié des grands événements de son époque. Né dans une province voisine, venu à Bort à la suite de son mariage avec Hermine [&hellip;]</p>
