{"id":33537,"date":"2021-05-28T18:20:25","date_gmt":"2021-05-28T16:20:25","guid":{"rendered":"http:\/\/www.libraria-occitana.org\/?post_type=product&#038;p=33537\/"},"modified":"2026-04-29T10:02:54","modified_gmt":"2026-04-29T08:02:54","slug":"montaillou-village-occitan-de-1294-a-1324","status":"publish","type":"product","link":"https:\/\/www.libraria-occitana.org\/oc\/produch\/montaillou-village-occitan-de-1294-a-1324\/","title":{"rendered":"Montaillou, village occitan de 1294 \u00e0 1324"},"content":{"rendered":"<p>Montaillou : un petit village de montagnards et de bergers en haute Ari\u00e8ge, \u00e0 1 300 m\u00e8tres d&#8217;altitude.<br \/>\nEn 1320, Jacques Fournier, \u00e9v\u00eaque de Pamiers, plus tard pape d&#8217;Avignon, y d\u00e9ploie ses talents d&#8217;inquisiteur. Il finit par d\u00e9terrer tous les secrets du village. Rien n&#8217;\u00e9chappe \u00e0 cet \u00e9v\u00eaque fureteur, ni les vies intimes, ni les drames de l&#8217;existence quotidienne.<br \/>\nEn s&#8217;appuyant sur cet extraordinaire document de Jacques Fournier, sorte de roman vrai du petit peuple du XIVe si\u00e8cle, Emmanuel Le Roy Ladurie ressuscite, en utilisant les m\u00e9thodes historiques et ethnographiques les plus actuelles, la r\u00e9alit\u00e9 occitane et cathare d&#8217;il y a sept cents ans.<\/p>\n","protected":false},"excerpt":{"rendered":"<p>Montaillou : un petit village de montagnards et de bergers en haute Ari\u00e8ge, \u00e0 1 300 m\u00e8tres d&#8217;altitude. En 1320, Jacques Fournier, \u00e9v\u00eaque de Pamiers, plus tard pape d&#8217;Avignon, y d\u00e9ploie ses talents d&#8217;inquisiteur. Il finit par d\u00e9terrer tous les secrets du village. Rien n&#8217;\u00e9chappe \u00e0 cet \u00e9v\u00eaque fureteur, ni les vies intimes, ni les [&hellip;]<\/p>\n","protected":false},"featured_media":53182,"template":"","meta":{"_acf_changed":false,"_genesis_hide_title":false,"_genesis_hide_breadcrumbs":false,"_genesis_hide_singular_image":false,"_genesis_hide_footer_widgets":false,"_genesis_custom_body_class":"","_genesis_custom_post_class":"","_genesis_layout":""},"product_brand":[],"product_cat":[7161,7149,7133],"product_tag":[],"class_list":{"0":"post-33537","1":"product","2":"type-product","3":"status-publish","4":"has-post-thumbnail","6":"product_cat-istoria-medievala-oc","7":"product_cat-istoria-geografia-oc","8":"product_cat-libres-oc","9":"pa_auteur-le-roy-ladurie-emmanuel-oc","10":"pa_editeur-gallimard-oc","11":"pa_langue-francais-oc","12":"entry","14":"first","15":"outofstock","16":"shipping-taxable","17":"purchasable","18":"product-type-simple"},"acf":[],"_links":{"self":[{"href":"https:\/\/www.libraria-occitana.org\/oc\/wp-json\/wp\/v2\/product\/33537","targetHints":{"allow":["GET"]}}],"collection":[{"href":"https:\/\/www.libraria-occitana.org\/oc\/wp-json\/wp\/v2\/product"}],"about":[{"href":"https:\/\/www.libraria-occitana.org\/oc\/wp-json\/wp\/v2\/types\/product"}],"wp:featuredmedia":[{"embeddable":true,"href":"https:\/\/www.libraria-occitana.org\/oc\/wp-json\/wp\/v2\/media\/53182"}],"wp:attachment":[{"href":"https:\/\/www.libraria-occitana.org\/oc\/wp-json\/wp\/v2\/media?parent=33537"}],"wp:term":[{"taxonomy":"product_brand","embeddable":true,"href":"https:\/\/www.libraria-occitana.org\/oc\/wp-json\/wp\/v2\/product_brand?post=33537"},{"taxonomy":"product_cat","embeddable":true,"href":"https:\/\/www.libraria-occitana.org\/oc\/wp-json\/wp\/v2\/product_cat?post=33537"},{"taxonomy":"product_tag","embeddable":true,"href":"https:\/\/www.libraria-occitana.org\/oc\/wp-json\/wp\/v2\/product_tag?post=33537"}],"curies":[{"name":"wp","href":"https:\/\/api.w.org\/{rel}","templated":true}]}}

Montaillou, village occitan de 1294 à 1324

<p>Montaillou : un petit village de montagnards et de bergers en haute Ariège, à 1 300 mètres d&#8217;altitude.<br />
En 1320, Jacques Fournier, évêque de Pamiers, plus tard pape d&#8217;Avignon, y déploie ses talents d&#8217;inquisiteur. Il finit par déterrer tous les secrets du village. Rien n&#8217;échappe à cet évêque fureteur, ni les vies intimes, ni les drames de l&#8217;existence quotidienne.<br />
En s&#8217;appuyant sur cet extraordinaire document de Jacques Fournier, sorte de roman vrai du petit peuple du XIVe siècle, Emmanuel Le Roy Ladurie ressuscite, en utilisant les méthodes historiques et ethnographiques les plus actuelles, la réalité occitane et cathare d&#8217;il y a sept cents ans.</p>

<p>Montaillou : un petit village de montagnards et de bergers en haute Ariège, à 1 300 mètres d&#8217;altitude. En 1320, Jacques Fournier, évêque de Pamiers, plus tard pape d&#8217;Avignon, y déploie ses talents d&#8217;inquisiteur. Il finit par déterrer tous les secrets du village. Rien n&#8217;échappe à cet évêque fureteur, ni les vies intimes, ni les [&hellip;]</p>
