{"id":33544,"date":"2014-06-22T12:21:26","date_gmt":"2014-06-22T10:21:26","guid":{"rendered":"http:\/\/www.libraria-occitana.org\/?post_type=product&#038;p=33544\/"},"modified":"2026-04-29T10:12:14","modified_gmt":"2026-04-29T08:12:14","slug":"moliere-loccitan","status":"publish","type":"product","link":"https:\/\/www.libraria-occitana.org\/oc\/produch\/moliere-loccitan\/","title":{"rendered":"Moli\u00e8re l&#8217;Occitan"},"content":{"rendered":"<p>Publi\u00e9 sous l\u2019\u00e9gide du CREO de la Talvera (Centre R\u00e9gional pour l&#8217;Enseignement de l&#8217;Occitan hors acad\u00e9mies occitanes), Moli\u00e8re l\u2019Occitan revient sur les sc\u00e8nes 7 et 8 de l\u2019 acte II de <em>Monsieur de Pourceaugnac<\/em> de Moli\u00e8re, o\u00f9 le personnage de Lucette ne s\u2019 exprime qu\u2019en occitan. Apr\u00e8s reproduction fac-simil\u00e9 de l\u2019\u00e9dition originale (Paris, Ribou, 1670), la comparaison de ses r\u00e9pliques avec l\u2019occitan \u00ab standard \u00bb montre une compl\u00e8te ma\u00eetrise de cette langue par Moli\u00e8re, malgr\u00e9 quelques gallicismes significatifs. On sait que Moli\u00e8re parcourut l\u2019Occitanie pendant une douzaine d\u2019ann\u00e9es \u2013 de 1645 \u00e0 1657 \u2013 avec son Illustre th\u00e9\u00e2tre, et qu\u2019il fut siffl\u00e9 \u00e0 Limoges. Les r\u00e9pliques occitanes sont traduites en fran\u00e7ais puis en serbo-croate, support de travail pour une r\u00e9flexion sur l\u2019intercompr\u00e9hension entre langues de la sph\u00e8re europ\u00e9enne.<\/p>\n","protected":false},"excerpt":{"rendered":"<p>Publi\u00e9 sous l\u2019\u00e9gide du CREO de la Talvera (Centre R\u00e9gional pour l&#8217;Enseignement de l&#8217;Occitan hors acad\u00e9mies occitanes), Moli\u00e8re l\u2019Occitan revient sur les sc\u00e8nes 7 et 8 de l\u2019 acte II de Monsieur de Pourceaugnac de Moli\u00e8re, o\u00f9 le personnage de Lucette ne s\u2019 exprime qu\u2019en occitan. Apr\u00e8s reproduction fac-simil\u00e9 de l\u2019\u00e9dition originale (Paris, Ribou, 1670), [&hellip;]<\/p>\n","protected":false},"featured_media":43122,"template":"","meta":{"_acf_changed":false,"_genesis_hide_title":false,"_genesis_hide_breadcrumbs":false,"_genesis_hide_singular_image":false,"_genesis_hide_footer_widgets":false,"_genesis_custom_body_class":"","_genesis_custom_post_class":"","_genesis_layout":""},"product_brand":[],"product_cat":[7189,7133,7175],"product_tag":[],"class_list":{"0":"post-33544","1":"product","2":"type-product","3":"status-publish","4":"has-post-thumbnail","6":"product_cat-estudis-literaris-oc","7":"product_cat-libres-oc","8":"product_cat-literatura-oc","9":"pa_auteur-assemat-claudi-oc","10":"pa_editeur-lambert-lucas-oc","11":"pa_langue-occitan-oc","12":"pa_langue-occitan-lengadocian-oc","13":"entry","15":"first","16":"outofstock","17":"shipping-taxable","18":"purchasable","19":"product-type-simple"},"acf":[],"_links":{"self":[{"href":"https:\/\/www.libraria-occitana.org\/oc\/wp-json\/wp\/v2\/product\/33544","targetHints":{"allow":["GET"]}}],"collection":[{"href":"https:\/\/www.libraria-occitana.org\/oc\/wp-json\/wp\/v2\/product"}],"about":[{"href":"https:\/\/www.libraria-occitana.org\/oc\/wp-json\/wp\/v2\/types\/product"}],"wp:featuredmedia":[{"embeddable":true,"href":"https:\/\/www.libraria-occitana.org\/oc\/wp-json\/wp\/v2\/media\/43122"}],"wp:attachment":[{"href":"https:\/\/www.libraria-occitana.org\/oc\/wp-json\/wp\/v2\/media?parent=33544"}],"wp:term":[{"taxonomy":"product_brand","embeddable":true,"href":"https:\/\/www.libraria-occitana.org\/oc\/wp-json\/wp\/v2\/product_brand?post=33544"},{"taxonomy":"product_cat","embeddable":true,"href":"https:\/\/www.libraria-occitana.org\/oc\/wp-json\/wp\/v2\/product_cat?post=33544"},{"taxonomy":"product_tag","embeddable":true,"href":"https:\/\/www.libraria-occitana.org\/oc\/wp-json\/wp\/v2\/product_tag?post=33544"}],"curies":[{"name":"wp","href":"https:\/\/api.w.org\/{rel}","templated":true}]}}

Molière l&#8217;Occitan

<p>Publié sous l’égide du CREO de la Talvera (Centre Régional pour l&#8217;Enseignement de l&#8217;Occitan hors académies occitanes), Molière l’Occitan revient sur les scènes 7 et 8 de l’ acte II de <em>Monsieur de Pourceaugnac</em> de Molière, où le personnage de Lucette ne s’ exprime qu’en occitan. Après reproduction fac-similé de l’édition originale (Paris, Ribou, 1670), la comparaison de ses répliques avec l’occitan « standard » montre une complète maîtrise de cette langue par Molière, malgré quelques gallicismes significatifs. On sait que Molière parcourut l’Occitanie pendant une douzaine d’années – de 1645 à 1657 – avec son Illustre théâtre, et qu’il fut sifflé à Limoges. Les répliques occitanes sont traduites en français puis en serbo-croate, support de travail pour une réflexion sur l’intercompréhension entre langues de la sphère européenne.</p>

<p>Publié sous l’égide du CREO de la Talvera (Centre Régional pour l&#8217;Enseignement de l&#8217;Occitan hors académies occitanes), Molière l’Occitan revient sur les scènes 7 et 8 de l’ acte II de Monsieur de Pourceaugnac de Molière, où le personnage de Lucette ne s’ exprime qu’en occitan. Après reproduction fac-similé de l’édition originale (Paris, Ribou, 1670), [&hellip;]</p>
