{"id":33620,"date":"2026-08-31T17:31:07","date_gmt":"2026-08-31T15:31:07","guid":{"rendered":"http:\/\/www.libraria-occitana.org\/?post_type=product&#038;p=33620\/"},"modified":"2026-08-31T17:31:11","modified_gmt":"2026-08-31T15:31:11","slug":"linguistica-e-renaissentisme-occitan-lenjoc-social-de-listoria-de-la-lenga","status":"publish","type":"product","link":"https:\/\/www.libraria-occitana.org\/oc\/produch\/linguistica-e-renaissentisme-occitan-lenjoc-social-de-listoria-de-la-lenga\/","title":{"rendered":"LINGUISTICA E RENAISSENTISME OCCITAN : L&#8217;ENJ\u00f2C SOCIAL DE L&#8217;IST\u00f2RIA DE LA LENGA"},"content":{"rendered":"<p style=\"margin:0;\"><span style=\"font-family:'Times New Roman';font-size:12pt;\">Aqueste libre, lo primi\u00e8r sus la ling\u00fcistica occitana contemporan\u00e8a, ensaja de n&#8217;establir la caracteristica mai evidenta : lo rap\u00f2rt estrech, entretengut dempu\u00e8i b\u00e8l briu, amb lo movement renaissentista.<br \/>Av\u00e8m, enfin, un bilan\u00e7 istoriografic dels trabalhs sus la normativizacion, la codificacion, la lexicografia que son tanben de camps d&#8217;intervencion prioritaris del renaissentisme.<br \/>Basat, en partida, sus l&#8217;expleitacion d&#8217;archius orals &#8211; conv\u00e8rsas amb los actors del temps present &#8211; e sus l&#8217;exploracion dels mitans scientific e militant, la rec\u00e8rca s&#8217;estaca, d&#8217;una part, a far con\u00e9isser los actors e, d&#8217;autra part, a esclairir la dimension sociala de l&#8217;ist\u00f2ria de la lenga occitana e a ne desgatjar los enj\u00f2cs, tant al dintre del mitan academic coma dins lo mond militant.<br \/>Levat lo fach, ja original, qu&#8217;aqueste obratge inaugura d&#8217;estudis istoriografics dins lo dom\u00e8ni de la ling\u00fcistica occitana, dobr\u00eds tanben lo talh a de perspectivas n\u00f2vas per aquesta disciplina.<\/p>\n<p>Un agach n\u00f2u e clarvesent, al lum de l&#8217;istoriografia, suls actors e las teorias de la ling\u00fcistica occitana.<\/p>\n<p>Autor : Thom\u00e0s, Joan<br \/>Linga : Occitan <wbr>(lengadocian)<br \/>Parucion : 06\/2006<br \/>Editor : IEO<br \/>Colleccion : Textes &#038; documents<br \/>Nb de pajas : 405<br \/>Format : 16 x 22,5 cm<br \/>P\u00e9s : 610 g<br \/>EAN 13 : 9782859103897<br \/><\/span><\/p>\n","protected":false},"excerpt":{"rendered":"<p>Aqueste libre, lo primi\u00e8r sus la ling\u00fcistica occitana contemporan\u00e8a, ensaja de n&#8217;establir la caracteristica mai evidenta : lo rap\u00f2rt estrech, entretengut dempu\u00e8i b\u00e8l briu, amb lo movement renaissentista.Av\u00e8m, enfin, un bilan\u00e7 istoriografic dels trabalhs sus la normativizacion, la codificacion, la lexicografia que son tanben de camps d&#8217;intervencion prioritaris del renaissentisme.Basat, en partida, sus l&#8217;expleitacion d&#8217;archius [&hellip;]<\/p>\n","protected":false},"featured_media":0,"template":"","meta":{"_acf_changed":false,"_genesis_hide_title":false,"_genesis_hide_breadcrumbs":false,"_genesis_hide_singular_image":false,"_genesis_hide_footer_widgets":false,"_genesis_custom_body_class":"","_genesis_custom_post_class":"","_genesis_layout":""},"product_brand":[],"product_cat":[7137,7133,7141,16136],"product_tag":[],"class_list":["post-33620","product","type-product","status-publish","product_cat-diccionaris-lenga-escolar-oc","product_cat-libres-oc","product_cat-linguistica-oc","product_cat-non-classe-oc","pa_editeur-ieo-fr-oc","entry","first","instock","purchasable","product-type-simple"],"acf":[],"_links":{"self":[{"href":"https:\/\/www.libraria-occitana.org\/oc\/wp-json\/wp\/v2\/product\/33620","targetHints":{"allow":["GET"]}}],"collection":[{"href":"https:\/\/www.libraria-occitana.org\/oc\/wp-json\/wp\/v2\/product"}],"about":[{"href":"https:\/\/www.libraria-occitana.org\/oc\/wp-json\/wp\/v2\/types\/product"}],"wp:attachment":[{"href":"https:\/\/www.libraria-occitana.org\/oc\/wp-json\/wp\/v2\/media?parent=33620"}],"wp:term":[{"taxonomy":"product_brand","embeddable":true,"href":"https:\/\/www.libraria-occitana.org\/oc\/wp-json\/wp\/v2\/product_brand?post=33620"},{"taxonomy":"product_cat","embeddable":true,"href":"https:\/\/www.libraria-occitana.org\/oc\/wp-json\/wp\/v2\/product_cat?post=33620"},{"taxonomy":"product_tag","embeddable":true,"href":"https:\/\/www.libraria-occitana.org\/oc\/wp-json\/wp\/v2\/product_tag?post=33620"}],"curies":[{"name":"wp","href":"https:\/\/api.w.org\/{rel}","templated":true}]}}

LINGUISTICA E RENAISSENTISME OCCITAN : L&#8217;ENJòC SOCIAL DE L&#8217;ISTòRIA DE LA LENGA

<p style="margin:0;"><span style="font-family:'Times New Roman';font-size:12pt;">Aqueste libre, lo primièr sus la lingüistica occitana contemporanèa, ensaja de n&#8217;establir la caracteristica mai evidenta : lo rapòrt estrech, entretengut dempuèi bèl briu, amb lo movement renaissentista.<br />Avèm, enfin, un bilanç istoriografic dels trabalhs sus la normativizacion, la codificacion, la lexicografia que son tanben de camps d&#8217;intervencion prioritaris del renaissentisme.<br />Basat, en partida, sus l&#8217;expleitacion d&#8217;archius orals &#8211; convèrsas amb los actors del temps present &#8211; e sus l&#8217;exploracion dels mitans scientific e militant, la recèrca s&#8217;estaca, d&#8217;una part, a far conéisser los actors e, d&#8217;autra part, a esclairir la dimension sociala de l&#8217;istòria de la lenga occitana e a ne desgatjar los enjòcs, tant al dintre del mitan academic coma dins lo mond militant.<br />Levat lo fach, ja original, qu&#8217;aqueste obratge inaugura d&#8217;estudis istoriografics dins lo domèni de la lingüistica occitana, dobrís tanben lo talh a de perspectivas nòvas per aquesta disciplina.</p>
<p>Un agach nòu e clarvesent, al lum de l&#8217;istoriografia, suls actors e las teorias de la lingüistica occitana.</p>
<p>Autor : Thomàs, Joan<br />Linga : Occitan <wbr>(lengadocian)<br />Parucion : 06/2006<br />Editor : IEO<br />Colleccion : Textes &#038; documents<br />Nb de pajas : 405<br />Format : 16 x 22,5 cm<br />Pés : 610 g<br />EAN 13 : 9782859103897<br /></span></p>

<p>Aqueste libre, lo primièr sus la lingüistica occitana contemporanèa, ensaja de n&#8217;establir la caracteristica mai evidenta : lo rapòrt estrech, entretengut dempuèi bèl briu, amb lo movement renaissentista.Avèm, enfin, un bilanç istoriografic dels trabalhs sus la normativizacion, la codificacion, la lexicografia que son tanben de camps d&#8217;intervencion prioritaris del renaissentisme.Basat, en partida, sus l&#8217;expleitacion d&#8217;archius [&hellip;]</p>
