{"id":33664,"date":"2026-08-31T16:19:17","date_gmt":"2026-08-31T14:19:17","guid":{"rendered":"http:\/\/www.libraria-occitana.org\/?post_type=product&#038;p=33664\/"},"modified":"2026-08-31T16:19:20","modified_gmt":"2026-08-31T14:19:20","slug":"les-langues-de-france","status":"publish","type":"product","link":"https:\/\/www.libraria-occitana.org\/oc\/produch\/les-langues-de-france\/","title":{"rendered":"LES LANGUES DE FRANCE"},"content":{"rendered":"<p style=\"margin:0;\"><span style=\"font-family:'Times New Roman';font-size:12pt;\">Les langues de France<\/p>\n<p>Ce petit code s&#8217;adresse \u00e0 tous ceux que mobilise une meilleure reconnaissance des langues qui font la France, au m\u00eame titre que ses monuments, ses oeuvres d&#8217;art, son histoire politique, sa force \u00e9conomique. Plus largement, il s&#8217;adresse \u00e0 tous ceux qui s&#8217;int\u00e9ressent \u00e0 la pluralit\u00e9 culturelle, dont les langues sont par excellence les vecteurs. Les langues r\u00e9gionales sont inscrites dans la Constitution depuis 2008, mais en dehors de la loi Deixonne de 1951, abrog\u00e9e depuis, elles n&#8217;ont pas fait l&#8217;objet d&#8217;un travail d&#8217;\u00e9laboration juridique sp\u00e9cifique ou synth\u00e9tique.<br \/>Elles n&#8217;en sont pas moins pr\u00e9sentes dans notre corpus l\u00e9gal et r\u00e9glementaire. Et comme l&#8217;exp\u00e9rience humaine trouve toujours une traduction dans le langage, les textes regroup\u00e9s dans ces pages portent sur le statut des langues de France dans l&#8217;enseignement, les m\u00e9dias et la sph\u00e8re publique, aussi bien que dans la justice ou dans les accords internationaux. Une ouverture in\u00e9dite nous est ainsi offerte sur les rapports insuffisamment explor\u00e9s entre les langues et le droit.<\/p>\n<p>Autor : Alessio, Michel<br \/>Linga : Franc\u00e9s<br \/>Parucion : 05\/2014<br \/>Editor : Dalloz<br \/>Colleccion : \u00c0 savoir<br \/>Nb de pajas : 177<br \/>Format : 8 x 12 cm<br \/>P\u00e9s : 60 g<br \/>EAN 13 : 9782247136339<br \/><\/span><\/p>\n","protected":false},"excerpt":{"rendered":"<p>Les langues de France Ce petit code s&#8217;adresse \u00e0 tous ceux que mobilise une meilleure reconnaissance des langues qui font la France, au m\u00eame titre que ses monuments, ses oeuvres d&#8217;art, son histoire politique, sa force \u00e9conomique. Plus largement, il s&#8217;adresse \u00e0 tous ceux qui s&#8217;int\u00e9ressent \u00e0 la pluralit\u00e9 culturelle, dont les langues sont par [&hellip;]<\/p>\n","protected":false},"featured_media":0,"template":"","meta":{"_acf_changed":false,"_genesis_hide_title":false,"_genesis_hide_breadcrumbs":false,"_genesis_hide_singular_image":false,"_genesis_hide_footer_widgets":false,"_genesis_custom_body_class":"","_genesis_custom_post_class":"","_genesis_layout":""},"product_brand":[],"product_cat":[7133,16136,7203],"product_tag":[],"class_list":["post-33664","product","type-product","status-publish","product_cat-libres-oc","product_cat-non-classe-oc","product_cat-politica-sociologia-actualitat-oc","pa_auteurs-filippetti-aurelie","entry","first","outofstock","purchasable","product-type-simple"],"acf":[],"_links":{"self":[{"href":"https:\/\/www.libraria-occitana.org\/oc\/wp-json\/wp\/v2\/product\/33664","targetHints":{"allow":["GET"]}}],"collection":[{"href":"https:\/\/www.libraria-occitana.org\/oc\/wp-json\/wp\/v2\/product"}],"about":[{"href":"https:\/\/www.libraria-occitana.org\/oc\/wp-json\/wp\/v2\/types\/product"}],"wp:attachment":[{"href":"https:\/\/www.libraria-occitana.org\/oc\/wp-json\/wp\/v2\/media?parent=33664"}],"wp:term":[{"taxonomy":"product_brand","embeddable":true,"href":"https:\/\/www.libraria-occitana.org\/oc\/wp-json\/wp\/v2\/product_brand?post=33664"},{"taxonomy":"product_cat","embeddable":true,"href":"https:\/\/www.libraria-occitana.org\/oc\/wp-json\/wp\/v2\/product_cat?post=33664"},{"taxonomy":"product_tag","embeddable":true,"href":"https:\/\/www.libraria-occitana.org\/oc\/wp-json\/wp\/v2\/product_tag?post=33664"}],"curies":[{"name":"wp","href":"https:\/\/api.w.org\/{rel}","templated":true}]}}

<p style="margin:0;"><span style="font-family:'Times New Roman';font-size:12pt;">Les langues de France</p>
<p>Ce petit code s&#8217;adresse à tous ceux que mobilise une meilleure reconnaissance des langues qui font la France, au même titre que ses monuments, ses oeuvres d&#8217;art, son histoire politique, sa force économique. Plus largement, il s&#8217;adresse à tous ceux qui s&#8217;intéressent à la pluralité culturelle, dont les langues sont par excellence les vecteurs. Les langues régionales sont inscrites dans la Constitution depuis 2008, mais en dehors de la loi Deixonne de 1951, abrogée depuis, elles n&#8217;ont pas fait l&#8217;objet d&#8217;un travail d&#8217;élaboration juridique spécifique ou synthétique.<br />Elles n&#8217;en sont pas moins présentes dans notre corpus légal et réglementaire. Et comme l&#8217;expérience humaine trouve toujours une traduction dans le langage, les textes regroupés dans ces pages portent sur le statut des langues de France dans l&#8217;enseignement, les médias et la sphère publique, aussi bien que dans la justice ou dans les accords internationaux. Une ouverture inédite nous est ainsi offerte sur les rapports insuffisamment explorés entre les langues et le droit.</p>
<p>Autor : Alessio, Michel<br />Linga : Francés<br />Parucion : 05/2014<br />Editor : Dalloz<br />Colleccion : À savoir<br />Nb de pajas : 177<br />Format : 8 x 12 cm<br />Pés : 60 g<br />EAN 13 : 9782247136339<br /></span></p>

<p>Les langues de France Ce petit code s&#8217;adresse à tous ceux que mobilise une meilleure reconnaissance des langues qui font la France, au même titre que ses monuments, ses oeuvres d&#8217;art, son histoire politique, sa force économique. Plus largement, il s&#8217;adresse à tous ceux qui s&#8217;intéressent à la pluralité culturelle, dont les langues sont par [&hellip;]</p>
