{"id":33807,"date":"2026-08-31T17:41:12","date_gmt":"2026-08-31T15:41:12","guid":{"rendered":"http:\/\/www.libraria-occitana.org\/?post_type=product&#038;p=33807\/"},"modified":"2026-08-31T17:41:39","modified_gmt":"2026-08-31T15:41:39","slug":"la-pastourelle-dans-la-poesie-occitane-du-moyen-age-textes-publies-et-traduits-avec-une-introduct","status":"publish","type":"product","link":"https:\/\/www.libraria-occitana.org\/oc\/produch\/la-pastourelle-dans-la-poesie-occitane-du-moyen-age-textes-publies-et-traduits-avec-une-introduct\/","title":{"rendered":"LA PASTOURELLE DANS LA POESIE OCCITANE DU MOYEN AGE. TEXTES PUBLIES ET TRADUITS, AVEC UNE INTRODUCT"},"content":{"rendered":"<p style=\"margin:0;\"><span style=\"font-family:'Times New Roman';font-size:12pt;\">La pastourelle dans la po\u00e9sie occitane du Moyen \u00c2ge<\/p>\n<p>Autor : Audiau, Jean<br \/>Linga : Occitan <wbr>(medievau) &#8211; franc\u00e9s<br \/>Parucion : 01\/1974<br \/>Editor : Slatkine Reprints<br \/>Nb de pajas : 182<br \/>Format : 12 x 17 cm<br \/>P\u00e9s : 180 g<br \/>EAN 13 : 3600120117014<\/span><\/p>\n","protected":false},"excerpt":{"rendered":"<p>La pastourelle dans la po\u00e9sie occitane du Moyen \u00c2ge Autor : Audiau, JeanLinga : Occitan (medievau) &#8211; franc\u00e9sParucion : 01\/1974Editor : Slatkine ReprintsNb de pajas : 182Format : 12 x 17 cmP\u00e9s : 180 gEAN 13 : 3600120117014<\/p>\n","protected":false},"featured_media":0,"template":"","meta":{"_acf_changed":false,"_genesis_hide_title":false,"_genesis_hide_breadcrumbs":false,"_genesis_hide_singular_image":false,"_genesis_hide_footer_widgets":false,"_genesis_custom_body_class":"","_genesis_custom_post_class":"","_genesis_layout":""},"product_brand":[],"product_cat":[7189,7133,7175,16136],"product_tag":[],"class_list":["post-33807","product","type-product","status-publish","product_cat-estudis-literaris-oc","product_cat-libres-oc","product_cat-literatura-oc","product_cat-non-classe-oc","pa_auteur-audiau-jean-oc","pa_editeur-slatkine-reprints-oc","pa_editeurs-slatkin-reprint","pa_langue-occitan-medievau-oc","pa_langue-occitan-francais-oc","entry","has-post-thumbnail","first","instock","purchasable","product-type-simple"],"acf":[],"_links":{"self":[{"href":"https:\/\/www.libraria-occitana.org\/oc\/wp-json\/wp\/v2\/product\/33807","targetHints":{"allow":["GET"]}}],"collection":[{"href":"https:\/\/www.libraria-occitana.org\/oc\/wp-json\/wp\/v2\/product"}],"about":[{"href":"https:\/\/www.libraria-occitana.org\/oc\/wp-json\/wp\/v2\/types\/product"}],"wp:attachment":[{"href":"https:\/\/www.libraria-occitana.org\/oc\/wp-json\/wp\/v2\/media?parent=33807"}],"wp:term":[{"taxonomy":"product_brand","embeddable":true,"href":"https:\/\/www.libraria-occitana.org\/oc\/wp-json\/wp\/v2\/product_brand?post=33807"},{"taxonomy":"product_cat","embeddable":true,"href":"https:\/\/www.libraria-occitana.org\/oc\/wp-json\/wp\/v2\/product_cat?post=33807"},{"taxonomy":"product_tag","embeddable":true,"href":"https:\/\/www.libraria-occitana.org\/oc\/wp-json\/wp\/v2\/product_tag?post=33807"}],"curies":[{"name":"wp","href":"https:\/\/api.w.org\/{rel}","templated":true}]}}

<p style="margin:0;"><span style="font-family:'Times New Roman';font-size:12pt;">La pastourelle dans la poésie occitane du Moyen Âge</p>
<p>Autor : Audiau, Jean<br />Linga : Occitan <wbr>(medievau) &#8211; francés<br />Parucion : 01/1974<br />Editor : Slatkine Reprints<br />Nb de pajas : 182<br />Format : 12 x 17 cm<br />Pés : 180 g<br />EAN 13 : 3600120117014</span></p>

<p>La pastourelle dans la poésie occitane du Moyen Âge Autor : Audiau, JeanLinga : Occitan (medievau) &#8211; francésParucion : 01/1974Editor : Slatkine ReprintsNb de pajas : 182Format : 12 x 17 cmPés : 180 gEAN 13 : 3600120117014</p>
