{"id":33855,"date":"2026-08-31T17:36:30","date_gmt":"2026-08-31T15:36:30","guid":{"rendered":"http:\/\/www.libraria-occitana.org\/?post_type=product&#038;p=33855\/"},"modified":"2026-08-31T17:36:32","modified_gmt":"2026-08-31T15:36:32","slug":"la-damnacion-de-sent-guinefort","status":"publish","type":"product","link":"https:\/\/www.libraria-occitana.org\/oc\/produch\/la-damnacion-de-sent-guinefort\/","title":{"rendered":"LA DAMNACION DE SENT GUINEF\u00f2RT"},"content":{"rendered":"<p style=\"margin:0;\"><span style=\"font-family:'Times New Roman';font-size:12pt;\">Quela cronica es a dobla f\u00e0cia. Darrier l&#8217;anticlericalisme voltairian que la domina, se cacha un exemple mesconegut de mitologia popul\u00e0ria que nos ven dau fons daus atges e dura jusca a la segonda guerra mondiala. Las intencions d&#8217;Eug\u00e8ne Le Roy eran pas plan segur de far una \u00f2bra d&#8217;etnografe, mas de polhar la religion.<br \/>Emb La damnacion de sent Guinef\u00f2rt, sem dins la peri\u00f2da de n\u00f2stra ist\u00f2ria quand, en 1905, clericaus e anticlericaus s&#8217;afrontavan gravament a l&#8217;apr\u00f2pcha dau v\u00f2te de la lei de Separacion de las Egleisas e de l&#8217;Estat. La damnacion de sent Guinef\u00f2rt es pas la satira la mai violenta que Le Roy aja produita contra lo clergier, mas es sans contesta la mai umoristica. Los miracles acomplits per lo faus prestre de La Noalheta, dins lo ranvers de Autaf\u00f2rt : reviscolada d&#8217;una moscha, chamjament de l&#8217;aiga en vin, baston que &#8220;flur\u00eds&#8221;, fan pensar a Voltaire e a son capucin, fraire Cucufin d&#8217;Ascoli.<\/p>\n<p>Autor : Le Roy, Eug\u00e8ne<br \/>Illustracions : Pralong, Franc\u00e9s<br \/>Reviraire : Dugros, Joan-Claudi<br \/>Linga : Occitan <wbr>(lemosin)<br \/>Linga prumiera : Franc\u00e9s<br \/>Parucion : 06\/2011<br \/>Editor : IEO Perig\u00f2rd Novelum<br \/>Nb de pajas : 84<br \/>Format : 14,5 x 20,5 cm<br \/>P\u00e9s : 122 g<br \/>EAN 13 : 9782917451083<br \/><\/span><\/p>\n","protected":false},"excerpt":{"rendered":"<p>Quela cronica es a dobla f\u00e0cia. Darrier l&#8217;anticlericalisme voltairian que la domina, se cacha un exemple mesconegut de mitologia popul\u00e0ria que nos ven dau fons daus atges e dura jusca a la segonda guerra mondiala. Las intencions d&#8217;Eug\u00e8ne Le Roy eran pas plan segur de far una \u00f2bra d&#8217;etnografe, mas de polhar la religion.Emb La [&hellip;]<\/p>\n","protected":false},"featured_media":0,"template":"","meta":{"_acf_changed":false,"_genesis_hide_title":false,"_genesis_hide_breadcrumbs":false,"_genesis_hide_singular_image":false,"_genesis_hide_footer_widgets":false,"_genesis_custom_body_class":"","_genesis_custom_post_class":"","_genesis_layout":""},"product_brand":[],"product_cat":[7133,7175,16136,7183],"product_tag":[],"class_list":["post-33855","product","type-product","status-publish","product_cat-libres-oc","product_cat-literatura-oc","product_cat-non-classe-oc","product_cat-romans-novelas-oc","pa_auteurs-le-roy-eugene-dugros-joan-claudi-rev","entry","first","instock","purchasable","product-type-simple"],"acf":[],"_links":{"self":[{"href":"https:\/\/www.libraria-occitana.org\/oc\/wp-json\/wp\/v2\/product\/33855","targetHints":{"allow":["GET"]}}],"collection":[{"href":"https:\/\/www.libraria-occitana.org\/oc\/wp-json\/wp\/v2\/product"}],"about":[{"href":"https:\/\/www.libraria-occitana.org\/oc\/wp-json\/wp\/v2\/types\/product"}],"wp:attachment":[{"href":"https:\/\/www.libraria-occitana.org\/oc\/wp-json\/wp\/v2\/media?parent=33855"}],"wp:term":[{"taxonomy":"product_brand","embeddable":true,"href":"https:\/\/www.libraria-occitana.org\/oc\/wp-json\/wp\/v2\/product_brand?post=33855"},{"taxonomy":"product_cat","embeddable":true,"href":"https:\/\/www.libraria-occitana.org\/oc\/wp-json\/wp\/v2\/product_cat?post=33855"},{"taxonomy":"product_tag","embeddable":true,"href":"https:\/\/www.libraria-occitana.org\/oc\/wp-json\/wp\/v2\/product_tag?post=33855"}],"curies":[{"name":"wp","href":"https:\/\/api.w.org\/{rel}","templated":true}]}}

LA DAMNACION DE SENT GUINEFòRT

<p style="margin:0;"><span style="font-family:'Times New Roman';font-size:12pt;">Quela cronica es a dobla fàcia. Darrier l&#8217;anticlericalisme voltairian que la domina, se cacha un exemple mesconegut de mitologia populària que nos ven dau fons daus atges e dura jusca a la segonda guerra mondiala. Las intencions d&#8217;Eugène Le Roy eran pas plan segur de far una òbra d&#8217;etnografe, mas de polhar la religion.<br />Emb La damnacion de sent Guinefòrt, sem dins la periòda de nòstra istòria quand, en 1905, clericaus e anticlericaus s&#8217;afrontavan gravament a l&#8217;apròpcha dau vòte de la lei de Separacion de las Egleisas e de l&#8217;Estat. La damnacion de sent Guinefòrt es pas la satira la mai violenta que Le Roy aja produita contra lo clergier, mas es sans contesta la mai umoristica. Los miracles acomplits per lo faus prestre de La Noalheta, dins lo ranvers de Autafòrt : reviscolada d&#8217;una moscha, chamjament de l&#8217;aiga en vin, baston que &#8220;flurís&#8221;, fan pensar a Voltaire e a son capucin, fraire Cucufin d&#8217;Ascoli.</p>
<p>Autor : Le Roy, Eugène<br />Illustracions : Pralong, Francés<br />Reviraire : Dugros, Joan-Claudi<br />Linga : Occitan <wbr>(lemosin)<br />Linga prumiera : Francés<br />Parucion : 06/2011<br />Editor : IEO Perigòrd Novelum<br />Nb de pajas : 84<br />Format : 14,5 x 20,5 cm<br />Pés : 122 g<br />EAN 13 : 9782917451083<br /></span></p>

<p>Quela cronica es a dobla fàcia. Darrier l&#8217;anticlericalisme voltairian que la domina, se cacha un exemple mesconegut de mitologia populària que nos ven dau fons daus atges e dura jusca a la segonda guerra mondiala. Las intencions d&#8217;Eugène Le Roy eran pas plan segur de far una òbra d&#8217;etnografe, mas de polhar la religion.Emb La [&hellip;]</p>
