{"id":33895,"date":"2026-08-31T17:02:09","date_gmt":"2026-08-31T15:02:09","guid":{"rendered":"http:\/\/www.libraria-occitana.org\/?post_type=product&#038;p=33895\/"},"modified":"2026-08-31T17:02:12","modified_gmt":"2026-08-31T15:02:12","slug":"la-clau-lemosina-n113","status":"publish","type":"product","link":"https:\/\/www.libraria-occitana.org\/oc\/produch\/la-clau-lemosina-n113\/","title":{"rendered":"LA CLAU LEMOSINA N\u00b0113"},"content":{"rendered":"<p style=\"margin:0;\"><span style=\"font-family:'Times New Roman';font-size:12pt;\">Ensenhador :<\/p>\n<p>&#8211; Si&#8230; ? Oui, mais alors&#8230; <wbr>(Roland Berland)<\/p>\n<p>&#8211; Pour la dignit\u00e9 \u00e9crite de l&#8217;occitan<\/p>\n<p>&#8211; Lo grand viatge <wbr>(Reinat Toscano)<\/p>\n<p>&#8211; Musica occitana :<br \/>. Quand la Margu\u00ed <wbr>(M.-S. Coq)<br \/>. Ai vist lo lop <wbr>(M.-S. Coq)<br \/>. La poes\u00efa <wbr>(J.-Cl. Babois)<br \/>. Burgon <wbr>(I. Lavalada)<\/p>\n<p>&#8211; Parc R\u00e9gional P\u00e9rigord-Limousin<\/p>\n<p>&#8211; Cr\u00e9ation th\u00e9\u00e2trale<\/p>\n<p>&#8211; De tot&#8230;<\/p>\n<p>Revuda La Clau lemosina N\u00b0 113<br \/>Autor : Collectiu<br \/>Linga : Occitan <wbr>(lemosin), franc\u00e9s<br \/>Parucion : 04\/1996<br \/>Editor : CLEO<br \/>Nb de pajas : 26<br \/>Format : 21 x 29,7 cm<br \/>P\u00e9s : 86 g<br \/>ISSN : 03396487<\/p>\n<p><\/span><\/p>\n","protected":false},"excerpt":{"rendered":"<p>Ensenhador : &#8211; Si&#8230; ? Oui, mais alors&#8230; (Roland Berland) &#8211; Pour la dignit\u00e9 \u00e9crite de l&#8217;occitan &#8211; Lo grand viatge (Reinat Toscano) &#8211; Musica occitana :. Quand la Margu\u00ed (M.-S. Coq). Ai vist lo lop (M.-S. Coq). La poes\u00efa (J.-Cl. Babois). Burgon (I. Lavalada) &#8211; Parc R\u00e9gional P\u00e9rigord-Limousin &#8211; Cr\u00e9ation th\u00e9\u00e2trale &#8211; De tot&#8230; [&hellip;]<\/p>\n","protected":false},"featured_media":0,"template":"","meta":{"_acf_changed":false,"_genesis_hide_title":false,"_genesis_hide_breadcrumbs":false,"_genesis_hide_singular_image":false,"_genesis_hide_footer_widgets":false,"_genesis_custom_body_class":"","_genesis_custom_post_class":"","_genesis_layout":""},"product_brand":[],"product_cat":[7133,7175,16136],"product_tag":[],"class_list":["post-33895","product","type-product","status-publish","product_cat-libres-oc","product_cat-literatura-oc","product_cat-non-classe-oc","pa_auteur-collectiu-oc-2","entry","first","outofstock","purchasable","product-type-simple"],"acf":[],"_links":{"self":[{"href":"https:\/\/www.libraria-occitana.org\/oc\/wp-json\/wp\/v2\/product\/33895","targetHints":{"allow":["GET"]}}],"collection":[{"href":"https:\/\/www.libraria-occitana.org\/oc\/wp-json\/wp\/v2\/product"}],"about":[{"href":"https:\/\/www.libraria-occitana.org\/oc\/wp-json\/wp\/v2\/types\/product"}],"wp:attachment":[{"href":"https:\/\/www.libraria-occitana.org\/oc\/wp-json\/wp\/v2\/media?parent=33895"}],"wp:term":[{"taxonomy":"product_brand","embeddable":true,"href":"https:\/\/www.libraria-occitana.org\/oc\/wp-json\/wp\/v2\/product_brand?post=33895"},{"taxonomy":"product_cat","embeddable":true,"href":"https:\/\/www.libraria-occitana.org\/oc\/wp-json\/wp\/v2\/product_cat?post=33895"},{"taxonomy":"product_tag","embeddable":true,"href":"https:\/\/www.libraria-occitana.org\/oc\/wp-json\/wp\/v2\/product_tag?post=33895"}],"curies":[{"name":"wp","href":"https:\/\/api.w.org\/{rel}","templated":true}]}}

<p style="margin:0;"><span style="font-family:'Times New Roman';font-size:12pt;">Ensenhador :</p>
<p>&#8211; Si&#8230; ? Oui, mais alors&#8230; <wbr>(Roland Berland)</p>
<p>&#8211; Pour la dignité écrite de l&#8217;occitan</p>
<p>&#8211; Lo grand viatge <wbr>(Reinat Toscano)</p>
<p>&#8211; Musica occitana :<br />. Quand la Marguí <wbr>(M.-S. Coq)<br />. Ai vist lo lop <wbr>(M.-S. Coq)<br />. La poesïa <wbr>(J.-Cl. Babois)<br />. Burgon <wbr>(I. Lavalada)</p>
<p>&#8211; Parc Régional Périgord-Limousin</p>
<p>&#8211; Création théâtrale</p>
<p>&#8211; De tot&#8230;</p>
<p>Revuda La Clau lemosina N° 113<br />Autor : Collectiu<br />Linga : Occitan <wbr>(lemosin), francés<br />Parucion : 04/1996<br />Editor : CLEO<br />Nb de pajas : 26<br />Format : 21 x 29,7 cm<br />Pés : 86 g<br />ISSN : 03396487</p>
<p></span></p>

<p>Ensenhador : &#8211; Si&#8230; ? Oui, mais alors&#8230; (Roland Berland) &#8211; Pour la dignité écrite de l&#8217;occitan &#8211; Lo grand viatge (Reinat Toscano) &#8211; Musica occitana :. Quand la Marguí (M.-S. Coq). Ai vist lo lop (M.-S. Coq). La poesïa (J.-Cl. Babois). Burgon (I. Lavalada) &#8211; Parc Régional Périgord-Limousin &#8211; Création théâtrale &#8211; De tot&#8230; [&hellip;]</p>
