{"id":33904,"date":"2026-08-31T17:02:26","date_gmt":"2026-08-31T15:02:26","guid":{"rendered":"http:\/\/www.libraria-occitana.org\/?post_type=product&#038;p=33904\/"},"modified":"2026-08-31T17:02:30","modified_gmt":"2026-08-31T15:02:30","slug":"la-clau-lemosina-n90","status":"publish","type":"product","link":"https:\/\/www.libraria-occitana.org\/oc\/produch\/la-clau-lemosina-n90\/","title":{"rendered":"LA CLAU LEMOSINA N\u00b090"},"content":{"rendered":"<p style=\"margin:0;\"><span style=\"font-family:'Times New Roman';font-size:12pt;\">Ensenhador :<\/p>\n<p>&#8211; 1992 : La conscience indig\u00e8ne dans l&#8217;Am\u00e9rique d&#8217;aujourd&#8217;hui<\/p>\n<p>&#8211; Nauturas de Macchu Picchu <wbr>(Pablo Neruda)<\/p>\n<p>&#8211; Los mots nuveus en linga d&#8217;\u00f2c<\/p>\n<p>&#8211; Referendum dau 20\/09\/92 :<br \/>. Omes d&#8217;OC e de NON <wbr>(Reinat Toscano)<br \/>. Vint de setembre <wbr>(Reinat Toscano)<\/p>\n<p>&#8211; Amarum <wbr>(Reinat Toscano)<\/p>\n<p>&#8211; L&#8217;enseignement de l&#8217;occitan : la mise \u00e0 mort ? <wbr>(J.-P. Baldit)<\/p>\n<p>&#8211; Aperpaus de Tiarra freda <wbr>(J.-J. Delmas)<\/p>\n<p>&#8211; Las tauveras &#8211; Lo monde dau N\u00f2rd &#8211; Aitau vai l&#8217;ist\u00f2ria <wbr>(A. B\u00f2sc-Savi)<\/p>\n<p>&#8211; P. Rapeau : L&#8217;\u00f2me que pintura los aubres e los rochiers <wbr>(J. Beauz\u00e9tie)<\/p>\n<p>&#8211; Edicions&#8230; parucions<\/p>\n<p>&#8211; Ils ont dit&#8230;<\/p>\n<p>&#8211; Campanha, en Auvernha<\/p>\n<p>&#8211; Massilia Sound System<\/p>\n<p>Revuda La Clau lemosina N\u00b0 90<br \/>Autor : Collectiu<br \/>Linga : Occitan <wbr>(lemosin), franc\u00e9s<br \/>Parucion : 10\/1992<br \/>Editor : CLEO<br \/>Nb de pajas : 26<br \/>Format : 21 x 29,7 cm<br \/>P\u00e9s : 82 g<br \/>ISSN : 03396487<\/p>\n<p><\/span><\/p>\n","protected":false},"excerpt":{"rendered":"<p>Ensenhador : &#8211; 1992 : La conscience indig\u00e8ne dans l&#8217;Am\u00e9rique d&#8217;aujourd&#8217;hui &#8211; Nauturas de Macchu Picchu (Pablo Neruda) &#8211; Los mots nuveus en linga d&#8217;\u00f2c &#8211; Referendum dau 20\/09\/92 :. Omes d&#8217;OC e de NON (Reinat Toscano). Vint de setembre (Reinat Toscano) &#8211; Amarum (Reinat Toscano) &#8211; L&#8217;enseignement de l&#8217;occitan : la mise \u00e0 mort [&hellip;]<\/p>\n","protected":false},"featured_media":0,"template":"","meta":{"_acf_changed":false,"_genesis_hide_title":false,"_genesis_hide_breadcrumbs":false,"_genesis_hide_singular_image":false,"_genesis_hide_footer_widgets":false,"_genesis_custom_body_class":"","_genesis_custom_post_class":"","_genesis_layout":""},"product_brand":[],"product_cat":[7133,7175,16136],"product_tag":[],"class_list":["post-33904","product","type-product","status-publish","product_cat-libres-oc","product_cat-literatura-oc","product_cat-non-classe-oc","pa_auteur-collectiu-oc-2","entry","first","outofstock","purchasable","product-type-simple"],"acf":[],"_links":{"self":[{"href":"https:\/\/www.libraria-occitana.org\/oc\/wp-json\/wp\/v2\/product\/33904","targetHints":{"allow":["GET"]}}],"collection":[{"href":"https:\/\/www.libraria-occitana.org\/oc\/wp-json\/wp\/v2\/product"}],"about":[{"href":"https:\/\/www.libraria-occitana.org\/oc\/wp-json\/wp\/v2\/types\/product"}],"wp:attachment":[{"href":"https:\/\/www.libraria-occitana.org\/oc\/wp-json\/wp\/v2\/media?parent=33904"}],"wp:term":[{"taxonomy":"product_brand","embeddable":true,"href":"https:\/\/www.libraria-occitana.org\/oc\/wp-json\/wp\/v2\/product_brand?post=33904"},{"taxonomy":"product_cat","embeddable":true,"href":"https:\/\/www.libraria-occitana.org\/oc\/wp-json\/wp\/v2\/product_cat?post=33904"},{"taxonomy":"product_tag","embeddable":true,"href":"https:\/\/www.libraria-occitana.org\/oc\/wp-json\/wp\/v2\/product_tag?post=33904"}],"curies":[{"name":"wp","href":"https:\/\/api.w.org\/{rel}","templated":true}]}}

<p style="margin:0;"><span style="font-family:'Times New Roman';font-size:12pt;">Ensenhador :</p>
<p>&#8211; 1992 : La conscience indigène dans l&#8217;Amérique d&#8217;aujourd&#8217;hui</p>
<p>&#8211; Nauturas de Macchu Picchu <wbr>(Pablo Neruda)</p>
<p>&#8211; Los mots nuveus en linga d&#8217;òc</p>
<p>&#8211; Referendum dau 20/09/92 :<br />. Omes d&#8217;OC e de NON <wbr>(Reinat Toscano)<br />. Vint de setembre <wbr>(Reinat Toscano)</p>
<p>&#8211; Amarum <wbr>(Reinat Toscano)</p>
<p>&#8211; L&#8217;enseignement de l&#8217;occitan : la mise à mort ? <wbr>(J.-P. Baldit)</p>
<p>&#8211; Aperpaus de Tiarra freda <wbr>(J.-J. Delmas)</p>
<p>&#8211; Las tauveras &#8211; Lo monde dau Nòrd &#8211; Aitau vai l&#8217;istòria <wbr>(A. Bòsc-Savi)</p>
<p>&#8211; P. Rapeau : L&#8217;òme que pintura los aubres e los rochiers <wbr>(J. Beauzétie)</p>
<p>&#8211; Edicions&#8230; parucions</p>
<p>&#8211; Ils ont dit&#8230;</p>
<p>&#8211; Campanha, en Auvernha</p>
<p>&#8211; Massilia Sound System</p>
<p>Revuda La Clau lemosina N° 90<br />Autor : Collectiu<br />Linga : Occitan <wbr>(lemosin), francés<br />Parucion : 10/1992<br />Editor : CLEO<br />Nb de pajas : 26<br />Format : 21 x 29,7 cm<br />Pés : 82 g<br />ISSN : 03396487</p>
<p></span></p>

<p>Ensenhador : &#8211; 1992 : La conscience indigène dans l&#8217;Amérique d&#8217;aujourd&#8217;hui &#8211; Nauturas de Macchu Picchu (Pablo Neruda) &#8211; Los mots nuveus en linga d&#8217;òc &#8211; Referendum dau 20/09/92 :. Omes d&#8217;OC e de NON (Reinat Toscano). Vint de setembre (Reinat Toscano) &#8211; Amarum (Reinat Toscano) &#8211; L&#8217;enseignement de l&#8217;occitan : la mise à mort [&hellip;]</p>
