{"id":33940,"date":"2026-08-31T16:33:04","date_gmt":"2026-08-31T14:33:04","guid":{"rendered":"http:\/\/www.libraria-occitana.org\/?post_type=product&#038;p=33940\/"},"modified":"2026-08-31T16:33:07","modified_gmt":"2026-08-31T14:33:07","slug":"loccitanie-en-48-mots","status":"publish","type":"product","link":"https:\/\/www.libraria-occitana.org\/oc\/produch\/loccitanie-en-48-mots\/","title":{"rendered":"L&#8217;OCCITANIE EN 48 MOTS"},"content":{"rendered":"<p style=\"margin:0;\"><span style=\"font-family:'Times New Roman';font-size:12pt;\">L\u2019Occitanie en 48 mots,<br \/>et peut-\u00eatre un peu plus&#8230;<\/p>\n<p>48 mots choisis pour, du n\u00e9ophyte curieux au militant, avoir plus qu\u2019un aper\u00e7u des diff\u00e9rents aspects de la langue et de la culture occitanes, qui font ce socle commun sans lequel il n\u2019y a point de d\u00e9bat.<br \/>48 mots, comme autant d\u2019entr\u00e9es dans la pens\u00e9e et les enjeux de la langue et de la culture occitanes. Pour mieux <wbr>(se) comprendre et se conna\u00eetre. Pour tous. 48 mots.<\/p>\n<p>Savant ou l\u00e9ger, s\u00e9rieux, ironique ou caustique, Herv\u00e9 Terral dresse, sans en avoir l\u2019air, un \u00e9tat des lieux de la culture occitane, de ses<br \/>aspirations et de ses contradictions, qu\u2019il nous fait partager avec talent.<\/p>\n<p>Autor : Terral, Herv\u00e9<br \/>Linga : Franc\u00e9s<br \/>Parucion : 03\/2014<br \/>Editor : IEO<br \/>Nb de pajas : 218<br \/>Format : 13,5 x 18 cm<br \/>P\u00e9s : 230 g<br \/>EAN 13 : 9782859105198<\/p>\n<p><\/span><\/p>\n","protected":false},"excerpt":{"rendered":"<p>L\u2019Occitanie en 48 mots,et peut-\u00eatre un peu plus&#8230; 48 mots choisis pour, du n\u00e9ophyte curieux au militant, avoir plus qu\u2019un aper\u00e7u des diff\u00e9rents aspects de la langue et de la culture occitanes, qui font ce socle commun sans lequel il n\u2019y a point de d\u00e9bat.48 mots, comme autant d\u2019entr\u00e9es dans la pens\u00e9e et les enjeux [&hellip;]<\/p>\n","protected":false},"featured_media":0,"template":"","meta":{"_acf_changed":false,"_genesis_hide_title":false,"_genesis_hide_breadcrumbs":false,"_genesis_hide_singular_image":false,"_genesis_hide_footer_widgets":false,"_genesis_custom_body_class":"","_genesis_custom_post_class":"","_genesis_layout":""},"product_brand":[],"product_cat":[7133,16136,7203],"product_tag":[],"class_list":["post-33940","product","type-product","status-publish","product_cat-libres-oc","product_cat-non-classe-oc","product_cat-politica-sociologia-actualitat-oc","pa_editeur-ieo-fr-oc","pa_editeurs-ideco","entry","first","instock","purchasable","product-type-simple"],"acf":[],"_links":{"self":[{"href":"https:\/\/www.libraria-occitana.org\/oc\/wp-json\/wp\/v2\/product\/33940","targetHints":{"allow":["GET"]}}],"collection":[{"href":"https:\/\/www.libraria-occitana.org\/oc\/wp-json\/wp\/v2\/product"}],"about":[{"href":"https:\/\/www.libraria-occitana.org\/oc\/wp-json\/wp\/v2\/types\/product"}],"wp:attachment":[{"href":"https:\/\/www.libraria-occitana.org\/oc\/wp-json\/wp\/v2\/media?parent=33940"}],"wp:term":[{"taxonomy":"product_brand","embeddable":true,"href":"https:\/\/www.libraria-occitana.org\/oc\/wp-json\/wp\/v2\/product_brand?post=33940"},{"taxonomy":"product_cat","embeddable":true,"href":"https:\/\/www.libraria-occitana.org\/oc\/wp-json\/wp\/v2\/product_cat?post=33940"},{"taxonomy":"product_tag","embeddable":true,"href":"https:\/\/www.libraria-occitana.org\/oc\/wp-json\/wp\/v2\/product_tag?post=33940"}],"curies":[{"name":"wp","href":"https:\/\/api.w.org\/{rel}","templated":true}]}}

<p style="margin:0;"><span style="font-family:'Times New Roman';font-size:12pt;">L’Occitanie en 48 mots,<br />et peut-être un peu plus&#8230;</p>
<p>48 mots choisis pour, du néophyte curieux au militant, avoir plus qu’un aperçu des différents aspects de la langue et de la culture occitanes, qui font ce socle commun sans lequel il n’y a point de débat.<br />48 mots, comme autant d’entrées dans la pensée et les enjeux de la langue et de la culture occitanes. Pour mieux <wbr>(se) comprendre et se connaître. Pour tous. 48 mots.</p>
<p>Savant ou léger, sérieux, ironique ou caustique, Hervé Terral dresse, sans en avoir l’air, un état des lieux de la culture occitane, de ses<br />aspirations et de ses contradictions, qu’il nous fait partager avec talent.</p>
<p>Autor : Terral, Hervé<br />Linga : Francés<br />Parucion : 03/2014<br />Editor : IEO<br />Nb de pajas : 218<br />Format : 13,5 x 18 cm<br />Pés : 230 g<br />EAN 13 : 9782859105198</p>
<p></span></p>

<p>L’Occitanie en 48 mots,et peut-être un peu plus&#8230; 48 mots choisis pour, du néophyte curieux au militant, avoir plus qu’un aperçu des différents aspects de la langue et de la culture occitanes, qui font ce socle commun sans lequel il n’y a point de débat.48 mots, comme autant d’entrées dans la pensée et les enjeux [&hellip;]</p>
