{"id":33997,"date":"2026-08-31T17:35:27","date_gmt":"2026-08-31T15:35:27","guid":{"rendered":"http:\/\/www.libraria-occitana.org\/?post_type=product&#038;p=33997\/"},"modified":"2026-08-31T17:35:30","modified_gmt":"2026-08-31T15:35:30","slug":"lart-de-lemail-a-limoges","status":"publish","type":"product","link":"https:\/\/www.libraria-occitana.org\/oc\/produch\/lart-de-lemail-a-limoges\/","title":{"rendered":"L&#8217;ART DE L&#8217;EMAIL A LIMOGES"},"content":{"rendered":"<p style=\"margin:0;\"><span style=\"font-family:'Times New Roman';font-size:12pt;\">L&#8217;art de l&#8217;\u00e9mail \u00e0 Limoges<\/p>\n<p>L&#8217;\u00e9mail de Limoges est encore largement m\u00e9connu du grand public. En une synth\u00e8se claire et abondamment illustr\u00e9e, cet ouvrage retrace l&#8217;histoire de cet art pr\u00e9cieux exerc\u00e9 par les artistes de Limoges, du Moyen Age \u00e0 nos jours, avec une \u00e9tonnante capacit\u00e9 de renouvellement. Propos\u00e9 pour la premi\u00e8re fois dans une lecture continue, ce panorama est jalonn\u00e9 de chefs-d\u2019\u0153uvre mondialement connus et de d\u00e9couvertes issues des plus r\u00e9centes recherches.<br \/>De l&#8217;orf\u00e8vrerie religieuse m\u00e9di\u00e9vale \u00e0 la vaisselle d\u00e9corative de la Renaissance, les \u00e9maux de Haute \u00c9poque contribu\u00e8rent avec \u00e9clat au rayonnement de Limoges dans toute l&#8217;Europe. Si au XIX\u00b0 si\u00e8cle l&#8217;\u00e9mail fran\u00e7ais se distingue d&#8217;abord par une pratique essentiellement parisienne, la capitale limousine r\u00e9inscrit tr\u00e8s rapidement son nom, avec l&#8217;Art nouveau et l&#8217;Art d\u00e9co, dans la grande histoire des arts d\u00e9coratifs. De nouvelles g\u00e9n\u00e9rations d&#8217;artistes parviennent alors \u00e0 renouer avec les savoir-faire, un temps oubli\u00e9s, et perp\u00e9tuent leur art avec inventivit\u00e9.<br \/>Un descriptif des techniques de l&#8217;\u00e9mail et un signalement syst\u00e9matique des noms de ses principaux praticiens aideront \u00e9galement amateurs et sp\u00e9cialistes \u00e0 saisir toute la vari\u00e9t\u00e9 et la singularit\u00e9 de L&#8217;art de l&#8217;\u00e9mail \u00e0 Limoges.<\/p>\n<p>The general public still considers Limoges enamel as largely unfamiliar.<br \/>By providing for the first time a clear synchronic and synthetic presentation of this craft, supported by numerous illustrations, this book presents the history of this art performed by limousin artists who displayed a stunning capacity for its renewal, from the Middle Ages to the present day.<br \/>The panorama provided displays masterpieces famous all over the world as well as the most recent discoveries in the wake of today&#8217;s research.<br \/>From medieval smiths dealing with religious themes to the decorative tableware of the Renaissance, the enamels of the High Period made Limoges a high flier of this art all over Europe. If the French enamel was essentially a parisian phenomenon in the 19th century, the limousin capital participated again through the Art deco and Art nouveau styles in the great history of the decorative arts. A new generation of artists has recaptured the techniques and ensured the renewal of the art of enamel in Limoges with great resourcefulness.<br \/>The techniques of enamel-making presented here and the highlighting in the text itself of the names of the main practitioners will enable specialists and the general public alike to grasp the variety and the specificity of the art of enamel in Limoges.<\/p>\n<p>Complement de titre : Limoges, the Art of Enamel<br \/>Autor : Ferrer, Jean-Marc ; Notin, V\u00e9ronique<br \/>Linga : Franc\u00e9s &#8211; angl\u00e9s<br \/>Parucion : 10\/2005<br \/>Editor : Culture &#038; Patrimoine<br \/>Colleccion : Patrimoine en poche<br \/>Nb de pajas : 159<br \/>Format : 14 x 22 cm<br \/>P\u00e9s : 326 g<br \/>EAN 13 : 9782911167447<br \/><\/span><\/p>\n","protected":false},"excerpt":{"rendered":"<p>L&#8217;art de l&#8217;\u00e9mail \u00e0 Limoges L&#8217;\u00e9mail de Limoges est encore largement m\u00e9connu du grand public. En une synth\u00e8se claire et abondamment illustr\u00e9e, cet ouvrage retrace l&#8217;histoire de cet art pr\u00e9cieux exerc\u00e9 par les artistes de Limoges, du Moyen Age \u00e0 nos jours, avec une \u00e9tonnante capacit\u00e9 de renouvellement. Propos\u00e9 pour la premi\u00e8re fois dans une [&hellip;]<\/p>\n","protected":false},"featured_media":0,"template":"","meta":{"_acf_changed":false,"_genesis_hide_title":false,"_genesis_hide_breadcrumbs":false,"_genesis_hide_singular_image":false,"_genesis_hide_footer_widgets":false,"_genesis_custom_body_class":"","_genesis_custom_post_class":"","_genesis_layout":""},"product_brand":[],"product_cat":[7133,7213,16136,7207],"product_tag":[],"class_list":["post-33997","product","type-product","status-publish","product_cat-libres-oc","product_cat-metiers-saubre-far-oc","product_cat-non-classe-oc","product_cat-tradicions-patrimoni-oc","pa_auteur-ferrer-jean-marc-oc","pa_auteur-notin-veronique-oc","pa_auteurs-ferrer-jean-marc-notin-veronique","pa_editeur-culture-patrimoine-en-limousin-oc","pa_editeurs-culture-patrimoine","pa_langue-autras-lingas-oc","pa_langue-francais-oc","entry","first","outofstock","purchasable","product-type-simple"],"acf":[],"_links":{"self":[{"href":"https:\/\/www.libraria-occitana.org\/oc\/wp-json\/wp\/v2\/product\/33997","targetHints":{"allow":["GET"]}}],"collection":[{"href":"https:\/\/www.libraria-occitana.org\/oc\/wp-json\/wp\/v2\/product"}],"about":[{"href":"https:\/\/www.libraria-occitana.org\/oc\/wp-json\/wp\/v2\/types\/product"}],"wp:attachment":[{"href":"https:\/\/www.libraria-occitana.org\/oc\/wp-json\/wp\/v2\/media?parent=33997"}],"wp:term":[{"taxonomy":"product_brand","embeddable":true,"href":"https:\/\/www.libraria-occitana.org\/oc\/wp-json\/wp\/v2\/product_brand?post=33997"},{"taxonomy":"product_cat","embeddable":true,"href":"https:\/\/www.libraria-occitana.org\/oc\/wp-json\/wp\/v2\/product_cat?post=33997"},{"taxonomy":"product_tag","embeddable":true,"href":"https:\/\/www.libraria-occitana.org\/oc\/wp-json\/wp\/v2\/product_tag?post=33997"}],"curies":[{"name":"wp","href":"https:\/\/api.w.org\/{rel}","templated":true}]}}

<p style="margin:0;"><span style="font-family:'Times New Roman';font-size:12pt;">L&#8217;art de l&#8217;émail à Limoges</p>
<p>L&#8217;émail de Limoges est encore largement méconnu du grand public. En une synthèse claire et abondamment illustrée, cet ouvrage retrace l&#8217;histoire de cet art précieux exercé par les artistes de Limoges, du Moyen Age à nos jours, avec une étonnante capacité de renouvellement. Proposé pour la première fois dans une lecture continue, ce panorama est jalonné de chefs-d’œuvre mondialement connus et de découvertes issues des plus récentes recherches.<br />De l&#8217;orfèvrerie religieuse médiévale à la vaisselle décorative de la Renaissance, les émaux de Haute Époque contribuèrent avec éclat au rayonnement de Limoges dans toute l&#8217;Europe. Si au XIX° siècle l&#8217;émail français se distingue d&#8217;abord par une pratique essentiellement parisienne, la capitale limousine réinscrit très rapidement son nom, avec l&#8217;Art nouveau et l&#8217;Art déco, dans la grande histoire des arts décoratifs. De nouvelles générations d&#8217;artistes parviennent alors à renouer avec les savoir-faire, un temps oubliés, et perpétuent leur art avec inventivité.<br />Un descriptif des techniques de l&#8217;émail et un signalement systématique des noms de ses principaux praticiens aideront également amateurs et spécialistes à saisir toute la variété et la singularité de L&#8217;art de l&#8217;émail à Limoges.</p>
<p>The general public still considers Limoges enamel as largely unfamiliar.<br />By providing for the first time a clear synchronic and synthetic presentation of this craft, supported by numerous illustrations, this book presents the history of this art performed by limousin artists who displayed a stunning capacity for its renewal, from the Middle Ages to the present day.<br />The panorama provided displays masterpieces famous all over the world as well as the most recent discoveries in the wake of today&#8217;s research.<br />From medieval smiths dealing with religious themes to the decorative tableware of the Renaissance, the enamels of the High Period made Limoges a high flier of this art all over Europe. If the French enamel was essentially a parisian phenomenon in the 19th century, the limousin capital participated again through the Art deco and Art nouveau styles in the great history of the decorative arts. A new generation of artists has recaptured the techniques and ensured the renewal of the art of enamel in Limoges with great resourcefulness.<br />The techniques of enamel-making presented here and the highlighting in the text itself of the names of the main practitioners will enable specialists and the general public alike to grasp the variety and the specificity of the art of enamel in Limoges.</p>
<p>Complement de titre : Limoges, the Art of Enamel<br />Autor : Ferrer, Jean-Marc ; Notin, Véronique<br />Linga : Francés &#8211; anglés<br />Parucion : 10/2005<br />Editor : Culture &#038; Patrimoine<br />Colleccion : Patrimoine en poche<br />Nb de pajas : 159<br />Format : 14 x 22 cm<br />Pés : 326 g<br />EAN 13 : 9782911167447<br /></span></p>

<p>L&#8217;art de l&#8217;émail à Limoges L&#8217;émail de Limoges est encore largement méconnu du grand public. En une synthèse claire et abondamment illustrée, cet ouvrage retrace l&#8217;histoire de cet art précieux exercé par les artistes de Limoges, du Moyen Age à nos jours, avec une étonnante capacité de renouvellement. Proposé pour la première fois dans une [&hellip;]</p>
