{"id":34017,"date":"2012-10-19T19:36:45","date_gmt":"2012-10-19T17:36:45","guid":{"rendered":"http:\/\/www.libraria-occitana.org\/?post_type=product&#038;p=34017\/"},"modified":"2026-04-28T22:21:30","modified_gmt":"2026-04-28T20:21:30","slug":"laccordeon-quelle-histoire","status":"publish","type":"product","link":"https:\/\/www.libraria-occitana.org\/oc\/produch\/laccordeon-quelle-histoire\/","title":{"rendered":"L&#8217;Accord\u00e9on : Quelle histoire !"},"content":{"rendered":"<p>Le mythique \u00ab piano \u00e0 bretelles \u00bb, cr\u00e9\u00e9 pour imiter la voix humaine, a fait danser plus d&#8217;un couple et tourner plus d&#8217;une t\u00eate. Mais qui sait aujourd&#8217;hui que l&#8217;accord\u00e9on a grandi dans les bras de demoiselles en crinolines au XIXe si\u00e8cle, pour continuer sa carri\u00e8re aux mains d&#8217;immigr\u00e9s italiens, inventant avec les Auvergnats la valse musette ? Qui sait encore qu&#8217;il s&#8217;est install\u00e9 en territoire zoulou ou qu&#8217;il est parti \u00e0 la conqu\u00eate de l&#8217;Ouest ? Pendant ce temps, son cousin le bandon\u00e9on, n\u00e9 en Allemagne, devenait la voix du tango en Argentine&#8230;<\/p>\n","protected":false},"excerpt":{"rendered":"<p>Le mythique \u00ab piano \u00e0 bretelles \u00bb, cr\u00e9\u00e9 pour imiter la voix humaine, a fait danser plus d&#8217;un couple et tourner plus d&#8217;une t\u00eate. Mais qui sait aujourd&#8217;hui que l&#8217;accord\u00e9on a grandi dans les bras de demoiselles en crinolines au XIXe si\u00e8cle, pour continuer sa carri\u00e8re aux mains d&#8217;immigr\u00e9s italiens, inventant avec les Auvergnats la [&hellip;]<\/p>\n","protected":false},"featured_media":44978,"template":"","meta":{"_acf_changed":false,"_genesis_hide_title":false,"_genesis_hide_breadcrumbs":false,"_genesis_hide_singular_image":false,"_genesis_hide_footer_widgets":false,"_genesis_custom_body_class":"","_genesis_custom_post_class":"","_genesis_layout":""},"product_brand":[],"product_cat":[7195,7133,7191],"product_tag":[],"class_list":{"0":"post-34017","1":"product","2":"type-product","3":"status-publish","4":"has-post-thumbnail","6":"product_cat-estudis-oc","7":"product_cat-libres-oc","8":"product_cat-musica-danca-oc","9":"pa_auteur-krumm-philippe-oc","10":"pa_editeur-parigramme-oc","11":"pa_langue-francais-oc","12":"entry","14":"first","15":"instock","16":"shipping-taxable","17":"purchasable","18":"product-type-simple"},"acf":[],"_links":{"self":[{"href":"https:\/\/www.libraria-occitana.org\/oc\/wp-json\/wp\/v2\/product\/34017","targetHints":{"allow":["GET"]}}],"collection":[{"href":"https:\/\/www.libraria-occitana.org\/oc\/wp-json\/wp\/v2\/product"}],"about":[{"href":"https:\/\/www.libraria-occitana.org\/oc\/wp-json\/wp\/v2\/types\/product"}],"wp:featuredmedia":[{"embeddable":true,"href":"https:\/\/www.libraria-occitana.org\/oc\/wp-json\/wp\/v2\/media\/44978"}],"wp:attachment":[{"href":"https:\/\/www.libraria-occitana.org\/oc\/wp-json\/wp\/v2\/media?parent=34017"}],"wp:term":[{"taxonomy":"product_brand","embeddable":true,"href":"https:\/\/www.libraria-occitana.org\/oc\/wp-json\/wp\/v2\/product_brand?post=34017"},{"taxonomy":"product_cat","embeddable":true,"href":"https:\/\/www.libraria-occitana.org\/oc\/wp-json\/wp\/v2\/product_cat?post=34017"},{"taxonomy":"product_tag","embeddable":true,"href":"https:\/\/www.libraria-occitana.org\/oc\/wp-json\/wp\/v2\/product_tag?post=34017"}],"curies":[{"name":"wp","href":"https:\/\/api.w.org\/{rel}","templated":true}]}}

L&#8217;Accordéon : Quelle histoire !

<p>Le mythique « piano à bretelles », créé pour imiter la voix humaine, a fait danser plus d&#8217;un couple et tourner plus d&#8217;une tête. Mais qui sait aujourd&#8217;hui que l&#8217;accordéon a grandi dans les bras de demoiselles en crinolines au XIXe siècle, pour continuer sa carrière aux mains d&#8217;immigrés italiens, inventant avec les Auvergnats la valse musette ? Qui sait encore qu&#8217;il s&#8217;est installé en territoire zoulou ou qu&#8217;il est parti à la conquête de l&#8217;Ouest ? Pendant ce temps, son cousin le bandonéon, né en Allemagne, devenait la voix du tango en Argentine&#8230;</p>

<p>Le mythique « piano à bretelles », créé pour imiter la voix humaine, a fait danser plus d&#8217;un couple et tourner plus d&#8217;une tête. Mais qui sait aujourd&#8217;hui que l&#8217;accordéon a grandi dans les bras de demoiselles en crinolines au XIXe siècle, pour continuer sa carrière aux mains d&#8217;immigrés italiens, inventant avec les Auvergnats la [&hellip;]</p>
