{"id":34084,"date":"2007-04-19T14:01:38","date_gmt":"2007-04-19T12:01:38","guid":{"rendered":"http:\/\/www.libraria-occitana.org\/?post_type=product&#038;p=34084\/"},"modified":"2026-04-29T10:40:09","modified_gmt":"2026-04-29T08:40:09","slug":"jrdindelasdelicias-com","status":"publish","type":"product","link":"https:\/\/www.libraria-occitana.org\/oc\/produch\/jrdindelasdelicias-com\/","title":{"rendered":"J@rdindelasdelicias.com"},"content":{"rendered":"<p>Dins la familha, arroinada ara, trapatz d\u2019en primi\u00e8r l\u2019ainat, un afr\u00f3s, capon\u00e0s e mespresable. Butat per une esposa que los escrupuls l\u2019arr\u00e8stan pas gaire, v\u00f2l vendre qu\u00e9 que c\u00f2ste lo patrim\u00f2ni de familha. I a tanben lo paire, embarrat gaireben de longa dins lo muditge e sepelit al mai prigond de sos apartaments refregerits que li perm\u00e8ton sols de subreviure al poiridi\u00e8r que l\u2019agarr\u00eds. La mameta, dins son ata\u00fcc de contraplacat e un papagai que s\u2019exprim\u00eds mai que pus en m\u00f2rse. Enfin i a la filha, Lutz ? Es joven\u00f2ta e mai o mens autista, \u00e7\u00f2 dison. Aquesta sag\u00e0 es contada de per dintre per dos narrators despietadoses, dos fetusses dins lor bocal de form\u00f2l.<\/p>\n","protected":false},"excerpt":{"rendered":"<p>Dins la familha, arroinada ara, trapatz d\u2019en primi\u00e8r l\u2019ainat, un afr\u00f3s, capon\u00e0s e mespresable. Butat per une esposa que los escrupuls l\u2019arr\u00e8stan pas gaire, v\u00f2l vendre qu\u00e9 que c\u00f2ste lo patrim\u00f2ni de familha. I a tanben lo paire, embarrat gaireben de longa dins lo muditge e sepelit al mai prigond de sos apartaments refregerits que [&hellip;]<\/p>\n","protected":false},"featured_media":53796,"template":"","meta":{"_acf_changed":false,"_genesis_hide_title":false,"_genesis_hide_breadcrumbs":false,"_genesis_hide_singular_image":false,"_genesis_hide_footer_widgets":false,"_genesis_custom_body_class":"","_genesis_custom_post_class":"","_genesis_layout":""},"product_brand":[],"product_cat":[7133,7175,7183],"product_tag":[],"class_list":{"0":"post-34084","1":"product","2":"type-product","3":"status-publish","4":"has-post-thumbnail","6":"product_cat-libres-oc","7":"product_cat-literatura-oc","8":"product_cat-romans-novelas-oc","9":"pa_auteur-vernet-florian-oc","10":"pa_editeur-ieo-fr-oc","11":"pa_langue-occitan-oc","12":"pa_langue-occitan-lengadocian-oc","13":"entry","15":"first","16":"instock","17":"shipping-taxable","18":"purchasable","19":"product-type-simple"},"acf":[],"_links":{"self":[{"href":"https:\/\/www.libraria-occitana.org\/oc\/wp-json\/wp\/v2\/product\/34084","targetHints":{"allow":["GET"]}}],"collection":[{"href":"https:\/\/www.libraria-occitana.org\/oc\/wp-json\/wp\/v2\/product"}],"about":[{"href":"https:\/\/www.libraria-occitana.org\/oc\/wp-json\/wp\/v2\/types\/product"}],"wp:featuredmedia":[{"embeddable":true,"href":"https:\/\/www.libraria-occitana.org\/oc\/wp-json\/wp\/v2\/media\/53796"}],"wp:attachment":[{"href":"https:\/\/www.libraria-occitana.org\/oc\/wp-json\/wp\/v2\/media?parent=34084"}],"wp:term":[{"taxonomy":"product_brand","embeddable":true,"href":"https:\/\/www.libraria-occitana.org\/oc\/wp-json\/wp\/v2\/product_brand?post=34084"},{"taxonomy":"product_cat","embeddable":true,"href":"https:\/\/www.libraria-occitana.org\/oc\/wp-json\/wp\/v2\/product_cat?post=34084"},{"taxonomy":"product_tag","embeddable":true,"href":"https:\/\/www.libraria-occitana.org\/oc\/wp-json\/wp\/v2\/product_tag?post=34084"}],"curies":[{"name":"wp","href":"https:\/\/api.w.org\/{rel}","templated":true}]}}

<p>Dins la familha, arroinada ara, trapatz d’en primièr l’ainat, un afrós, caponàs e mespresable. Butat per une esposa que los escrupuls l’arrèstan pas gaire, vòl vendre qué que còste lo patrimòni de familha. I a tanben lo paire, embarrat gaireben de longa dins lo muditge e sepelit al mai prigond de sos apartaments refregerits que li permèton sols de subreviure al poiridièr que l’agarrís. La mameta, dins son ataüc de contraplacat e un papagai que s’exprimís mai que pus en mòrse. Enfin i a la filha, Lutz ? Es jovenòta e mai o mens autista, çò dison. Aquesta sagà es contada de per dintre per dos narrators despietadoses, dos fetusses dins lor bocal de formòl.</p>

<p>Dins la familha, arroinada ara, trapatz d’en primièr l’ainat, un afrós, caponàs e mespresable. Butat per une esposa que los escrupuls l’arrèstan pas gaire, vòl vendre qué que còste lo patrimòni de familha. I a tanben lo paire, embarrat gaireben de longa dins lo muditge e sepelit al mai prigond de sos apartaments refregerits que [&hellip;]</p>
