{"id":34135,"date":"2026-08-31T16:18:04","date_gmt":"2026-08-31T14:18:04","guid":{"rendered":"http:\/\/www.libraria-occitana.org\/?post_type=product&#038;p=34135\/"},"modified":"2026-08-31T16:18:08","modified_gmt":"2026-08-31T14:18:08","slug":"histoire-chronologique-de-la-civilisation-occitane-tii-de-1600-a-1839","status":"publish","type":"product","link":"https:\/\/www.libraria-occitana.org\/oc\/produch\/histoire-chronologique-de-la-civilisation-occitane-tii-de-1600-a-1839\/","title":{"rendered":"HISTOIRE CHRONOLOGIQUE DE LA CIVILISATION OCCITANE. TII. DE 1600 A 1839."},"content":{"rendered":"<p style=\"margin:0;\"><span style=\"font-family:'Times New Roman';font-size:12pt;\">Ce second volume couvre la p\u00e9riode allant de 1600 \u00e0 1839, au cours de laquelle le pouvoir central fran\u00e7ais a tout mis en \u0153uvre pour que les diverses r\u00e9gions occitanes soient assimil\u00e9es \u00e0 la France. Le processus de colonisation se poursuit et s&#8217;intensifie tandis que le pouvoir royal affermit sa f\u00e9rule. Malgr\u00e9 le vide qui se creuse toujours un peu plus, l&#8217;Occitanie conna\u00eet encore, au XVIIe et au XVIIIe si\u00e8cles, un certain rayonnement europ\u00e9en avec ses savants et artistes que l&#8217;on rencontre dans les principales villes et cours d&#8217;Europe. La civilisation occitane n&#8217;a cess\u00e9 d&#8217;\u00eatre pr\u00e9sente dans le d\u00e9bat que se livrent les \u00e9coles philosophiques, litt\u00e9raires et artistiques, ouverte \u00e0 toute innovation de l&#8217;esprit mais hostile \u00e0 tout dogmatisme, fid\u00e8le en cela aux principes qui firent sa grandeur pass\u00e9e. Nous y retrouvons des ma\u00eetres \u00e0 penser courageux <wbr>(Gassendi, Bayle, Montesquieu) plus ou moins suspects d&#8217;h\u00e9r\u00e9sie par les hommes du pouvoir. Avec son Acad\u00e9mie Royale de Peinture, Sculpture et Architecture, Toulouse est plus que jamais la capitale artistique de l&#8217;Occitanie et son activit\u00e9 dans ce domaine est deux fois plus importante que celle de la capitale fran\u00e7aise. Apr\u00e8s la tourmente r\u00e9volutionnaire et l&#8217;absolutisme napol\u00e9onien, avec le Romantisme naissant qui remet les nationalit\u00e9s malheureuses \u00e0 l&#8217;honneur, on fait l&#8217;\u00e9loge de la civilisation occitane en France et en Europe, on \u00e9tudie sa langue, sa litt\u00e9rature et l&#8217;on \u00e9crit son histoire. Les Occitans continuent \u00e0 mettre une volont\u00e9 aussi farouche \u00e0 la d\u00e9fendre que ses adversaires \u00e0 la d\u00e9truire.<\/p>\n<p>Complement de titre : De 1600 \u00e0 1839<br \/>Autor : Dupuy, Andr\u00e9<br \/>Linga : Franc\u00e9s<br \/>Parucion :1998<br \/>Editor : Slatkine<br \/>Nb de pajas : 306<br \/>Format : 17,5 x 25 cm<br \/>P\u00e9s : 922 g<br \/>EAN 13 : 9782051016377<br \/><\/span><\/p>\n","protected":false},"excerpt":{"rendered":"<p>Ce second volume couvre la p\u00e9riode allant de 1600 \u00e0 1839, au cours de laquelle le pouvoir central fran\u00e7ais a tout mis en \u0153uvre pour que les diverses r\u00e9gions occitanes soient assimil\u00e9es \u00e0 la France. Le processus de colonisation se poursuit et s&#8217;intensifie tandis que le pouvoir royal affermit sa f\u00e9rule. Malgr\u00e9 le vide qui [&hellip;]<\/p>\n","protected":false},"featured_media":0,"template":"","meta":{"_acf_changed":false,"_genesis_hide_title":false,"_genesis_hide_breadcrumbs":false,"_genesis_hide_singular_image":false,"_genesis_hide_footer_widgets":false,"_genesis_custom_body_class":"","_genesis_custom_post_class":"","_genesis_layout":""},"product_brand":[],"product_cat":[7157,7149,7133,16136],"product_tag":[],"class_list":["post-34135","product","type-product","status-publish","product_cat-istoria-generala-oc","product_cat-istoria-geografia-oc","product_cat-libres-oc","product_cat-non-classe-oc","entry","first","outofstock","purchasable","product-type-simple"],"acf":[],"_links":{"self":[{"href":"https:\/\/www.libraria-occitana.org\/oc\/wp-json\/wp\/v2\/product\/34135","targetHints":{"allow":["GET"]}}],"collection":[{"href":"https:\/\/www.libraria-occitana.org\/oc\/wp-json\/wp\/v2\/product"}],"about":[{"href":"https:\/\/www.libraria-occitana.org\/oc\/wp-json\/wp\/v2\/types\/product"}],"wp:attachment":[{"href":"https:\/\/www.libraria-occitana.org\/oc\/wp-json\/wp\/v2\/media?parent=34135"}],"wp:term":[{"taxonomy":"product_brand","embeddable":true,"href":"https:\/\/www.libraria-occitana.org\/oc\/wp-json\/wp\/v2\/product_brand?post=34135"},{"taxonomy":"product_cat","embeddable":true,"href":"https:\/\/www.libraria-occitana.org\/oc\/wp-json\/wp\/v2\/product_cat?post=34135"},{"taxonomy":"product_tag","embeddable":true,"href":"https:\/\/www.libraria-occitana.org\/oc\/wp-json\/wp\/v2\/product_tag?post=34135"}],"curies":[{"name":"wp","href":"https:\/\/api.w.org\/{rel}","templated":true}]}}

<p style="margin:0;"><span style="font-family:'Times New Roman';font-size:12pt;">Ce second volume couvre la période allant de 1600 à 1839, au cours de laquelle le pouvoir central français a tout mis en œuvre pour que les diverses régions occitanes soient assimilées à la France. Le processus de colonisation se poursuit et s&#8217;intensifie tandis que le pouvoir royal affermit sa férule. Malgré le vide qui se creuse toujours un peu plus, l&#8217;Occitanie connaît encore, au XVIIe et au XVIIIe siècles, un certain rayonnement européen avec ses savants et artistes que l&#8217;on rencontre dans les principales villes et cours d&#8217;Europe. La civilisation occitane n&#8217;a cessé d&#8217;être présente dans le débat que se livrent les écoles philosophiques, littéraires et artistiques, ouverte à toute innovation de l&#8217;esprit mais hostile à tout dogmatisme, fidèle en cela aux principes qui firent sa grandeur passée. Nous y retrouvons des maîtres à penser courageux <wbr>(Gassendi, Bayle, Montesquieu) plus ou moins suspects d&#8217;hérésie par les hommes du pouvoir. Avec son Académie Royale de Peinture, Sculpture et Architecture, Toulouse est plus que jamais la capitale artistique de l&#8217;Occitanie et son activité dans ce domaine est deux fois plus importante que celle de la capitale française. Après la tourmente révolutionnaire et l&#8217;absolutisme napoléonien, avec le Romantisme naissant qui remet les nationalités malheureuses à l&#8217;honneur, on fait l&#8217;éloge de la civilisation occitane en France et en Europe, on étudie sa langue, sa littérature et l&#8217;on écrit son histoire. Les Occitans continuent à mettre une volonté aussi farouche à la défendre que ses adversaires à la détruire.</p>
<p>Complement de titre : De 1600 à 1839<br />Autor : Dupuy, André<br />Linga : Francés<br />Parucion :1998<br />Editor : Slatkine<br />Nb de pajas : 306<br />Format : 17,5 x 25 cm<br />Pés : 922 g<br />EAN 13 : 9782051016377<br /></span></p>

<p>Ce second volume couvre la période allant de 1600 à 1839, au cours de laquelle le pouvoir central français a tout mis en œuvre pour que les diverses régions occitanes soient assimilées à la France. Le processus de colonisation se poursuit et s&#8217;intensifie tandis que le pouvoir royal affermit sa férule. Malgré le vide qui [&hellip;]</p>
