{"id":34165,"date":"2010-07-14T14:03:26","date_gmt":"2010-07-14T12:03:26","guid":{"rendered":"http:\/\/www.libraria-occitana.org\/?post_type=product&#038;p=34165\/"},"modified":"2026-04-27T05:31:22","modified_gmt":"2026-04-27T03:31:22","slug":"gigi-de-nissa","status":"publish","type":"product","link":"https:\/\/www.libraria-occitana.org\/oc\/produch\/gigi-de-nissa\/","title":{"rendered":"Gigi de Nissa"},"content":{"rendered":"<p><strong>Gigi de Nissa :<\/strong> Chant, guitare<br \/>\n<strong>J\u00e9r\u00e9my Couraut :<\/strong> Guitare, mandoline<br \/>\n<strong>St\u00e9phane Souba :<\/strong> Contrebasse, soubassophone<br \/>\n<strong>C\u00e9dric Le Donne :<\/strong> Percussions, batterie<\/p>\n<p>Auteur, compositeur et interpr\u00e8te, cr\u00e9ateur du Carnaval Ind\u00e9pendant Ni\u00e7ois mais aussi chanteur et leader du groupe de reggae ni\u00e7ois Nux Vomica, Louis Pastorelli s\u2019est toujours impliqu\u00e9 dans la vie de sa ville, dans son histoire, sa culture et ses traditions orales. Plus g\u00e9n\u00e9ralement, il est intimement li\u00e9 au renouveau culturel occitan initi\u00e9 dans les ann\u00e9es quatre-vingt par Massilia Sound System et autres Fabulous Trobadors.<\/p>\n<p>Avec Nux Vomica, Louis Pastorelli explore une facette tr\u00e8s actuelle de la fonction de chansonnier. Aujourd\u2019hui il explore une nouvelle facette, plus intime, plus individuelle de son r\u00e9pertoire chant\u00e9 : chroniquant le quotidien, raillant la politique locale, d\u00e9crivant son univers ou d\u00e9peignant les figures famili\u00e8res de la vie ni\u00e7oise, c\u2019est avec la volont\u00e9 de conjuguer tradition et modernit\u00e9, local et universel, que Louis Pastorelli alias Gigi de Nissa nous livre des chansons personnelles.<\/p>\n<p>Ce nouveau travail est la traduction d\u2019une vision du monde depuis sa maison, Gigi de Nissa y r\u00e9unit tout ce qui le nourrit et les gens qu\u2019il admire dans un univers intime, sonore et musical, carnavalesque et un peu satirique.<\/p>\n<p>Sur cet album \u00e9ponyme, Gigi de Nissa souhaite tout \u00e0 la fois s\u2019entourer d\u2019auteurs contemporains (Moussu T, Sauvaigo ) mais aussi piocher dans le r\u00e9pertoire des chansons locales traditionnelles (Joan Nicola, Louis Unia), le tout agr\u00e9ment\u00e9 par ses propres compositions.<\/p>\n<p>Ainsi, il a travaill\u00e9 avec nombre d&#8217;artistes, principalement \u00ab Moussu T e lei Jovents \u00bb, notamment avec Tatou et Blu pour la cr\u00e9ation du r\u00e9pertoire et la direction artistique, mais aussi Fred Zerbino pour les batteries et Jam Da Silva aux percussions. D&#8217;autres invit\u00e9s et collaborateurs comme Sylvain \u00ab Tubar \u00bb Lacombe, tromboniste de \u00ab Ceux qui marchent debout \u00bb, Jean-Luc Sauvaigo \u00e9crivain, chanteur-compositeur, po\u00e8te, aquarelliste, dessinateur ni\u00e7ois, ont particip\u00e9 au projet.<\/p>\n<p>Dans cette aventure, Louis Pastorelli s&#8217;est entour\u00e9 sur sc\u00e8ne de J\u00e9r\u00e9my Couraut (Bombes 2 Bal) aux guitare et mandoline, de St\u00e9phane Durand (Tarace Boulba) \u00e0 la contrebasse et au soubassophone, et de C\u00e9dric Le Donne (Nux Vomica) pour la section rythmique. Ensemble, ils rendent en quelque sorte un hommage aux compositeurs populaires comme \u00e0 un r\u00e9pertoire oral v\u00e9hiculant cette volont\u00e9 de pr\u00f4ner les id\u00e9es d\u2019 humanit\u00e9, de convivialit\u00e9 et de libert\u00e9.<\/p>\n<p><strong>Titres :<\/strong><br \/>\n1. Es b\u00f2n 2&#8217;37<br \/>\n2. Devant ton journal 2&#8217;29<br \/>\n3. Cocha Carema 2&#8217;42<br \/>\n4. \u00ab Cours Saleya \u00bb 3&#8217;03<br \/>\n5. Gigi de Nissa 3&#8217;27<br \/>\n6. Sus la grava 2&#8217;51<br \/>\n7. Au grand soleu 3&#8217;44<br \/>\n8. Leonora 3&#8217;25<br \/>\n9. Lou Roussign\u00f2u 2&#8217;53<br \/>\n10. Usonac 4&#8217;10<\/p>\n","protected":false},"excerpt":{"rendered":"<p>Gigi de Nissa : Chant, guitare J\u00e9r\u00e9my Couraut : Guitare, mandoline St\u00e9phane Souba : Contrebasse, soubassophone C\u00e9dric Le Donne : Percussions, batterie Auteur, compositeur et interpr\u00e8te, cr\u00e9ateur du Carnaval Ind\u00e9pendant Ni\u00e7ois mais aussi chanteur et leader du groupe de reggae ni\u00e7ois Nux Vomica, Louis Pastorelli s\u2019est toujours impliqu\u00e9 dans la vie de sa ville, dans [&hellip;]<\/p>\n","protected":false},"featured_media":54514,"template":"","meta":{"_acf_changed":false,"_genesis_hide_title":false,"_genesis_hide_breadcrumbs":false,"_genesis_hide_singular_image":false,"_genesis_hide_footer_widgets":false,"_genesis_custom_body_class":"","_genesis_custom_post_class":"","_genesis_layout":""},"product_brand":[],"product_cat":[7219,16683],"product_tag":[],"class_list":{"0":"post-34165","1":"product","2":"type-product","3":"status-publish","4":"has-post-thumbnail","6":"product_cat-chancon-oc","7":"product_cat-musica-oc","8":"pa_auteur-gigi-de-nissa-oc","9":"pa_editeur-manivette-records-oc","10":"pa_langue-francais-oc","11":"pa_langue-occitan-oc","12":"pa_langue-occitan-provencau-oc","13":"entry","15":"first","16":"instock","17":"shipping-taxable","18":"purchasable","19":"product-type-simple"},"acf":[],"_links":{"self":[{"href":"https:\/\/www.libraria-occitana.org\/oc\/wp-json\/wp\/v2\/product\/34165","targetHints":{"allow":["GET"]}}],"collection":[{"href":"https:\/\/www.libraria-occitana.org\/oc\/wp-json\/wp\/v2\/product"}],"about":[{"href":"https:\/\/www.libraria-occitana.org\/oc\/wp-json\/wp\/v2\/types\/product"}],"wp:featuredmedia":[{"embeddable":true,"href":"https:\/\/www.libraria-occitana.org\/oc\/wp-json\/wp\/v2\/media\/54514"}],"wp:attachment":[{"href":"https:\/\/www.libraria-occitana.org\/oc\/wp-json\/wp\/v2\/media?parent=34165"}],"wp:term":[{"taxonomy":"product_brand","embeddable":true,"href":"https:\/\/www.libraria-occitana.org\/oc\/wp-json\/wp\/v2\/product_brand?post=34165"},{"taxonomy":"product_cat","embeddable":true,"href":"https:\/\/www.libraria-occitana.org\/oc\/wp-json\/wp\/v2\/product_cat?post=34165"},{"taxonomy":"product_tag","embeddable":true,"href":"https:\/\/www.libraria-occitana.org\/oc\/wp-json\/wp\/v2\/product_tag?post=34165"}],"curies":[{"name":"wp","href":"https:\/\/api.w.org\/{rel}","templated":true}]}}

<p><strong>Gigi de Nissa :</strong> Chant, guitare<br />
<strong>Jérémy Couraut :</strong> Guitare, mandoline<br />
<strong>Stéphane Souba :</strong> Contrebasse, soubassophone<br />
<strong>Cédric Le Donne :</strong> Percussions, batterie</p>
<p>Auteur, compositeur et interprète, créateur du Carnaval Indépendant Niçois mais aussi chanteur et leader du groupe de reggae niçois Nux Vomica, Louis Pastorelli s’est toujours impliqué dans la vie de sa ville, dans son histoire, sa culture et ses traditions orales. Plus généralement, il est intimement lié au renouveau culturel occitan initié dans les années quatre-vingt par Massilia Sound System et autres Fabulous Trobadors.</p>
<p>Avec Nux Vomica, Louis Pastorelli explore une facette très actuelle de la fonction de chansonnier. Aujourd’hui il explore une nouvelle facette, plus intime, plus individuelle de son répertoire chanté : chroniquant le quotidien, raillant la politique locale, décrivant son univers ou dépeignant les figures familières de la vie niçoise, c’est avec la volonté de conjuguer tradition et modernité, local et universel, que Louis Pastorelli alias Gigi de Nissa nous livre des chansons personnelles.</p>
<p>Ce nouveau travail est la traduction d’une vision du monde depuis sa maison, Gigi de Nissa y réunit tout ce qui le nourrit et les gens qu’il admire dans un univers intime, sonore et musical, carnavalesque et un peu satirique.</p>
<p>Sur cet album éponyme, Gigi de Nissa souhaite tout à la fois s’entourer d’auteurs contemporains (Moussu T, Sauvaigo ) mais aussi piocher dans le répertoire des chansons locales traditionnelles (Joan Nicola, Louis Unia), le tout agrémenté par ses propres compositions.</p>
<p>Ainsi, il a travaillé avec nombre d&#8217;artistes, principalement « Moussu T e lei Jovents », notamment avec Tatou et Blu pour la création du répertoire et la direction artistique, mais aussi Fred Zerbino pour les batteries et Jam Da Silva aux percussions. D&#8217;autres invités et collaborateurs comme Sylvain « Tubar » Lacombe, tromboniste de « Ceux qui marchent debout », Jean-Luc Sauvaigo écrivain, chanteur-compositeur, poète, aquarelliste, dessinateur niçois, ont participé au projet.</p>
<p>Dans cette aventure, Louis Pastorelli s&#8217;est entouré sur scène de Jérémy Couraut (Bombes 2 Bal) aux guitare et mandoline, de Stéphane Durand (Tarace Boulba) à la contrebasse et au soubassophone, et de Cédric Le Donne (Nux Vomica) pour la section rythmique. Ensemble, ils rendent en quelque sorte un hommage aux compositeurs populaires comme à un répertoire oral véhiculant cette volonté de prôner les idées d’ humanité, de convivialité et de liberté.</p>
<p><strong>Titres :</strong><br />
1. Es bòn 2&#8217;37<br />
2. Devant ton journal 2&#8217;29<br />
3. Cocha Carema 2&#8217;42<br />
4. « Cours Saleya » 3&#8217;03<br />
5. Gigi de Nissa 3&#8217;27<br />
6. Sus la grava 2&#8217;51<br />
7. Au grand soleu 3&#8217;44<br />
8. Leonora 3&#8217;25<br />
9. Lou Roussignòu 2&#8217;53<br />
10. Usonac 4&#8217;10</p>

<p>Gigi de Nissa : Chant, guitare Jérémy Couraut : Guitare, mandoline Stéphane Souba : Contrebasse, soubassophone Cédric Le Donne : Percussions, batterie Auteur, compositeur et interprète, créateur du Carnaval Indépendant Niçois mais aussi chanteur et leader du groupe de reggae niçois Nux Vomica, Louis Pastorelli s’est toujours impliqué dans la vie de sa ville, dans [&hellip;]</p>
