{"id":34244,"date":"2026-08-31T17:37:01","date_gmt":"2026-08-31T15:37:01","guid":{"rendered":"http:\/\/www.libraria-occitana.org\/?post_type=product&#038;p=34244\/"},"modified":"2026-08-31T17:37:05","modified_gmt":"2026-08-31T15:37:05","slug":"fabletas-fablettes","status":"publish","type":"product","link":"https:\/\/www.libraria-occitana.org\/oc\/produch\/fabletas-fablettes\/","title":{"rendered":"FABLETAS &#8211; FABLETTES"},"content":{"rendered":"<p style=\"margin:0;\"><span style=\"font-family:'Times New Roman';font-size:12pt;\">Fabletas &#8211; Fablettes<\/p>\n<p>Complement de titre : Pels enfants del pa\u00eds d&#8217;Oc &#8211; Pour les enfants du pays d&#8217;Oc<br \/>Autor : Delluc, Louis<br \/>Illustracions : Roux, Alain<br \/>Linga : Occitan <wbr>(lengadocian) &#8211; franc\u00e9s<br \/>Parucion : 09\/2004<br \/>Editor : IEO Perig\u00f2rd Novelum ; Lo Bornat dau Perig\u00f2rd<br \/>Nb de pajas : 38<br \/>Format : 14,5 x 20,5 cm<br \/>P\u00e9s : 60 g<br \/>EAN 13 : 9782952070522<br \/><\/span><\/p>\n","protected":false},"excerpt":{"rendered":"<p>Fabletas &#8211; Fablettes Complement de titre : Pels enfants del pa\u00eds d&#8217;Oc &#8211; Pour les enfants du pays d&#8217;OcAutor : Delluc, LouisIllustracions : Roux, AlainLinga : Occitan (lengadocian) &#8211; franc\u00e9sParucion : 09\/2004Editor : IEO Perig\u00f2rd Novelum ; Lo Bornat dau Perig\u00f2rdNb de pajas : 38Format : 14,5 x 20,5 cmP\u00e9s : 60 gEAN 13 : [&hellip;]<\/p>\n","protected":false},"featured_media":0,"template":"","meta":{"_acf_changed":false,"_genesis_hide_title":false,"_genesis_hide_breadcrumbs":false,"_genesis_hide_singular_image":false,"_genesis_hide_footer_widgets":false,"_genesis_custom_body_class":"","_genesis_custom_post_class":"","_genesis_layout":""},"product_brand":[],"product_cat":[7177,7133,7175,16136],"product_tag":[],"class_list":["post-34244","product","type-product","status-publish","product_cat-contes-fablas-oc","product_cat-libres-oc","product_cat-literatura-oc","product_cat-non-classe-oc","pa_auteur-delluc-louis-oc","pa_editeur-ieo-perigord-novelum-oc","pa_editeur-lo-bornat-dau-perigord-oc","pa_editeurs-ieo-perigord-novelum-lo-bornat-dau-perigord","pa_illustrateur-roux-alain-oc","pa_langue-occitan-lengadocian-oc","pa_langue-occitan-francais-oc","entry","first","instock","purchasable","product-type-simple"],"acf":[],"_links":{"self":[{"href":"https:\/\/www.libraria-occitana.org\/oc\/wp-json\/wp\/v2\/product\/34244","targetHints":{"allow":["GET"]}}],"collection":[{"href":"https:\/\/www.libraria-occitana.org\/oc\/wp-json\/wp\/v2\/product"}],"about":[{"href":"https:\/\/www.libraria-occitana.org\/oc\/wp-json\/wp\/v2\/types\/product"}],"wp:attachment":[{"href":"https:\/\/www.libraria-occitana.org\/oc\/wp-json\/wp\/v2\/media?parent=34244"}],"wp:term":[{"taxonomy":"product_brand","embeddable":true,"href":"https:\/\/www.libraria-occitana.org\/oc\/wp-json\/wp\/v2\/product_brand?post=34244"},{"taxonomy":"product_cat","embeddable":true,"href":"https:\/\/www.libraria-occitana.org\/oc\/wp-json\/wp\/v2\/product_cat?post=34244"},{"taxonomy":"product_tag","embeddable":true,"href":"https:\/\/www.libraria-occitana.org\/oc\/wp-json\/wp\/v2\/product_tag?post=34244"}],"curies":[{"name":"wp","href":"https:\/\/api.w.org\/{rel}","templated":true}]}}

<p style="margin:0;"><span style="font-family:'Times New Roman';font-size:12pt;">Fabletas &#8211; Fablettes</p>
<p>Complement de titre : Pels enfants del país d&#8217;Oc &#8211; Pour les enfants du pays d&#8217;Oc<br />Autor : Delluc, Louis<br />Illustracions : Roux, Alain<br />Linga : Occitan <wbr>(lengadocian) &#8211; francés<br />Parucion : 09/2004<br />Editor : IEO Perigòrd Novelum ; Lo Bornat dau Perigòrd<br />Nb de pajas : 38<br />Format : 14,5 x 20,5 cm<br />Pés : 60 g<br />EAN 13 : 9782952070522<br /></span></p>

<p>Fabletas &#8211; Fablettes Complement de titre : Pels enfants del país d&#8217;Oc &#8211; Pour les enfants du pays d&#8217;OcAutor : Delluc, LouisIllustracions : Roux, AlainLinga : Occitan (lengadocian) &#8211; francésParucion : 09/2004Editor : IEO Perigòrd Novelum ; Lo Bornat dau PerigòrdNb de pajas : 38Format : 14,5 x 20,5 cmPés : 60 gEAN 13 : [&hellip;]</p>
