{"id":34267,"date":"2026-08-31T16:48:18","date_gmt":"2026-08-31T14:48:18","guid":{"rendered":"http:\/\/www.libraria-occitana.org\/?post_type=product&#038;p=34267\/"},"modified":"2026-08-31T16:48:21","modified_gmt":"2026-08-31T14:48:21","slug":"entre-deux","status":"publish","type":"product","link":"https:\/\/www.libraria-occitana.org\/oc\/produch\/entre-deux\/","title":{"rendered":"ENTRE-DEUX"},"content":{"rendered":"<p style=\"margin:0;\"><span style=\"font-family:'Times New Roman';font-size:12pt;\">Entre-deux<\/p>\n<p>R\u00e9mi Geffroy : accord\u00e9ons diatoniques<br \/>Maxime Absous : guitare<br \/>Cl\u00e9ment-Son Dang : violoncelle<\/p>\n<p>Titres :<br \/>1. Entre-deux<br \/>2. Suite de plani\u00e8res<br \/>3. Elle<br \/>4. La gifle<br \/>5. Un jour en Normandie<br \/>6. Nouveau d\u00e9part<br \/>7. Diatopia<br \/>8. Le d\u00e9tour<br \/>9. L&#8217;oeil du cyclone<br \/>10. Sous les roses<br \/>11. Innocence<br \/>12. L&#8217;estropi\u00e9<\/p>\n<p>Autor : Geffroy, R\u00e9mi<br \/>Parucion : 12\/2012<br \/>Editor : Org &#038; Com<br \/>Format : DigiPack<br \/>P\u00e9s : 52 g<\/p>\n<p><\/span><\/p>\n","protected":false},"excerpt":{"rendered":"<p>Entre-deux R\u00e9mi Geffroy : accord\u00e9ons diatoniquesMaxime Absous : guitareCl\u00e9ment-Son Dang : violoncelle Titres :1. Entre-deux2. Suite de plani\u00e8res3. Elle4. La gifle5. Un jour en Normandie6. Nouveau d\u00e9part7. Diatopia8. Le d\u00e9tour9. L&#8217;oeil du cyclone10. Sous les roses11. Innocence12. L&#8217;estropi\u00e9 Autor : Geffroy, R\u00e9miParucion : 12\/2012Editor : Org &#038; ComFormat : DigiPackP\u00e9s : 52 g<\/p>\n","protected":false},"featured_media":0,"template":"","meta":{"_acf_changed":false,"_genesis_hide_title":false,"_genesis_hide_breadcrumbs":false,"_genesis_hide_singular_image":false,"_genesis_hide_footer_widgets":false,"_genesis_custom_body_class":"","_genesis_custom_post_class":"","_genesis_layout":""},"product_brand":[],"product_cat":[16683,16136,7229],"product_tag":[],"class_list":["post-34267","product","type-product","status-publish","product_cat-musica-oc","product_cat-non-classe-oc","product_cat-novela-tradicion-oc","entry","first","outofstock","purchasable","product-type-simple"],"acf":[],"_links":{"self":[{"href":"https:\/\/www.libraria-occitana.org\/oc\/wp-json\/wp\/v2\/product\/34267","targetHints":{"allow":["GET"]}}],"collection":[{"href":"https:\/\/www.libraria-occitana.org\/oc\/wp-json\/wp\/v2\/product"}],"about":[{"href":"https:\/\/www.libraria-occitana.org\/oc\/wp-json\/wp\/v2\/types\/product"}],"wp:attachment":[{"href":"https:\/\/www.libraria-occitana.org\/oc\/wp-json\/wp\/v2\/media?parent=34267"}],"wp:term":[{"taxonomy":"product_brand","embeddable":true,"href":"https:\/\/www.libraria-occitana.org\/oc\/wp-json\/wp\/v2\/product_brand?post=34267"},{"taxonomy":"product_cat","embeddable":true,"href":"https:\/\/www.libraria-occitana.org\/oc\/wp-json\/wp\/v2\/product_cat?post=34267"},{"taxonomy":"product_tag","embeddable":true,"href":"https:\/\/www.libraria-occitana.org\/oc\/wp-json\/wp\/v2\/product_tag?post=34267"}],"curies":[{"name":"wp","href":"https:\/\/api.w.org\/{rel}","templated":true}]}}

<p style="margin:0;"><span style="font-family:'Times New Roman';font-size:12pt;">Entre-deux</p>
<p>Rémi Geffroy : accordéons diatoniques<br />Maxime Absous : guitare<br />Clément-Son Dang : violoncelle</p>
<p>Titres :<br />1. Entre-deux<br />2. Suite de planières<br />3. Elle<br />4. La gifle<br />5. Un jour en Normandie<br />6. Nouveau départ<br />7. Diatopia<br />8. Le détour<br />9. L&#8217;oeil du cyclone<br />10. Sous les roses<br />11. Innocence<br />12. L&#8217;estropié</p>
<p>Autor : Geffroy, Rémi<br />Parucion : 12/2012<br />Editor : Org &#038; Com<br />Format : DigiPack<br />Pés : 52 g</p>
<p></span></p>

<p>Entre-deux Rémi Geffroy : accordéons diatoniquesMaxime Absous : guitareClément-Son Dang : violoncelle Titres :1. Entre-deux2. Suite de planières3. Elle4. La gifle5. Un jour en Normandie6. Nouveau départ7. Diatopia8. Le détour9. L&#8217;oeil du cyclone10. Sous les roses11. Innocence12. L&#8217;estropié Autor : Geffroy, RémiParucion : 12/2012Editor : Org &#038; ComFormat : DigiPackPés : 52 g</p>
