{"id":34274,"date":"2026-08-31T17:34:43","date_gmt":"2026-08-31T15:34:43","guid":{"rendered":"http:\/\/www.libraria-occitana.org\/?post_type=product&#038;p=34274\/"},"modified":"2026-08-31T17:34:46","modified_gmt":"2026-08-31T15:34:46","slug":"entre-gestes-et-memoire-images-des-pyrenees-languedociennes","status":"publish","type":"product","link":"https:\/\/www.libraria-occitana.org\/oc\/produch\/entre-gestes-et-memoire-images-des-pyrenees-languedociennes\/","title":{"rendered":"ENTRE GESTES ET MEMOIRE : IMAGES DES PYRENEES LANGUEDOCIENNES"},"content":{"rendered":"<p style=\"margin:0;\"><span style=\"font-family:'Times New Roman';font-size:12pt;\">Rendre hommage et t\u00e9moigner, telle est la double fin de ces photographies prises, dans les ann\u00e9es 1980, lors de recherches ethnologiques dans cette bordure pyr\u00e9n\u00e9enne du Languedoc o\u00f9 les grands plateaux en culture sont la derni\u00e8re \u00e9tape avant la solitude des estives et le d\u00e9sert de pierres de la haute montagne. Documents avant tout, soucieuses de fixer le d\u00e9tail des gestes ou celui des visages, elles se veulent un album destin\u00e9 \u00e0 \u00e9voquer quelques pans de m\u00e9moire et la mutation fulgurante des techniques. Chant modeste des travaux et des jours, elles entendent aussi assigner toute leur place \u00e0 l\u2019originalit\u00e9 et \u00e0 la richesse des hautes terres qui les ont suscit\u00e9es.<\/p>\n<p>Complement de titre : Donezan et Pays de Sault<br \/>Autor : Pini\u00e8s, Jean-Pierre<br \/>Illustracions : Pini\u00e8s, Jean-Pierre<br \/>Linga : Franc\u00e9s<br \/>Parucion : 11\/2009<br \/>Editor : Garae H\u00e9siode<br \/>Colleccion : Images<br \/>Nb de pajas : 94<br \/>Format : 21 x 21 cm<br \/>P\u00e9s : 304 g<br \/>EAN 13 : 9782906156357<br \/><\/span><\/p>\n","protected":false},"excerpt":{"rendered":"<p>Rendre hommage et t\u00e9moigner, telle est la double fin de ces photographies prises, dans les ann\u00e9es 1980, lors de recherches ethnologiques dans cette bordure pyr\u00e9n\u00e9enne du Languedoc o\u00f9 les grands plateaux en culture sont la derni\u00e8re \u00e9tape avant la solitude des estives et le d\u00e9sert de pierres de la haute montagne. Documents avant tout, soucieuses [&hellip;]<\/p>\n","protected":false},"featured_media":0,"template":"","meta":{"_acf_changed":false,"_genesis_hide_title":false,"_genesis_hide_breadcrumbs":false,"_genesis_hide_singular_image":false,"_genesis_hide_footer_widgets":false,"_genesis_custom_body_class":"","_genesis_custom_post_class":"","_genesis_layout":""},"product_brand":[],"product_cat":[7133,7213,16136,7207],"product_tag":[],"class_list":["post-34274","product","type-product","status-publish","product_cat-libres-oc","product_cat-metiers-saubre-far-oc","product_cat-non-classe-oc","product_cat-tradicions-patrimoni-oc","entry","first","instock","purchasable","product-type-simple"],"acf":[],"_links":{"self":[{"href":"https:\/\/www.libraria-occitana.org\/oc\/wp-json\/wp\/v2\/product\/34274","targetHints":{"allow":["GET"]}}],"collection":[{"href":"https:\/\/www.libraria-occitana.org\/oc\/wp-json\/wp\/v2\/product"}],"about":[{"href":"https:\/\/www.libraria-occitana.org\/oc\/wp-json\/wp\/v2\/types\/product"}],"wp:attachment":[{"href":"https:\/\/www.libraria-occitana.org\/oc\/wp-json\/wp\/v2\/media?parent=34274"}],"wp:term":[{"taxonomy":"product_brand","embeddable":true,"href":"https:\/\/www.libraria-occitana.org\/oc\/wp-json\/wp\/v2\/product_brand?post=34274"},{"taxonomy":"product_cat","embeddable":true,"href":"https:\/\/www.libraria-occitana.org\/oc\/wp-json\/wp\/v2\/product_cat?post=34274"},{"taxonomy":"product_tag","embeddable":true,"href":"https:\/\/www.libraria-occitana.org\/oc\/wp-json\/wp\/v2\/product_tag?post=34274"}],"curies":[{"name":"wp","href":"https:\/\/api.w.org\/{rel}","templated":true}]}}

<p style="margin:0;"><span style="font-family:'Times New Roman';font-size:12pt;">Rendre hommage et témoigner, telle est la double fin de ces photographies prises, dans les années 1980, lors de recherches ethnologiques dans cette bordure pyrénéenne du Languedoc où les grands plateaux en culture sont la dernière étape avant la solitude des estives et le désert de pierres de la haute montagne. Documents avant tout, soucieuses de fixer le détail des gestes ou celui des visages, elles se veulent un album destiné à évoquer quelques pans de mémoire et la mutation fulgurante des techniques. Chant modeste des travaux et des jours, elles entendent aussi assigner toute leur place à l’originalité et à la richesse des hautes terres qui les ont suscitées.</p>
<p>Complement de titre : Donezan et Pays de Sault<br />Autor : Piniès, Jean-Pierre<br />Illustracions : Piniès, Jean-Pierre<br />Linga : Francés<br />Parucion : 11/2009<br />Editor : Garae Hésiode<br />Colleccion : Images<br />Nb de pajas : 94<br />Format : 21 x 21 cm<br />Pés : 304 g<br />EAN 13 : 9782906156357<br /></span></p>

<p>Rendre hommage et témoigner, telle est la double fin de ces photographies prises, dans les années 1980, lors de recherches ethnologiques dans cette bordure pyrénéenne du Languedoc où les grands plateaux en culture sont la dernière étape avant la solitude des estives et le désert de pierres de la haute montagne. Documents avant tout, soucieuses [&hellip;]</p>
