{"id":34290,"date":"2011-07-18T15:33:12","date_gmt":"2011-07-18T13:33:12","guid":{"rendered":"http:\/\/www.libraria-occitana.org\/?post_type=product&#038;p=34290\/"},"modified":"2026-04-29T10:45:03","modified_gmt":"2026-04-29T08:45:03","slug":"en-algerie-sur-les-pas-de-jean-boudou-carnet-de-voyage","status":"publish","type":"product","link":"https:\/\/www.libraria-occitana.org\/oc\/produch\/en-algerie-sur-les-pas-de-jean-boudou-carnet-de-voyage\/","title":{"rendered":"En Alg\u00e9rie sur les pas de Jean Boudou : Carnet de voyage"},"content":{"rendered":"<p>Dans <em>La Quim\u00e8ra<\/em>, son dernier roman publi\u00e9 de son vivant, et dont il voulait faire l&#8217;\u0153uvre de sa vie, Jean Boudou met en sc\u00e8ne un rouergat, P\u00e8ire Vaissi\u00e8r, devenu esclave eunuque \u00e0 Alger, <em>roumi<\/em> en terre musulmane aux temps du Grand Si\u00e8cle.<\/p>\n<p>Jean Boudou, n\u00e9 \u00e0 Crespin (Aveyron) en 1920, et le plus embl\u00e9matique des \u00e9crivains occitans, passa ses derni\u00e8res ann\u00e9es comme professeur au Coll\u00e8ge agricole de L&#8217;Arbatache, \u00e0 quelques kilom\u00e8tres d&#8217;Alger et y mourut en 1975. Malgr\u00e9 la maladie et une situation familiale difficile, il n&#8217;a ni d\u00e9sert\u00e9 ni abandonn\u00e9. Poursuivant son travail d&#8217;\u00e9criture (<em>La Quim\u00e8ra<\/em> puis <em>Las Domais\u00e8las<\/em>), il est confront\u00e9 outremer aux stigmates d&#8217;une histoire coloniale qui n&#8217;est pas sans rappeler celle de l&#8217;Occitanie. Et, au plus fort de la lutte, il passe ses vacances d&#8217;\u00e9t\u00e9 sur le Larzac.<\/p>\n<p>Carnet de voyage suivi d\u2019 une postface de J\u00f2rdi Blanc : Bodon a l\u2019 Arbatach (en occitan).<\/p>\n","protected":false},"excerpt":{"rendered":"<p>Dans La Quim\u00e8ra, son dernier roman publi\u00e9 de son vivant, et dont il voulait faire l&#8217;\u0153uvre de sa vie, Jean Boudou met en sc\u00e8ne un rouergat, P\u00e8ire Vaissi\u00e8r, devenu esclave eunuque \u00e0 Alger, roumi en terre musulmane aux temps du Grand Si\u00e8cle. Jean Boudou, n\u00e9 \u00e0 Crespin (Aveyron) en 1920, et le plus embl\u00e9matique des [&hellip;]<\/p>\n","protected":false},"featured_media":53027,"template":"","meta":{"_acf_changed":false,"_genesis_hide_title":false,"_genesis_hide_breadcrumbs":false,"_genesis_hide_singular_image":false,"_genesis_hide_footer_widgets":false,"_genesis_custom_body_class":"","_genesis_custom_post_class":"","_genesis_layout":""},"product_brand":[],"product_cat":[7133,7175,7187],"product_tag":[],"class_list":{"0":"post-34290","1":"product","2":"type-product","3":"status-publish","4":"has-post-thumbnail","6":"product_cat-libres-oc","7":"product_cat-literatura-oc","8":"product_cat-temonhatges-memoris-oc","9":"pa_auteur-pornon-francis-oc","10":"pa_editeur-vent-terral-oc","11":"pa_langue-francais-oc","12":"entry","14":"first","15":"instock","16":"shipping-taxable","17":"purchasable","18":"product-type-simple"},"acf":[],"_links":{"self":[{"href":"https:\/\/www.libraria-occitana.org\/oc\/wp-json\/wp\/v2\/product\/34290","targetHints":{"allow":["GET"]}}],"collection":[{"href":"https:\/\/www.libraria-occitana.org\/oc\/wp-json\/wp\/v2\/product"}],"about":[{"href":"https:\/\/www.libraria-occitana.org\/oc\/wp-json\/wp\/v2\/types\/product"}],"wp:featuredmedia":[{"embeddable":true,"href":"https:\/\/www.libraria-occitana.org\/oc\/wp-json\/wp\/v2\/media\/53027"}],"wp:attachment":[{"href":"https:\/\/www.libraria-occitana.org\/oc\/wp-json\/wp\/v2\/media?parent=34290"}],"wp:term":[{"taxonomy":"product_brand","embeddable":true,"href":"https:\/\/www.libraria-occitana.org\/oc\/wp-json\/wp\/v2\/product_brand?post=34290"},{"taxonomy":"product_cat","embeddable":true,"href":"https:\/\/www.libraria-occitana.org\/oc\/wp-json\/wp\/v2\/product_cat?post=34290"},{"taxonomy":"product_tag","embeddable":true,"href":"https:\/\/www.libraria-occitana.org\/oc\/wp-json\/wp\/v2\/product_tag?post=34290"}],"curies":[{"name":"wp","href":"https:\/\/api.w.org\/{rel}","templated":true}]}}

En Algérie sur les pas de Jean Boudou : Carnet de voyage

<p>Dans <em>La Quimèra</em>, son dernier roman publié de son vivant, et dont il voulait faire l&#8217;œuvre de sa vie, Jean Boudou met en scène un rouergat, Pèire Vaissièr, devenu esclave eunuque à Alger, <em>roumi</em> en terre musulmane aux temps du Grand Siècle.</p>
<p>Jean Boudou, né à Crespin (Aveyron) en 1920, et le plus emblématique des écrivains occitans, passa ses dernières années comme professeur au Collège agricole de L&#8217;Arbatache, à quelques kilomètres d&#8217;Alger et y mourut en 1975. Malgré la maladie et une situation familiale difficile, il n&#8217;a ni déserté ni abandonné. Poursuivant son travail d&#8217;écriture (<em>La Quimèra</em> puis <em>Las Domaisèlas</em>), il est confronté outremer aux stigmates d&#8217;une histoire coloniale qui n&#8217;est pas sans rappeler celle de l&#8217;Occitanie. Et, au plus fort de la lutte, il passe ses vacances d&#8217;été sur le Larzac.</p>
<p>Carnet de voyage suivi d’ une postface de Jòrdi Blanc : Bodon a l’ Arbatach (en occitan).</p>

<p>Dans La Quimèra, son dernier roman publié de son vivant, et dont il voulait faire l&#8217;œuvre de sa vie, Jean Boudou met en scène un rouergat, Pèire Vaissièr, devenu esclave eunuque à Alger, roumi en terre musulmane aux temps du Grand Siècle. Jean Boudou, né à Crespin (Aveyron) en 1920, et le plus emblématique des [&hellip;]</p>
