{"id":34317,"date":"2004-08-23T14:56:27","date_gmt":"2004-08-23T12:56:27","guid":{"rendered":"http:\/\/www.libraria-occitana.org\/?post_type=product&#038;p=34317\/"},"modified":"2026-04-25T23:21:19","modified_gmt":"2026-04-25T21:21:19","slug":"elements-de-phonetique-de-loccitan","status":"publish","type":"product","link":"https:\/\/www.libraria-occitana.org\/oc\/produch\/elements-de-phonetique-de-loccitan\/","title":{"rendered":"El\u00e9ments de phon\u00e9tique de l&#8217;occitan"},"content":{"rendered":"<p>Ce petit ouvrage se veut essentiellement pratique. Il est destin\u00e9 aux \u00e9tudiants d&#8217;occitan, en ce moment o\u00f9 l&#8217;enseignement de cette langue se renforce dans les universit\u00e9s, aux ma\u00eetres du premier et du second degr\u00e9 qui veulent mieux comprendre le syst\u00e8me linguistique dont ils doivent donner une description p\u00e9dagogique, enfin aux militants de la connaissance culturelle.<\/p>\n<p>Il prend son origine dans l&#8217;explication traditionnelle des formes d&#8217;une langue romane suivant l&#8217;origine latine et l&#8217;\u00e9volution historique ; il all\u00e8ge au maximum cette explication pour la faire circuler le plus au large possible ; il la modernise discr\u00e8tement. C&#8217;est le <em>vade mecum<\/em> \u00e9l\u00e9mentaire des occitanistes qui veulent tenir sur le sujet de la langue des propos simples, mais scientifiquement exacts.<\/p>\n","protected":false},"excerpt":{"rendered":"<p>Ce petit ouvrage se veut essentiellement pratique. Il est destin\u00e9 aux \u00e9tudiants d&#8217;occitan, en ce moment o\u00f9 l&#8217;enseignement de cette langue se renforce dans les universit\u00e9s, aux ma\u00eetres du premier et du second degr\u00e9 qui veulent mieux comprendre le syst\u00e8me linguistique dont ils doivent donner une description p\u00e9dagogique, enfin aux militants de la connaissance culturelle. [&hellip;]<\/p>\n","protected":false},"featured_media":53451,"template":"","meta":{"_acf_changed":false,"_genesis_hide_title":false,"_genesis_hide_breadcrumbs":false,"_genesis_hide_singular_image":false,"_genesis_hide_footer_widgets":false,"_genesis_custom_body_class":"","_genesis_custom_post_class":"","_genesis_layout":""},"product_brand":[],"product_cat":[7137,7133,7141],"product_tag":[],"class_list":{"0":"post-34317","1":"product","2":"type-product","3":"status-publish","4":"has-post-thumbnail","6":"product_cat-diccionaris-lenga-escolar-oc","7":"product_cat-libres-oc","8":"product_cat-linguistica-oc","9":"pa_editeur-vent-terral-oc","10":"pa_illustrateur-lafont-robert-oc","11":"pa_langue-francais-oc","12":"entry","14":"first","15":"instock","16":"shipping-taxable","17":"purchasable","18":"product-type-simple"},"acf":[],"_links":{"self":[{"href":"https:\/\/www.libraria-occitana.org\/oc\/wp-json\/wp\/v2\/product\/34317","targetHints":{"allow":["GET"]}}],"collection":[{"href":"https:\/\/www.libraria-occitana.org\/oc\/wp-json\/wp\/v2\/product"}],"about":[{"href":"https:\/\/www.libraria-occitana.org\/oc\/wp-json\/wp\/v2\/types\/product"}],"wp:featuredmedia":[{"embeddable":true,"href":"https:\/\/www.libraria-occitana.org\/oc\/wp-json\/wp\/v2\/media\/53451"}],"wp:attachment":[{"href":"https:\/\/www.libraria-occitana.org\/oc\/wp-json\/wp\/v2\/media?parent=34317"}],"wp:term":[{"taxonomy":"product_brand","embeddable":true,"href":"https:\/\/www.libraria-occitana.org\/oc\/wp-json\/wp\/v2\/product_brand?post=34317"},{"taxonomy":"product_cat","embeddable":true,"href":"https:\/\/www.libraria-occitana.org\/oc\/wp-json\/wp\/v2\/product_cat?post=34317"},{"taxonomy":"product_tag","embeddable":true,"href":"https:\/\/www.libraria-occitana.org\/oc\/wp-json\/wp\/v2\/product_tag?post=34317"}],"curies":[{"name":"wp","href":"https:\/\/api.w.org\/{rel}","templated":true}]}}

Eléments de phonétique de l&#8217;occitan

<p>Ce petit ouvrage se veut essentiellement pratique. Il est destiné aux étudiants d&#8217;occitan, en ce moment où l&#8217;enseignement de cette langue se renforce dans les universités, aux maîtres du premier et du second degré qui veulent mieux comprendre le système linguistique dont ils doivent donner une description pédagogique, enfin aux militants de la connaissance culturelle.</p>
<p>Il prend son origine dans l&#8217;explication traditionnelle des formes d&#8217;une langue romane suivant l&#8217;origine latine et l&#8217;évolution historique ; il allège au maximum cette explication pour la faire circuler le plus au large possible ; il la modernise discrètement. C&#8217;est le <em>vade mecum</em> élémentaire des occitanistes qui veulent tenir sur le sujet de la langue des propos simples, mais scientifiquement exacts.</p>

<p>Ce petit ouvrage se veut essentiellement pratique. Il est destiné aux étudiants d&#8217;occitan, en ce moment où l&#8217;enseignement de cette langue se renforce dans les universités, aux maîtres du premier et du second degré qui veulent mieux comprendre le système linguistique dont ils doivent donner une description pédagogique, enfin aux militants de la connaissance culturelle. [&hellip;]</p>
