{"id":34407,"date":"2026-08-31T16:42:20","date_gmt":"2026-08-31T14:42:20","guid":{"rendered":"http:\/\/www.libraria-occitana.org\/?post_type=product&#038;p=34407\/"},"modified":"2026-08-31T16:42:23","modified_gmt":"2026-08-31T14:42:23","slug":"des-animaux-farouches","status":"publish","type":"product","link":"https:\/\/www.libraria-occitana.org\/oc\/produch\/des-animaux-farouches\/","title":{"rendered":"DES ANIMAUX FAROUCHES"},"content":{"rendered":"<p style=\"margin:0;\"><span style=\"font-family:'Times New Roman';font-size:12pt;\">Des animaux farouches<\/p>\n<p>Dernier-n\u00e9 d&#8217;une fratrie de trois gar\u00e7ons, le narrateur de cette histoire sait depuis toujours qu&#8217;il devra quitter la ferme familiale et s&#8217;inventer un avenir. En attendant, il raconte : les travaux et les jours, les gens, la guerre, la Grande, celle qui vide les villages et remplit les monuments.<br \/>Dans une langue \u00e2pre et sobre, son r\u00e9cit fait voisiner violence et tendresse pour mieux exprimer le tiraillement de celui qui se veut paysan mais cesse tr\u00e8s t\u00f4t de l&#8217;\u00eatre aux yeux de tous. Pouss\u00e9 pour son propre bien hors du groupe, il en devient l&#8217;observateur sans concessions, t\u00e9moin d\u00e9sabus\u00e9 d&#8217;un monde qu&#8217;il ne reniera cependant jamais.<br \/>Dernier roman de Georges Magnane <wbr>(1907-1985), \u00e9crivain et traducteur, Des animaux farouches nous livre ses souvenirs d&#8217;enfance au coeur d&#8217;une campagne limousine d\u00e9barrass\u00e9e de ses clich\u00e9s et dont la sauvagerie native n&#8217;exclut ni l&#8217;\u00e9motion ni la finesse.<\/p>\n<p>Autor : Magnane, Georges<br \/>Linga : Franc\u00e9s<br \/>Parucion : 04\/2014<br \/>Editor : On verra bien<br \/>Nb de pajas : 353<br \/>Format : 13 x 18,5 cm<br \/>P\u00e9s : 362 g<br \/>EAN 13 : 9782954465715<br \/><\/span><\/p>\n","protected":false},"excerpt":{"rendered":"<p>Des animaux farouches Dernier-n\u00e9 d&#8217;une fratrie de trois gar\u00e7ons, le narrateur de cette histoire sait depuis toujours qu&#8217;il devra quitter la ferme familiale et s&#8217;inventer un avenir. En attendant, il raconte : les travaux et les jours, les gens, la guerre, la Grande, celle qui vide les villages et remplit les monuments.Dans une langue \u00e2pre [&hellip;]<\/p>\n","protected":false},"featured_media":0,"template":"","meta":{"_acf_changed":false,"_genesis_hide_title":false,"_genesis_hide_breadcrumbs":false,"_genesis_hide_singular_image":false,"_genesis_hide_footer_widgets":false,"_genesis_custom_body_class":"","_genesis_custom_post_class":"","_genesis_layout":""},"product_brand":[],"product_cat":[7133,7175,16136,7183],"product_tag":[],"class_list":["post-34407","product","type-product","status-publish","product_cat-libres-oc","product_cat-literatura-oc","product_cat-non-classe-oc","product_cat-romans-novelas-oc","entry","first","instock","purchasable","product-type-simple"],"acf":[],"_links":{"self":[{"href":"https:\/\/www.libraria-occitana.org\/oc\/wp-json\/wp\/v2\/product\/34407","targetHints":{"allow":["GET"]}}],"collection":[{"href":"https:\/\/www.libraria-occitana.org\/oc\/wp-json\/wp\/v2\/product"}],"about":[{"href":"https:\/\/www.libraria-occitana.org\/oc\/wp-json\/wp\/v2\/types\/product"}],"wp:attachment":[{"href":"https:\/\/www.libraria-occitana.org\/oc\/wp-json\/wp\/v2\/media?parent=34407"}],"wp:term":[{"taxonomy":"product_brand","embeddable":true,"href":"https:\/\/www.libraria-occitana.org\/oc\/wp-json\/wp\/v2\/product_brand?post=34407"},{"taxonomy":"product_cat","embeddable":true,"href":"https:\/\/www.libraria-occitana.org\/oc\/wp-json\/wp\/v2\/product_cat?post=34407"},{"taxonomy":"product_tag","embeddable":true,"href":"https:\/\/www.libraria-occitana.org\/oc\/wp-json\/wp\/v2\/product_tag?post=34407"}],"curies":[{"name":"wp","href":"https:\/\/api.w.org\/{rel}","templated":true}]}}

<p style="margin:0;"><span style="font-family:'Times New Roman';font-size:12pt;">Des animaux farouches</p>
<p>Dernier-né d&#8217;une fratrie de trois garçons, le narrateur de cette histoire sait depuis toujours qu&#8217;il devra quitter la ferme familiale et s&#8217;inventer un avenir. En attendant, il raconte : les travaux et les jours, les gens, la guerre, la Grande, celle qui vide les villages et remplit les monuments.<br />Dans une langue âpre et sobre, son récit fait voisiner violence et tendresse pour mieux exprimer le tiraillement de celui qui se veut paysan mais cesse très tôt de l&#8217;être aux yeux de tous. Poussé pour son propre bien hors du groupe, il en devient l&#8217;observateur sans concessions, témoin désabusé d&#8217;un monde qu&#8217;il ne reniera cependant jamais.<br />Dernier roman de Georges Magnane <wbr>(1907-1985), écrivain et traducteur, Des animaux farouches nous livre ses souvenirs d&#8217;enfance au coeur d&#8217;une campagne limousine débarrassée de ses clichés et dont la sauvagerie native n&#8217;exclut ni l&#8217;émotion ni la finesse.</p>
<p>Autor : Magnane, Georges<br />Linga : Francés<br />Parucion : 04/2014<br />Editor : On verra bien<br />Nb de pajas : 353<br />Format : 13 x 18,5 cm<br />Pés : 362 g<br />EAN 13 : 9782954465715<br /></span></p>

<p>Des animaux farouches Dernier-né d&#8217;une fratrie de trois garçons, le narrateur de cette histoire sait depuis toujours qu&#8217;il devra quitter la ferme familiale et s&#8217;inventer un avenir. En attendant, il raconte : les travaux et les jours, les gens, la guerre, la Grande, celle qui vide les villages et remplit les monuments.Dans une langue âpre [&hellip;]</p>
