{"id":34424,"date":"2026-08-31T16:27:26","date_gmt":"2026-08-31T14:27:26","guid":{"rendered":"http:\/\/www.libraria-occitana.org\/?post_type=product&#038;p=34424\/"},"modified":"2026-08-31T16:27:29","modified_gmt":"2026-08-31T14:27:29","slug":"de-peir-de-garros-a-labbe-fabre-trois-siecles-de-poesie-occitane-xvie-xviie-et-xviiie-siecles","status":"publish","type":"product","link":"https:\/\/www.libraria-occitana.org\/oc\/produch\/de-peir-de-garros-a-labbe-fabre-trois-siecles-de-poesie-occitane-xvie-xviie-et-xviiie-siecles\/","title":{"rendered":"DE PEIR DE GARROS A L&#8217;ABBE FABRE TROIS SIECLES DE POESIE OCCITANE XVIE, XVIIE ET XVIIIE SIECLES"},"content":{"rendered":"<p style=\"margin:0;\"><span style=\"font-family:'Times New Roman';font-size:12pt;\">De P\u00e8ir de Garr\u00f2s \u00e0 l&#8217;abb\u00e9 Fabre : Trois si\u00e8cles de po\u00e9sie occitane<\/p>\n<p>Cette anthologie, qui accueille l&#8217;essentiel de la production po\u00e9tique occitane des XVIe, XVIIe et XVIIIe si\u00e8cles, voudrait simplement rappeler qu&#8217;entre les chefs-d&#8217;\u0153uvre des troubadours et la renaissance mistralienne du XIXe si\u00e8cle, les lettres d&#8217;oc ont continu\u00e9 d&#8217;exister. Certes, l&#8217;\u00e9clat du pass\u00e9 est perdu, mais les po\u00e8tes occitans continuent d&#8217;\u00e9crire dans leur langue et de l&#8217;honorer ; et, malgr\u00e9 bien des faiblesses, cette litt\u00e9rature n&#8217;en comporte pas moins de belles r\u00e9ussites, les \u0153uvres de Peir de Garros et de P\u00e8ire Goudouli surtout, mais aussi celles de Larade, d&#8217;Ader ou de l&#8217;abb\u00e9 Fabre. Et peut-\u00eatre \u00e9prouvera-t-on quelque \u00e9motion devant des maladresses souvent plus imputables \u00e0 l&#8217;air du temps qu&#8217;\u00e0 la qualit\u00e9 de leurs auteurs\u2026<\/p>\n<p>Complement de titre : XVIe, XVIIe et XVIIIe si\u00e8cles<br \/>Autor : Fabre, Paul<br \/>Linga : Occitan &#8211; franc\u00e9s<br \/>Parucion : 01\/2013<br \/>Editor : PU M\u00e9diterran\u00e9e<br \/>Colleccion : Estudis occitans<br \/>Nb de pajas : 376<br \/>Format : 16 x 24 cm<br \/>P\u00e9s : 666 g<br \/>EAN 13 : 9782842699734<br \/><\/span><\/p>\n","protected":false},"excerpt":{"rendered":"<p>De P\u00e8ir de Garr\u00f2s \u00e0 l&#8217;abb\u00e9 Fabre : Trois si\u00e8cles de po\u00e9sie occitane Cette anthologie, qui accueille l&#8217;essentiel de la production po\u00e9tique occitane des XVIe, XVIIe et XVIIIe si\u00e8cles, voudrait simplement rappeler qu&#8217;entre les chefs-d&#8217;\u0153uvre des troubadours et la renaissance mistralienne du XIXe si\u00e8cle, les lettres d&#8217;oc ont continu\u00e9 d&#8217;exister. Certes, l&#8217;\u00e9clat du pass\u00e9 est [&hellip;]<\/p>\n","protected":false},"featured_media":0,"template":"","meta":{"_acf_changed":false,"_genesis_hide_title":false,"_genesis_hide_breadcrumbs":false,"_genesis_hide_singular_image":false,"_genesis_hide_footer_widgets":false,"_genesis_custom_body_class":"","_genesis_custom_post_class":"","_genesis_layout":""},"product_brand":[],"product_cat":[7189,7133,7175,16136],"product_tag":[],"class_list":["post-34424","product","type-product","status-publish","product_cat-estudis-literaris-oc","product_cat-libres-oc","product_cat-literatura-oc","product_cat-non-classe-oc","pa_auteurs-fabre-paul","pa_editeurs-pulm","entry","first","instock","purchasable","product-type-simple"],"acf":[],"_links":{"self":[{"href":"https:\/\/www.libraria-occitana.org\/oc\/wp-json\/wp\/v2\/product\/34424","targetHints":{"allow":["GET"]}}],"collection":[{"href":"https:\/\/www.libraria-occitana.org\/oc\/wp-json\/wp\/v2\/product"}],"about":[{"href":"https:\/\/www.libraria-occitana.org\/oc\/wp-json\/wp\/v2\/types\/product"}],"wp:attachment":[{"href":"https:\/\/www.libraria-occitana.org\/oc\/wp-json\/wp\/v2\/media?parent=34424"}],"wp:term":[{"taxonomy":"product_brand","embeddable":true,"href":"https:\/\/www.libraria-occitana.org\/oc\/wp-json\/wp\/v2\/product_brand?post=34424"},{"taxonomy":"product_cat","embeddable":true,"href":"https:\/\/www.libraria-occitana.org\/oc\/wp-json\/wp\/v2\/product_cat?post=34424"},{"taxonomy":"product_tag","embeddable":true,"href":"https:\/\/www.libraria-occitana.org\/oc\/wp-json\/wp\/v2\/product_tag?post=34424"}],"curies":[{"name":"wp","href":"https:\/\/api.w.org\/{rel}","templated":true}]}}

<p style="margin:0;"><span style="font-family:'Times New Roman';font-size:12pt;">De Pèir de Garròs à l&#8217;abbé Fabre : Trois siècles de poésie occitane</p>
<p>Cette anthologie, qui accueille l&#8217;essentiel de la production poétique occitane des XVIe, XVIIe et XVIIIe siècles, voudrait simplement rappeler qu&#8217;entre les chefs-d&#8217;œuvre des troubadours et la renaissance mistralienne du XIXe siècle, les lettres d&#8217;oc ont continué d&#8217;exister. Certes, l&#8217;éclat du passé est perdu, mais les poètes occitans continuent d&#8217;écrire dans leur langue et de l&#8217;honorer ; et, malgré bien des faiblesses, cette littérature n&#8217;en comporte pas moins de belles réussites, les œuvres de Peir de Garros et de Pèire Goudouli surtout, mais aussi celles de Larade, d&#8217;Ader ou de l&#8217;abbé Fabre. Et peut-être éprouvera-t-on quelque émotion devant des maladresses souvent plus imputables à l&#8217;air du temps qu&#8217;à la qualité de leurs auteurs…</p>
<p>Complement de titre : XVIe, XVIIe et XVIIIe siècles<br />Autor : Fabre, Paul<br />Linga : Occitan &#8211; francés<br />Parucion : 01/2013<br />Editor : PU Méditerranée<br />Colleccion : Estudis occitans<br />Nb de pajas : 376<br />Format : 16 x 24 cm<br />Pés : 666 g<br />EAN 13 : 9782842699734<br /></span></p>

<p>De Pèir de Garròs à l&#8217;abbé Fabre : Trois siècles de poésie occitane Cette anthologie, qui accueille l&#8217;essentiel de la production poétique occitane des XVIe, XVIIe et XVIIIe siècles, voudrait simplement rappeler qu&#8217;entre les chefs-d&#8217;œuvre des troubadours et la renaissance mistralienne du XIXe siècle, les lettres d&#8217;oc ont continué d&#8217;exister. Certes, l&#8217;éclat du passé est [&hellip;]</p>
