{"id":34470,"date":"2026-08-31T17:30:43","date_gmt":"2026-08-31T15:30:43","guid":{"rendered":"http:\/\/www.libraria-occitana.org\/?post_type=product&#038;p=34470\/"},"modified":"2026-08-31T17:30:47","modified_gmt":"2026-08-31T15:30:47","slug":"cosinar-dens-la-cheminea-cuisiner-dans-la-cheminee","status":"publish","type":"product","link":"https:\/\/www.libraria-occitana.org\/oc\/produch\/cosinar-dens-la-cheminea-cuisiner-dans-la-cheminee\/","title":{"rendered":"COSINAR DENS LA CHEMINEA &#8211; CUISINER DANS LA CHEMINEE"},"content":{"rendered":"<p style=\"margin:0;\"><span style=\"font-family:'Times New Roman';font-size:12pt;\">Cosinar dens la cheminea &#8211; Cuisiner dans la chemin\u00e9e<\/p>\n<p>Complement de titre : Crud\u00e8la seleccion de 23 receptas occitanas<br \/>Autor : Verg\u00e9-Allard, Gislena<br \/>Illustracions : Eymet, Didier<br \/>Linga : Occitan <wbr>(gascon) &#8211; franc\u00e9s<br \/>Parucion : 12\/2007<br \/>Editor : IEO ; Novelum<br \/>Nb de pajas : 63<br \/>Format : 15 x 21 cm<br \/>P\u00e9s : 132 g<br \/>EAN 13 : 9782859103828<br \/><\/span><\/p>\n","protected":false},"excerpt":{"rendered":"<p>Cosinar dens la cheminea &#8211; Cuisiner dans la chemin\u00e9e Complement de titre : Crud\u00e8la seleccion de 23 receptas occitanasAutor : Verg\u00e9-Allard, GislenaIllustracions : Eymet, DidierLinga : Occitan (gascon) &#8211; franc\u00e9sParucion : 12\/2007Editor : IEO ; NovelumNb de pajas : 63Format : 15 x 21 cmP\u00e9s : 132 gEAN 13 : 9782859103828<\/p>\n","protected":false},"featured_media":0,"template":"","meta":{"_acf_changed":false,"_genesis_hide_title":false,"_genesis_hide_breadcrumbs":false,"_genesis_hide_singular_image":false,"_genesis_hide_footer_widgets":false,"_genesis_custom_body_class":"","_genesis_custom_post_class":"","_genesis_layout":""},"product_brand":[],"product_cat":[7211,7133,16136,7207],"product_tag":[],"class_list":["post-34470","product","type-product","status-publish","product_cat-cosina-gastronomia-oc","product_cat-libres-oc","product_cat-non-classe-oc","product_cat-tradicions-patrimoni-oc","pa_auteur-verge-allard-gislena-oc","pa_editeur-ieo-fr-oc","pa_editeur-ieo-perigord-novelum-oc","pa_editeurs-ieo-novelum","pa_illustrateur-eymet-didier-oc","pa_langue-occitan-gascon-oc","pa_langue-occitan-francais-oc","entry","first","instock","purchasable","product-type-simple"],"acf":[],"_links":{"self":[{"href":"https:\/\/www.libraria-occitana.org\/oc\/wp-json\/wp\/v2\/product\/34470","targetHints":{"allow":["GET"]}}],"collection":[{"href":"https:\/\/www.libraria-occitana.org\/oc\/wp-json\/wp\/v2\/product"}],"about":[{"href":"https:\/\/www.libraria-occitana.org\/oc\/wp-json\/wp\/v2\/types\/product"}],"wp:attachment":[{"href":"https:\/\/www.libraria-occitana.org\/oc\/wp-json\/wp\/v2\/media?parent=34470"}],"wp:term":[{"taxonomy":"product_brand","embeddable":true,"href":"https:\/\/www.libraria-occitana.org\/oc\/wp-json\/wp\/v2\/product_brand?post=34470"},{"taxonomy":"product_cat","embeddable":true,"href":"https:\/\/www.libraria-occitana.org\/oc\/wp-json\/wp\/v2\/product_cat?post=34470"},{"taxonomy":"product_tag","embeddable":true,"href":"https:\/\/www.libraria-occitana.org\/oc\/wp-json\/wp\/v2\/product_tag?post=34470"}],"curies":[{"name":"wp","href":"https:\/\/api.w.org\/{rel}","templated":true}]}}

<p style="margin:0;"><span style="font-family:'Times New Roman';font-size:12pt;">Cosinar dens la cheminea &#8211; Cuisiner dans la cheminée</p>
<p>Complement de titre : Crudèla seleccion de 23 receptas occitanas<br />Autor : Vergé-Allard, Gislena<br />Illustracions : Eymet, Didier<br />Linga : Occitan <wbr>(gascon) &#8211; francés<br />Parucion : 12/2007<br />Editor : IEO ; Novelum<br />Nb de pajas : 63<br />Format : 15 x 21 cm<br />Pés : 132 g<br />EAN 13 : 9782859103828<br /></span></p>

<p>Cosinar dens la cheminea &#8211; Cuisiner dans la cheminée Complement de titre : Crudèla seleccion de 23 receptas occitanasAutor : Vergé-Allard, GislenaIllustracions : Eymet, DidierLinga : Occitan (gascon) &#8211; francésParucion : 12/2007Editor : IEO ; NovelumNb de pajas : 63Format : 15 x 21 cmPés : 132 gEAN 13 : 9782859103828</p>
