{"id":34495,"date":"2026-08-31T16:39:03","date_gmt":"2026-08-31T14:39:03","guid":{"rendered":"http:\/\/www.libraria-occitana.org\/?post_type=product&#038;p=34495\/"},"modified":"2026-08-31T16:39:06","modified_gmt":"2026-08-31T14:39:06","slug":"contes-atal-cd","status":"publish","type":"product","link":"https:\/\/www.libraria-occitana.org\/oc\/produch\/contes-atal-cd\/","title":{"rendered":"CONTES ATAL + CD"},"content":{"rendered":"<p style=\"margin:0;\"><span style=\"font-family:'Times New Roman';font-size:12pt;\">Dins la dralha dels Fabl\u00e8ls calh\u00f2ls, pareguts fa b\u00e8l temps, los Contes atal amassan 23 contes a l&#8217;enc\u00f2p risoli\u00e8rs e calh\u00f2ls. Escrits per Antonin Perb\u00f2sc <wbr>(1861-1944), grand contaire e grand amassaire de contes, de cap a la primi\u00e8ra gu\u00e8rra mondiala, los t\u00e8xtes aic\u00ed publicats nos fan descobrir una part de \u00e7\u00f2 que demorava tr\u00f2p sovent escondut dins los recu\u00e8lhs dels folcloristas. Interdit qu&#8217;\u00e8ra als cuols cosuts coma lo pater als ases.<br \/>Crotzament entre contes populars e t\u00e8xtes de tradicion liter\u00e0ria, los Contes atal son per l&#8217;autor &#8211; e pel legeire &#8211; j\u00f2c e f\u00e8sta de lenga coma de cuols. Un recuelh demorat fins ara inedit.<br \/>Acompanhat d&#8217;un CD <wbr>(t\u00e8xtes dits per Rob\u00e8rt Mart\u00ed).<\/p>\n<p>Dans la lign\u00e9e des contes fac\u00e9tieux et \u00e9rotiques de Psophos <wbr>(1925) et des Fabl\u00e8ls et Fabl\u00e8ls cah\u00f2ls <wbr>(1936), ces Contes atal portent t\u00e9moignage de l&#8217;\u00e9criture fine et ironique de Perbosc et attestent de sa virtuosit\u00e9 linguistique pour traiter les sujets les plus l\u00e9gers qui soient.<br \/>Pr\u00e9sent\u00e9 par Josiane Bru, ethnologue responsable du Catalogue du conte populaire fran\u00e7ais, cet entre-deux entre parole populaire et \u00e9criture litt\u00e9raire qui produit ces contes malicieux et gaillards nous apporte un vrai plaisir de lecture. Surtout, ces Contes atal poss\u00e8dent une qualit\u00e9 rare : celle de provoquer le rire, ou le sourire.<br \/>Livre accompagn\u00e9 d&#8217;un CD <wbr>(textes dits par Robert Marty).<\/p>\n<p>Complement de titre : Suivi de L&#8217;atelier du conteur, ou les repentirs de l&#8217;ethnographe<br \/>Autor : Perbosc, Antonin ; Bru, Josiane<br \/>Legeire CD : Mart\u00ed, Rob\u00e8rt<br \/>Linga : Occitan <wbr>(leng) ; franc\u00e9s<br \/>Lexic occitan-franc\u00e9s<br \/>Parucion : 07\/2006<br \/>Editor : Letras d&#8217;\u00f2c<br \/>Nb de pajas : 149<br \/>Format : 16 x 24 cm<br \/>P\u00e9s : 296 g<br \/>EAN 13 : 9782916718255<\/span><\/p>\n","protected":false},"excerpt":{"rendered":"<p>Dins la dralha dels Fabl\u00e8ls calh\u00f2ls, pareguts fa b\u00e8l temps, los Contes atal amassan 23 contes a l&#8217;enc\u00f2p risoli\u00e8rs e calh\u00f2ls. Escrits per Antonin Perb\u00f2sc (1861-1944), grand contaire e grand amassaire de contes, de cap a la primi\u00e8ra gu\u00e8rra mondiala, los t\u00e8xtes aic\u00ed publicats nos fan descobrir una part de \u00e7\u00f2 que demorava tr\u00f2p sovent [&hellip;]<\/p>\n","protected":false},"featured_media":0,"template":"","meta":{"_acf_changed":false,"_genesis_hide_title":false,"_genesis_hide_breadcrumbs":false,"_genesis_hide_singular_image":false,"_genesis_hide_footer_widgets":false,"_genesis_custom_body_class":"","_genesis_custom_post_class":"","_genesis_layout":""},"product_brand":[],"product_cat":[7177,7133,7175,16136],"product_tag":[],"class_list":["post-34495","product","type-product","status-publish","product_cat-contes-fablas-oc","product_cat-libres-oc","product_cat-literatura-oc","product_cat-non-classe-oc","pa_auteur-bru-josiana-oc","pa_auteur-marti-robert-oc","pa_auteur-perbosc-antonin-oc","pa_auteurs-antonin-perbosc","pa_editeur-letras-doc-oc","pa_editeurs-letras-oc","pa_langue-occitan-oc","pa_langue-occitan-lengadocian-oc","entry","first","instock","purchasable","product-type-simple"],"acf":[],"_links":{"self":[{"href":"https:\/\/www.libraria-occitana.org\/oc\/wp-json\/wp\/v2\/product\/34495","targetHints":{"allow":["GET"]}}],"collection":[{"href":"https:\/\/www.libraria-occitana.org\/oc\/wp-json\/wp\/v2\/product"}],"about":[{"href":"https:\/\/www.libraria-occitana.org\/oc\/wp-json\/wp\/v2\/types\/product"}],"wp:attachment":[{"href":"https:\/\/www.libraria-occitana.org\/oc\/wp-json\/wp\/v2\/media?parent=34495"}],"wp:term":[{"taxonomy":"product_brand","embeddable":true,"href":"https:\/\/www.libraria-occitana.org\/oc\/wp-json\/wp\/v2\/product_brand?post=34495"},{"taxonomy":"product_cat","embeddable":true,"href":"https:\/\/www.libraria-occitana.org\/oc\/wp-json\/wp\/v2\/product_cat?post=34495"},{"taxonomy":"product_tag","embeddable":true,"href":"https:\/\/www.libraria-occitana.org\/oc\/wp-json\/wp\/v2\/product_tag?post=34495"}],"curies":[{"name":"wp","href":"https:\/\/api.w.org\/{rel}","templated":true}]}}

<p style="margin:0;"><span style="font-family:'Times New Roman';font-size:12pt;">Dins la dralha dels Fablèls calhòls, pareguts fa bèl temps, los Contes atal amassan 23 contes a l&#8217;encòp risolièrs e calhòls. Escrits per Antonin Perbòsc <wbr>(1861-1944), grand contaire e grand amassaire de contes, de cap a la primièra guèrra mondiala, los tèxtes aicí publicats nos fan descobrir una part de çò que demorava tròp sovent escondut dins los recuèlhs dels folcloristas. Interdit qu&#8217;èra als cuols cosuts coma lo pater als ases.<br />Crotzament entre contes populars e tèxtes de tradicion literària, los Contes atal son per l&#8217;autor &#8211; e pel legeire &#8211; jòc e fèsta de lenga coma de cuols. Un recuelh demorat fins ara inedit.<br />Acompanhat d&#8217;un CD <wbr>(tèxtes dits per Robèrt Martí).</p>
<p>Dans la lignée des contes facétieux et érotiques de Psophos <wbr>(1925) et des Fablèls et Fablèls cahòls <wbr>(1936), ces Contes atal portent témoignage de l&#8217;écriture fine et ironique de Perbosc et attestent de sa virtuosité linguistique pour traiter les sujets les plus légers qui soient.<br />Présenté par Josiane Bru, ethnologue responsable du Catalogue du conte populaire français, cet entre-deux entre parole populaire et écriture littéraire qui produit ces contes malicieux et gaillards nous apporte un vrai plaisir de lecture. Surtout, ces Contes atal possèdent une qualité rare : celle de provoquer le rire, ou le sourire.<br />Livre accompagné d&#8217;un CD <wbr>(textes dits par Robert Marty).</p>
<p>Complement de titre : Suivi de L&#8217;atelier du conteur, ou les repentirs de l&#8217;ethnographe<br />Autor : Perbosc, Antonin ; Bru, Josiane<br />Legeire CD : Martí, Robèrt<br />Linga : Occitan <wbr>(leng) ; francés<br />Lexic occitan-francés<br />Parucion : 07/2006<br />Editor : Letras d&#8217;òc<br />Nb de pajas : 149<br />Format : 16 x 24 cm<br />Pés : 296 g<br />EAN 13 : 9782916718255</span></p>

<p>Dins la dralha dels Fablèls calhòls, pareguts fa bèl temps, los Contes atal amassan 23 contes a l&#8217;encòp risolièrs e calhòls. Escrits per Antonin Perbòsc (1861-1944), grand contaire e grand amassaire de contes, de cap a la primièra guèrra mondiala, los tèxtes aicí publicats nos fan descobrir una part de çò que demorava tròp sovent [&hellip;]</p>
