{"id":34497,"date":"2026-08-31T17:33:21","date_gmt":"2026-08-31T15:33:21","guid":{"rendered":"http:\/\/www.libraria-occitana.org\/?post_type=product&#038;p=34497\/"},"modified":"2026-08-31T17:33:25","modified_gmt":"2026-08-31T15:33:25","slug":"contes-de-la-garriga-nauta-contes-de-la-haute-garrigue-libre-cd","status":"publish","type":"product","link":"https:\/\/www.libraria-occitana.org\/oc\/produch\/contes-de-la-garriga-nauta-contes-de-la-haute-garrigue-libre-cd\/","title":{"rendered":"CONTES DE LA GARRIGA NAUTA &#8211; CONTES DE LA HAUTE GARRIGUE (LIBRE + CD)"},"content":{"rendered":"<p style=\"margin:0;\"><span style=\"font-family:'Times New Roman';font-size:12pt;\">Edition bilingue en occitan et fran\u00e7ais de trois contes de Georges Gros, sous le titre Contes de la garriga nauta &#8211; Contes de la haute garrigue illustr\u00e9s de photographies de Georges Souche.<br \/>Des contes de toutes sortes, de tous genres, de toutes th\u00e9matiques, comme il se doit. Ancr\u00e9s dans la tradition orale et dans une tradition \u00e9crite plus r\u00e9cente certes, mais remarquablement ouverts sur le monde : occitans et universels \u00e0 la fois.<br \/>Des rochers, mais des rochers qui parlent, ou des arbres qui marchent.<br \/>Ces contes \u00e9crits dans sa langue, cet occitan de Provence si fluide, si \u00e9l\u00e9gant, si classique, font de J\u00f2rgi Gr\u00f2s un v\u00e9ritable passeur pour la transmission de la culture et de la langue occitanes. Un des miracles des contes r\u00e9ussis, c&#8217;est ainsi de rendre accessible et sensible \u00e0 tous la diversit\u00e9, la beaut\u00e9 parfois tragique et la vertigineuse complexit\u00e9 du monde.<\/p>\n<p>Ouvrage + cd audio comprenant le texte occitan dit par Georges et Lise Gros, musique additionnelle de Masc.<\/p>\n<p>Coll\u00e8ges &gt; lyc\u00e9es.<\/p>\n<p>Autor : Gr\u00f2s, J\u00f2rgi ; Verny, Marie-Jeanne <wbr>(rev.)<br \/>Illustracions : Souche, Georges<br \/>Legeire CD : Gr\u00f2s, J\u00f2rgi ; Gr\u00f2s, Lisa<br \/>Linga : Occitan <wbr>(proven\u00e7au) &#8211; franc\u00e9s<br \/>Parucion : 12\/2009<br \/>Editor : CRDP Montpellier<br \/>Colleccion : Los camins de la vida<br \/>Nb de pajas : 91<br \/>Format : 15 x 21 cm<br \/>P\u00e9s : 204 g<br \/>EAN 13 : 9782866263942<br \/><\/span><\/p>\n","protected":false},"excerpt":{"rendered":"<p>Edition bilingue en occitan et fran\u00e7ais de trois contes de Georges Gros, sous le titre Contes de la garriga nauta &#8211; Contes de la haute garrigue illustr\u00e9s de photographies de Georges Souche.Des contes de toutes sortes, de tous genres, de toutes th\u00e9matiques, comme il se doit. Ancr\u00e9s dans la tradition orale et dans une tradition [&hellip;]<\/p>\n","protected":false},"featured_media":0,"template":"","meta":{"_acf_changed":false,"_genesis_hide_title":false,"_genesis_hide_breadcrumbs":false,"_genesis_hide_singular_image":false,"_genesis_hide_footer_widgets":false,"_genesis_custom_body_class":"","_genesis_custom_post_class":"","_genesis_layout":""},"product_brand":[],"product_cat":[7167,7165,7133,16136],"product_tag":[],"class_list":["post-34497","product","type-product","status-publish","product_cat-ados-oc","product_cat-jounessa-bd-umor","product_cat-libres-oc","product_cat-non-classe-oc","pa_auteurs-gros-jorgi-verny-marie-jeanne-rev","pa_editeur-crdp-montpellier-fr-oc","entry","first","instock","purchasable","product-type-simple"],"acf":[],"_links":{"self":[{"href":"https:\/\/www.libraria-occitana.org\/oc\/wp-json\/wp\/v2\/product\/34497","targetHints":{"allow":["GET"]}}],"collection":[{"href":"https:\/\/www.libraria-occitana.org\/oc\/wp-json\/wp\/v2\/product"}],"about":[{"href":"https:\/\/www.libraria-occitana.org\/oc\/wp-json\/wp\/v2\/types\/product"}],"wp:attachment":[{"href":"https:\/\/www.libraria-occitana.org\/oc\/wp-json\/wp\/v2\/media?parent=34497"}],"wp:term":[{"taxonomy":"product_brand","embeddable":true,"href":"https:\/\/www.libraria-occitana.org\/oc\/wp-json\/wp\/v2\/product_brand?post=34497"},{"taxonomy":"product_cat","embeddable":true,"href":"https:\/\/www.libraria-occitana.org\/oc\/wp-json\/wp\/v2\/product_cat?post=34497"},{"taxonomy":"product_tag","embeddable":true,"href":"https:\/\/www.libraria-occitana.org\/oc\/wp-json\/wp\/v2\/product_tag?post=34497"}],"curies":[{"name":"wp","href":"https:\/\/api.w.org\/{rel}","templated":true}]}}

<p style="margin:0;"><span style="font-family:'Times New Roman';font-size:12pt;">Edition bilingue en occitan et français de trois contes de Georges Gros, sous le titre Contes de la garriga nauta &#8211; Contes de la haute garrigue illustrés de photographies de Georges Souche.<br />Des contes de toutes sortes, de tous genres, de toutes thématiques, comme il se doit. Ancrés dans la tradition orale et dans une tradition écrite plus récente certes, mais remarquablement ouverts sur le monde : occitans et universels à la fois.<br />Des rochers, mais des rochers qui parlent, ou des arbres qui marchent.<br />Ces contes écrits dans sa langue, cet occitan de Provence si fluide, si élégant, si classique, font de Jòrgi Gròs un véritable passeur pour la transmission de la culture et de la langue occitanes. Un des miracles des contes réussis, c&#8217;est ainsi de rendre accessible et sensible à tous la diversité, la beauté parfois tragique et la vertigineuse complexité du monde.</p>
<p>Ouvrage + cd audio comprenant le texte occitan dit par Georges et Lise Gros, musique additionnelle de Masc.</p>
<p>Collèges &gt; lycées.</p>
<p>Autor : Gròs, Jòrgi ; Verny, Marie-Jeanne <wbr>(rev.)<br />Illustracions : Souche, Georges<br />Legeire CD : Gròs, Jòrgi ; Gròs, Lisa<br />Linga : Occitan <wbr>(provençau) &#8211; francés<br />Parucion : 12/2009<br />Editor : CRDP Montpellier<br />Colleccion : Los camins de la vida<br />Nb de pajas : 91<br />Format : 15 x 21 cm<br />Pés : 204 g<br />EAN 13 : 9782866263942<br /></span></p>

<p>Edition bilingue en occitan et français de trois contes de Georges Gros, sous le titre Contes de la garriga nauta &#8211; Contes de la haute garrigue illustrés de photographies de Georges Souche.Des contes de toutes sortes, de tous genres, de toutes thématiques, comme il se doit. Ancrés dans la tradition orale et dans une tradition [&hellip;]</p>
