{"id":34512,"date":"1982-10-26T16:29:41","date_gmt":"1982-10-26T15:29:41","guid":{"rendered":"http:\/\/www.libraria-occitana.org\/?post_type=product&#038;p=34512\/"},"modified":"2026-04-28T05:57:00","modified_gmt":"2026-04-28T03:57:00","slug":"contes-et-recits-de-la-ville-et-de-la-campagne","status":"publish","type":"product","link":"https:\/\/www.libraria-occitana.org\/oc\/produch\/contes-et-recits-de-la-ville-et-de-la-campagne\/","title":{"rendered":"Contes et r\u00e9cits de la ville et de la campagne"},"content":{"rendered":"<p>Ces vingt-quatre contes et r\u00e9cits sont autant de tableaux de la vie ouvri\u00e8re et paysanne, rudement bross\u00e9s avec le souci d&#8217;\u00eatre vrai. N\u00e9 en 1905, ancien ouvrier puis contrema\u00eetre charpentier, Ren\u00e9 Bonnet fut l&#8217;un des premiers militants la litt\u00e9rature prol\u00e9tarienne. Comme son ami Poulaille, c&#8217;est un d\u00e9fenseur de l&#8217;authenticit\u00e9 et c&#8217;est un monde sans fards ni coups d&#8217;\u00e9clat qu&#8217;il \u00e9voque : sc\u00e8nes journali\u00e8res de la vie du chantier, vite banalis\u00e9es lorsqu&#8217;elles sont tragiques ; luttes sociales aux lendemains amers ; souvenir des vieux ouvriers que seules la maladie ou la mort pouvaient d\u00e9baucher ; portraits plein de respect o\u00f9 pas un trait ne manque, qualit\u00e9 ou d\u00e9faut. C&#8217;est avec la v\u00e9rit\u00e9 des vies les plus obscures que Bonnet nous confronte. Issu du monde paysan, venu enfant \u00e0 la ville, il puise son inspiration dans la r\u00e9alit\u00e9 qui l&#8217;entoure, le plus souvent au sein-m\u00eame de sa famille. En m\u00eame temps qu&#8217;un hommage au monde des travailleurs dont il a \u00e9t\u00e9 acteur et t\u00e9moin, son livre redit toute sa tendresse pour les siens, et d&#8217;abord pour ses p\u00e8re et m\u00e8re : c&#8217;est sa mani\u00e8re de rester lui-m\u00eame \u00e0 travers une fid\u00e9lit\u00e9 permanente \u00e0 tous ceux qui l&#8217;ont fait ce qu&#8217;il a \u00e9t\u00e9, ce qu&#8217;il est aujourd&#8217;hui.<\/p>\n","protected":false},"excerpt":{"rendered":"<p>Ces vingt-quatre contes et r\u00e9cits sont autant de tableaux de la vie ouvri\u00e8re et paysanne, rudement bross\u00e9s avec le souci d&#8217;\u00eatre vrai. N\u00e9 en 1905, ancien ouvrier puis contrema\u00eetre charpentier, Ren\u00e9 Bonnet fut l&#8217;un des premiers militants la litt\u00e9rature prol\u00e9tarienne. Comme son ami Poulaille, c&#8217;est un d\u00e9fenseur de l&#8217;authenticit\u00e9 et c&#8217;est un monde sans fards [&hellip;]<\/p>\n","protected":false},"featured_media":43171,"template":"","meta":{"_acf_changed":false,"_genesis_hide_title":false,"_genesis_hide_breadcrumbs":false,"_genesis_hide_singular_image":false,"_genesis_hide_footer_widgets":false,"_genesis_custom_body_class":"","_genesis_custom_post_class":"","_genesis_layout":""},"product_brand":[],"product_cat":[7177,7133,7175],"product_tag":[],"class_list":{"0":"post-34512","1":"product","2":"type-product","3":"status-publish","4":"has-post-thumbnail","6":"product_cat-contes-fablas-oc","7":"product_cat-libres-oc","8":"product_cat-literatura-oc","9":"pa_auteur-bonnet-rene-oc","10":"pa_editeur-plein-chant-oc","11":"pa_langue-francais-oc","12":"entry","14":"first","15":"instock","16":"shipping-taxable","17":"purchasable","18":"product-type-simple"},"acf":[],"_links":{"self":[{"href":"https:\/\/www.libraria-occitana.org\/oc\/wp-json\/wp\/v2\/product\/34512","targetHints":{"allow":["GET"]}}],"collection":[{"href":"https:\/\/www.libraria-occitana.org\/oc\/wp-json\/wp\/v2\/product"}],"about":[{"href":"https:\/\/www.libraria-occitana.org\/oc\/wp-json\/wp\/v2\/types\/product"}],"wp:featuredmedia":[{"embeddable":true,"href":"https:\/\/www.libraria-occitana.org\/oc\/wp-json\/wp\/v2\/media\/43171"}],"wp:attachment":[{"href":"https:\/\/www.libraria-occitana.org\/oc\/wp-json\/wp\/v2\/media?parent=34512"}],"wp:term":[{"taxonomy":"product_brand","embeddable":true,"href":"https:\/\/www.libraria-occitana.org\/oc\/wp-json\/wp\/v2\/product_brand?post=34512"},{"taxonomy":"product_cat","embeddable":true,"href":"https:\/\/www.libraria-occitana.org\/oc\/wp-json\/wp\/v2\/product_cat?post=34512"},{"taxonomy":"product_tag","embeddable":true,"href":"https:\/\/www.libraria-occitana.org\/oc\/wp-json\/wp\/v2\/product_tag?post=34512"}],"curies":[{"name":"wp","href":"https:\/\/api.w.org\/{rel}","templated":true}]}}

Contes et récits de la ville et de la campagne

<p>Ces vingt-quatre contes et récits sont autant de tableaux de la vie ouvrière et paysanne, rudement brossés avec le souci d&#8217;être vrai. Né en 1905, ancien ouvrier puis contremaître charpentier, René Bonnet fut l&#8217;un des premiers militants la littérature prolétarienne. Comme son ami Poulaille, c&#8217;est un défenseur de l&#8217;authenticité et c&#8217;est un monde sans fards ni coups d&#8217;éclat qu&#8217;il évoque : scènes journalières de la vie du chantier, vite banalisées lorsqu&#8217;elles sont tragiques ; luttes sociales aux lendemains amers ; souvenir des vieux ouvriers que seules la maladie ou la mort pouvaient débaucher ; portraits plein de respect où pas un trait ne manque, qualité ou défaut. C&#8217;est avec la vérité des vies les plus obscures que Bonnet nous confronte. Issu du monde paysan, venu enfant à la ville, il puise son inspiration dans la réalité qui l&#8217;entoure, le plus souvent au sein-même de sa famille. En même temps qu&#8217;un hommage au monde des travailleurs dont il a été acteur et témoin, son livre redit toute sa tendresse pour les siens, et d&#8217;abord pour ses père et mère : c&#8217;est sa manière de rester lui-même à travers une fidélité permanente à tous ceux qui l&#8217;ont fait ce qu&#8217;il a été, ce qu&#8217;il est aujourd&#8217;hui.</p>

<p>Ces vingt-quatre contes et récits sont autant de tableaux de la vie ouvrière et paysanne, rudement brossés avec le souci d&#8217;être vrai. Né en 1905, ancien ouvrier puis contremaître charpentier, René Bonnet fut l&#8217;un des premiers militants la littérature prolétarienne. Comme son ami Poulaille, c&#8217;est un défenseur de l&#8217;authenticité et c&#8217;est un monde sans fards [&hellip;]</p>
