{"id":34665,"date":"2026-08-31T17:33:07","date_gmt":"2026-08-31T15:33:07","guid":{"rendered":"http:\/\/www.libraria-occitana.org\/?post_type=product&#038;p=34665\/"},"modified":"2026-08-31T17:33:10","modified_gmt":"2026-08-31T15:33:10","slug":"cant-de-las-vilas-chant-des-villes-florilegi-occitan-libre-cd","status":"publish","type":"product","link":"https:\/\/www.libraria-occitana.org\/oc\/produch\/cant-de-las-vilas-chant-des-villes-florilegi-occitan-libre-cd\/","title":{"rendered":"CANT DE LAS VILAS &#8211; CHANT DES VILLES : FLORILEGI OCCITAN (LIBRE + CD)"},"content":{"rendered":"<p style=\"margin:0;\"><span style=\"font-family:'Times New Roman';font-size:12pt;\">Allemand, amazigh, anglais, arabe, breton, catalan, espagnol, fran\u00e7ais, grec, italien, occitan : en faisant se croiser cit\u00e9s, regards et voix, ce second volume de la collection &#8220;Floril\u00e8ge occitan&#8221;, dans la lign\u00e9e du Printemps de la Po\u00e9sie 2006, compose un chant avec les visages et les langues multiples de la ville.<\/p>\n<p>CD audio <wbr>(78 min) avec un livre bilingue occitan-fran\u00e7ais.<\/p>\n<p>Autor : Collectiu<br \/>Legeire CD : Collectiu<br \/>Linga : Occitan &#8211; franc\u00e9s, alemand, amazigh, angl\u00e9s, arabe, breton, catalan, espanh\u00f2u, grec, italian<br \/>Parucion : 06\/2007<br \/>Editor : CRDP Montpellier<br \/>Colleccion : Floril\u00e8gi occitan<br \/>Nb de pajas : 86<br \/>Format : 14,5 x 13 cm<br \/>P\u00e9s : 128 g<br \/>EAN 13 : 9782866262730<br \/><\/span><\/p>\n","protected":false},"excerpt":{"rendered":"<p>Allemand, amazigh, anglais, arabe, breton, catalan, espagnol, fran\u00e7ais, grec, italien, occitan : en faisant se croiser cit\u00e9s, regards et voix, ce second volume de la collection &#8220;Floril\u00e8ge occitan&#8221;, dans la lign\u00e9e du Printemps de la Po\u00e9sie 2006, compose un chant avec les visages et les langues multiples de la ville. CD audio (78 min) avec [&hellip;]<\/p>\n","protected":false},"featured_media":0,"template":"","meta":{"_acf_changed":false,"_genesis_hide_title":false,"_genesis_hide_breadcrumbs":false,"_genesis_hide_singular_image":false,"_genesis_hide_footer_widgets":false,"_genesis_custom_body_class":"","_genesis_custom_post_class":"","_genesis_layout":""},"product_brand":[],"product_cat":[7133,7175,16136,7181],"product_tag":[],"class_list":["post-34665","product","type-product","status-publish","product_cat-libres-oc","product_cat-literatura-oc","product_cat-non-classe-oc","product_cat-poesia-oc","pa_auteur-collectiu-oc-2","pa_editeur-crdp-montpellier-fr-oc","entry","first","instock","purchasable","product-type-simple"],"acf":[],"_links":{"self":[{"href":"https:\/\/www.libraria-occitana.org\/oc\/wp-json\/wp\/v2\/product\/34665","targetHints":{"allow":["GET"]}}],"collection":[{"href":"https:\/\/www.libraria-occitana.org\/oc\/wp-json\/wp\/v2\/product"}],"about":[{"href":"https:\/\/www.libraria-occitana.org\/oc\/wp-json\/wp\/v2\/types\/product"}],"wp:attachment":[{"href":"https:\/\/www.libraria-occitana.org\/oc\/wp-json\/wp\/v2\/media?parent=34665"}],"wp:term":[{"taxonomy":"product_brand","embeddable":true,"href":"https:\/\/www.libraria-occitana.org\/oc\/wp-json\/wp\/v2\/product_brand?post=34665"},{"taxonomy":"product_cat","embeddable":true,"href":"https:\/\/www.libraria-occitana.org\/oc\/wp-json\/wp\/v2\/product_cat?post=34665"},{"taxonomy":"product_tag","embeddable":true,"href":"https:\/\/www.libraria-occitana.org\/oc\/wp-json\/wp\/v2\/product_tag?post=34665"}],"curies":[{"name":"wp","href":"https:\/\/api.w.org\/{rel}","templated":true}]}}

<p style="margin:0;"><span style="font-family:'Times New Roman';font-size:12pt;">Allemand, amazigh, anglais, arabe, breton, catalan, espagnol, français, grec, italien, occitan : en faisant se croiser cités, regards et voix, ce second volume de la collection &#8220;Florilège occitan&#8221;, dans la lignée du Printemps de la Poésie 2006, compose un chant avec les visages et les langues multiples de la ville.</p>
<p>CD audio <wbr>(78 min) avec un livre bilingue occitan-français.</p>
<p>Autor : Collectiu<br />Legeire CD : Collectiu<br />Linga : Occitan &#8211; francés, alemand, amazigh, anglés, arabe, breton, catalan, espanhòu, grec, italian<br />Parucion : 06/2007<br />Editor : CRDP Montpellier<br />Colleccion : Florilègi occitan<br />Nb de pajas : 86<br />Format : 14,5 x 13 cm<br />Pés : 128 g<br />EAN 13 : 9782866262730<br /></span></p>

<p>Allemand, amazigh, anglais, arabe, breton, catalan, espagnol, français, grec, italien, occitan : en faisant se croiser cités, regards et voix, ce second volume de la collection &#8220;Florilège occitan&#8221;, dans la lignée du Printemps de la Poésie 2006, compose un chant avec les visages et les langues multiples de la ville. CD audio (78 min) avec [&hellip;]</p>
