{"id":34680,"date":"2026-08-31T17:36:02","date_gmt":"2026-08-31T15:36:02","guid":{"rendered":"http:\/\/www.libraria-occitana.org\/?post_type=product&#038;p=34680\/"},"modified":"2026-08-31T17:36:06","modified_gmt":"2026-08-31T15:36:06","slug":"calandreta-30-ans-de-creacion-pedagogicas","status":"publish","type":"product","link":"https:\/\/www.libraria-occitana.org\/oc\/produch\/calandreta-30-ans-de-creacion-pedagogicas\/","title":{"rendered":"CALANDRETA : 30 ANS DE CREACION PEDAGOGICAS"},"content":{"rendered":"<p style=\"margin:0;\"><span style=\"font-family:'Times New Roman';font-size:12pt;\">Lo 3 d&#8217;abril de 2008, la Confederacion occitana de las esc\u00f2las la\u00efcas Calandretas e l&#8217;Establiment d&#8217;ensenhament superior occitan APRENE, lan\u00e7avan una crida al Movement Calandreta en prepausant de dobrir un lu\u00f2c d&#8217;escambis per aprestar una publicacion per festejar los 30 ans de Calandreta. Aquel lu\u00f2c d&#8217;escambis, en linha, servigu\u00e8t per anar a la pesca de testimoniatges <wbr>(istorietas, elements d&#8217;analisis, articles de premsa, fotografias comentadas) a prepaus de tot l&#8217;ample de Calandreta <wbr>(biling\u00fcisme, congr\u00e8sses, classas e classas de descob\u00e8rtas, f\u00e8stas, vida associativa, etc.). Vaqu\u00ed lo resultat, l&#8217;av\u00e8tz en man, e grandmercejam los qu&#8217;an portat una p\u00e8ira a l&#8217;edifici. Bona lectura !<\/p>\n<p>Le 3 avril 2008, la Conf\u00e9d\u00e9ration occitane des \u00e9coles la\u00efques Calandretas et l&#8217;Etablissement d&#8217;enseignement sup\u00e9rieur occitan APRENE, ont lanc\u00e9 un appel \u00e0 contribution en direction de tout le mouvement Calandreta en proposant l&#8217;ouverture d&#8217;un espace d\u00e9di\u00e9 \u00e0 des \u00e9changes permettant de pr\u00e9parer une publication \u00e0 l&#8217;occasion des 30 ans de Calandreta. Cet espace d&#8217;\u00e9changes a permis d&#8217;aller \u00e0 la p\u00eache aux t\u00e9moignages <wbr>(anecdotes, \u00e9l\u00e9ments d&#8217;analyses, articles de presse, photographies comment\u00e9es) \u00e0 propos de tout ce que repr\u00e9sente Calandreta <wbr>(bilinguisme, congr\u00e8s, classes et classes de d\u00e9couverte, f\u00eates, vie associative, etc). Voici donc entre vos mains le r\u00e9sultat et il faut remercier tous ceux qui ont apport\u00e9 leur pierre \u00e0 cet \u00e9difice.<\/p>\n<p>Autor : Collectiu<br \/>Linga : Occitan, franc\u00e9s<br \/>Parucion : 04\/2011<br \/>Editor : La Poesia<br \/>Nb de pajas : 366<br \/>Format : 22 x 24,5 cm<br \/>P\u00e9s : 1530 g<br \/>EAN 13 : 9782914243148<br \/><\/span><\/p>\n","protected":false},"excerpt":{"rendered":"<p>Lo 3 d&#8217;abril de 2008, la Confederacion occitana de las esc\u00f2las la\u00efcas Calandretas e l&#8217;Establiment d&#8217;ensenhament superior occitan APRENE, lan\u00e7avan una crida al Movement Calandreta en prepausant de dobrir un lu\u00f2c d&#8217;escambis per aprestar una publicacion per festejar los 30 ans de Calandreta. Aquel lu\u00f2c d&#8217;escambis, en linha, servigu\u00e8t per anar a la pesca de [&hellip;]<\/p>\n","protected":false},"featured_media":0,"template":"","meta":{"_acf_changed":false,"_genesis_hide_title":false,"_genesis_hide_breadcrumbs":false,"_genesis_hide_singular_image":false,"_genesis_hide_footer_widgets":false,"_genesis_custom_body_class":"","_genesis_custom_post_class":"","_genesis_layout":""},"product_brand":[],"product_cat":[7159,7149,7133,16136],"product_tag":[],"class_list":["post-34680","product","type-product","status-publish","product_cat-istoria-moderna-e-contemporala-oc","product_cat-istoria-geografia-oc","product_cat-libres-oc","product_cat-non-classe-oc","pa_auteur-collectiu-oc-2","entry","first","instock","purchasable","product-type-simple"],"acf":[],"_links":{"self":[{"href":"https:\/\/www.libraria-occitana.org\/oc\/wp-json\/wp\/v2\/product\/34680","targetHints":{"allow":["GET"]}}],"collection":[{"href":"https:\/\/www.libraria-occitana.org\/oc\/wp-json\/wp\/v2\/product"}],"about":[{"href":"https:\/\/www.libraria-occitana.org\/oc\/wp-json\/wp\/v2\/types\/product"}],"wp:attachment":[{"href":"https:\/\/www.libraria-occitana.org\/oc\/wp-json\/wp\/v2\/media?parent=34680"}],"wp:term":[{"taxonomy":"product_brand","embeddable":true,"href":"https:\/\/www.libraria-occitana.org\/oc\/wp-json\/wp\/v2\/product_brand?post=34680"},{"taxonomy":"product_cat","embeddable":true,"href":"https:\/\/www.libraria-occitana.org\/oc\/wp-json\/wp\/v2\/product_cat?post=34680"},{"taxonomy":"product_tag","embeddable":true,"href":"https:\/\/www.libraria-occitana.org\/oc\/wp-json\/wp\/v2\/product_tag?post=34680"}],"curies":[{"name":"wp","href":"https:\/\/api.w.org\/{rel}","templated":true}]}}

<p style="margin:0;"><span style="font-family:'Times New Roman';font-size:12pt;">Lo 3 d&#8217;abril de 2008, la Confederacion occitana de las escòlas laïcas Calandretas e l&#8217;Establiment d&#8217;ensenhament superior occitan APRENE, lançavan una crida al Movement Calandreta en prepausant de dobrir un luòc d&#8217;escambis per aprestar una publicacion per festejar los 30 ans de Calandreta. Aquel luòc d&#8217;escambis, en linha, serviguèt per anar a la pesca de testimoniatges <wbr>(istorietas, elements d&#8217;analisis, articles de premsa, fotografias comentadas) a prepaus de tot l&#8217;ample de Calandreta <wbr>(bilingüisme, congrèsses, classas e classas de descobèrtas, fèstas, vida associativa, etc.). Vaquí lo resultat, l&#8217;avètz en man, e grandmercejam los qu&#8217;an portat una pèira a l&#8217;edifici. Bona lectura !</p>
<p>Le 3 avril 2008, la Confédération occitane des écoles laïques Calandretas et l&#8217;Etablissement d&#8217;enseignement supérieur occitan APRENE, ont lancé un appel à contribution en direction de tout le mouvement Calandreta en proposant l&#8217;ouverture d&#8217;un espace dédié à des échanges permettant de préparer une publication à l&#8217;occasion des 30 ans de Calandreta. Cet espace d&#8217;échanges a permis d&#8217;aller à la pêche aux témoignages <wbr>(anecdotes, éléments d&#8217;analyses, articles de presse, photographies commentées) à propos de tout ce que représente Calandreta <wbr>(bilinguisme, congrès, classes et classes de découverte, fêtes, vie associative, etc). Voici donc entre vos mains le résultat et il faut remercier tous ceux qui ont apporté leur pierre à cet édifice.</p>
<p>Autor : Collectiu<br />Linga : Occitan, francés<br />Parucion : 04/2011<br />Editor : La Poesia<br />Nb de pajas : 366<br />Format : 22 x 24,5 cm<br />Pés : 1530 g<br />EAN 13 : 9782914243148<br /></span></p>

<p>Lo 3 d&#8217;abril de 2008, la Confederacion occitana de las escòlas laïcas Calandretas e l&#8217;Establiment d&#8217;ensenhament superior occitan APRENE, lançavan una crida al Movement Calandreta en prepausant de dobrir un luòc d&#8217;escambis per aprestar una publicacion per festejar los 30 ans de Calandreta. Aquel luòc d&#8217;escambis, en linha, serviguèt per anar a la pesca de [&hellip;]</p>
