{"id":34712,"date":"2026-08-31T17:14:13","date_gmt":"2026-08-31T15:14:13","guid":{"rendered":"http:\/\/www.libraria-occitana.org\/?post_type=product&#038;p=34712\/"},"modified":"2026-08-31T17:14:17","modified_gmt":"2026-08-31T15:14:17","slug":"bodega-buf-de-vida-souffle-de-vie-breath-of-life-2-dvd-libreton","status":"publish","type":"product","link":"https:\/\/www.libraria-occitana.org\/oc\/produch\/bodega-buf-de-vida-souffle-de-vie-breath-of-life-2-dvd-libreton\/","title":{"rendered":"BODEGA : BUF DE VIDA ! SOUFFLE DE VIE ! BREATH OF LIFE ! (2 DVD + LIBRETON)"},"content":{"rendered":"<p style=\"margin:0;\"><span style=\"font-family:'Times New Roman';font-size:12pt;\">Souffle de vie ! La bodega ou craba, c\u2019est la cornemuse languedocienne. Faite d\u2019une peau de ch\u00e8vre enti\u00e8re,<br \/>elle se range parmi les plus volumineuses des cornemuses. Instrument embl\u00e9matique de la Montagne noire, elle accompagnait les peines et rythmait les r\u00e9jouissances et les grands \u00e9v\u00e9nements de la vie de ce monde rural. Longtemps m\u00e9pris\u00e9e, tout comme la langue d\u2019oc, elle a failli dispara\u00eetre.<br \/>Et elle conna\u00eet aujourd\u2019hui, avec sa puissance \u00e9vocatrice et sa respiration charg\u00e9e d\u2019humanit\u00e9, le m\u00eame renouveau. ce documentaire donne la parole aux principaux artisans de sa renaissance.<\/p>\n<p>Breath of life ! The bodega or craba is the bagpipe of Languedoc. With its bag made out of the whole skin of a goat it ranks among the largest bagpipes. It is the emblematic instrument of the Montagne Noire, that would both soothe sorrows and bring life into festivities and major events of that rural world. Like the Occitan language it has been held in contempt for a long time and very nearly disappeared.<br \/>Nowadays it enjoys a new lease thanks to its evocative power and its breath heavy with humanity. This documentary brings in the main kingpins of its revival.<\/p>\n<p>DVD 1 :<br \/>. Documentaire \/ Documentary : Bodega, buf de vida ! <wbr>(52&#8242;)<br \/>. Bonus : Decoracions <wbr>(3&#8242;)<\/p>\n<p>DVD 2 :<br \/>. Apprentissage \/ Practice : Pedagogia <wbr>(37&#8242;)<br \/>. Facture \/ Manufacturing : Factura <wbr>(23&#8242;)<\/p>\n<p>Standard DVD : PAL<\/p>\n<p>Livret \/ Booklet :<br \/>Chapitres : La bodega \/ Historique \/ Imaginaire de la craba \/ P\u00e9dagogie \/ Mesure des instruments<br \/>anciens \/ T\u00e9moignages d&#8217;autrefois \/ Et d&#8217;aujourd&#8217;hui.<\/p>\n<p>Autor : Jacques, Sophie ; Valentin, St\u00e9phane<br \/>Linga : DVD : Franc\u00e9s &#8211; occitan &#8211; angl\u00e9s &#8211; alemand &#8211; italian &#8211; espanh\u00f2u \/ Libreton : Franc\u00e9s &#8211; occitan &#8211; angl\u00e9s<br \/>Parucion : 2010<br \/>Editor : Coquina mesclanha latina ; Vent Terral<br \/>Nb de pajas libreton : 64<br \/>Durada : DVD 1 &gt; 55&#8242; + DVD 2 &gt; 60&#8242;<br \/>Format : 14 x 19 cm<br \/>P\u00e9s : 186 g<\/span><\/p>\n","protected":false},"excerpt":{"rendered":"<p>Souffle de vie ! La bodega ou craba, c\u2019est la cornemuse languedocienne. Faite d\u2019une peau de ch\u00e8vre enti\u00e8re,elle se range parmi les plus volumineuses des cornemuses. Instrument embl\u00e9matique de la Montagne noire, elle accompagnait les peines et rythmait les r\u00e9jouissances et les grands \u00e9v\u00e9nements de la vie de ce monde rural. Longtemps m\u00e9pris\u00e9e, tout comme [&hellip;]<\/p>\n","protected":false},"featured_media":0,"template":"","meta":{"_acf_changed":false,"_genesis_hide_title":false,"_genesis_hide_breadcrumbs":false,"_genesis_hide_singular_image":false,"_genesis_hide_footer_widgets":false,"_genesis_custom_body_class":"","_genesis_custom_post_class":"","_genesis_layout":""},"product_brand":[],"product_cat":[7242,16136,7240],"product_tag":[],"class_list":["post-34712","product","type-product","status-publish","product_cat-documentari-oc","product_cat-non-classe-oc","product_cat-video-oc","pa_auteur-jacques-sophie-oc","pa_auteur-valentin-stephane-oc","pa_auteurs-jacques-sophie-valentin-stephane","pa_editeur-coquina-mesclanha-latina-oc","pa_editeur-vent-terral-oc","pa_editeurs-coquina-mesclanha-latina-vent-terral","entry","first","instock","purchasable","product-type-simple"],"acf":[],"_links":{"self":[{"href":"https:\/\/www.libraria-occitana.org\/oc\/wp-json\/wp\/v2\/product\/34712","targetHints":{"allow":["GET"]}}],"collection":[{"href":"https:\/\/www.libraria-occitana.org\/oc\/wp-json\/wp\/v2\/product"}],"about":[{"href":"https:\/\/www.libraria-occitana.org\/oc\/wp-json\/wp\/v2\/types\/product"}],"wp:attachment":[{"href":"https:\/\/www.libraria-occitana.org\/oc\/wp-json\/wp\/v2\/media?parent=34712"}],"wp:term":[{"taxonomy":"product_brand","embeddable":true,"href":"https:\/\/www.libraria-occitana.org\/oc\/wp-json\/wp\/v2\/product_brand?post=34712"},{"taxonomy":"product_cat","embeddable":true,"href":"https:\/\/www.libraria-occitana.org\/oc\/wp-json\/wp\/v2\/product_cat?post=34712"},{"taxonomy":"product_tag","embeddable":true,"href":"https:\/\/www.libraria-occitana.org\/oc\/wp-json\/wp\/v2\/product_tag?post=34712"}],"curies":[{"name":"wp","href":"https:\/\/api.w.org\/{rel}","templated":true}]}}

<p style="margin:0;"><span style="font-family:'Times New Roman';font-size:12pt;">Souffle de vie ! La bodega ou craba, c’est la cornemuse languedocienne. Faite d’une peau de chèvre entière,<br />elle se range parmi les plus volumineuses des cornemuses. Instrument emblématique de la Montagne noire, elle accompagnait les peines et rythmait les réjouissances et les grands événements de la vie de ce monde rural. Longtemps méprisée, tout comme la langue d’oc, elle a failli disparaître.<br />Et elle connaît aujourd’hui, avec sa puissance évocatrice et sa respiration chargée d’humanité, le même renouveau. ce documentaire donne la parole aux principaux artisans de sa renaissance.</p>
<p>Breath of life ! The bodega or craba is the bagpipe of Languedoc. With its bag made out of the whole skin of a goat it ranks among the largest bagpipes. It is the emblematic instrument of the Montagne Noire, that would both soothe sorrows and bring life into festivities and major events of that rural world. Like the Occitan language it has been held in contempt for a long time and very nearly disappeared.<br />Nowadays it enjoys a new lease thanks to its evocative power and its breath heavy with humanity. This documentary brings in the main kingpins of its revival.</p>
<p>DVD 1 :<br />. Documentaire / Documentary : Bodega, buf de vida ! <wbr>(52&#8242;)<br />. Bonus : Decoracions <wbr>(3&#8242;)</p>
<p>DVD 2 :<br />. Apprentissage / Practice : Pedagogia <wbr>(37&#8242;)<br />. Facture / Manufacturing : Factura <wbr>(23&#8242;)</p>
<p>Standard DVD : PAL</p>
<p>Livret / Booklet :<br />Chapitres : La bodega / Historique / Imaginaire de la craba / Pédagogie / Mesure des instruments<br />anciens / Témoignages d&#8217;autrefois / Et d&#8217;aujourd&#8217;hui.</p>
<p>Autor : Jacques, Sophie ; Valentin, Stéphane<br />Linga : DVD : Francés &#8211; occitan &#8211; anglés &#8211; alemand &#8211; italian &#8211; espanhòu / Libreton : Francés &#8211; occitan &#8211; anglés<br />Parucion : 2010<br />Editor : Coquina mesclanha latina ; Vent Terral<br />Nb de pajas libreton : 64<br />Durada : DVD 1 &gt; 55&#8242; + DVD 2 &gt; 60&#8242;<br />Format : 14 x 19 cm<br />Pés : 186 g</span></p>

<p>Souffle de vie ! La bodega ou craba, c’est la cornemuse languedocienne. Faite d’une peau de chèvre entière,elle se range parmi les plus volumineuses des cornemuses. Instrument emblématique de la Montagne noire, elle accompagnait les peines et rythmait les réjouissances et les grands événements de la vie de ce monde rural. Longtemps méprisée, tout comme [&hellip;]</p>
